{"id":1871,"date":"2026-04-07T10:29:13","date_gmt":"2026-04-07T10:29:13","guid":{"rendered":"https:\/\/nhatnam.libion.me\/index.php\/product\/ban-trang-diem-treo-tuong\/"},"modified":"2026-04-07T10:29:13","modified_gmt":"2026-04-07T10:29:13","slug":"ban-trang-diem-treo-tuong","status":"publish","type":"product","link":"https:\/\/nhatnam.libion.me\/index.php\/product\/ban-trang-diem-treo-tuong\/","title":{"rendered":"B\u00e0n Trang \u0110i\u1ec3m Treo T\u01b0\u1eddng"},"content":{"rendered":"<p style=\"text-align: justify;\"><span style=\"font-weight: 400;\">Trong m\u1ed9t kh\u00f4ng gian s\u1ed1ng hi\u1ec7n \u0111\u1ea1i, vi\u1ec7c t\u1ed1i \u01b0u di\u1ec7n t\u00edch ph\u00f2ng ng\u1ee7 kh\u00f4ng ch\u1ec9 gi\u00fap kh\u00f4ng gian tr\u1edf n\u00ean g\u1ecdn g\u00e0ng m\u00e0 c\u00f2n mang l\u1ea1i c\u1ea3m gi\u00e1c th\u01b0 gi\u00e3n cho ng\u01b0\u1eddi s\u1eed d\u1ee5ng. M\u1ed9t trong nh\u1eefng m\u00f3n \u0111\u1ed3 n\u1ed9i th\u1ea5t \u0111ang r\u1ea5t \u0111\u01b0\u1ee3c \u01b0a chu\u1ed9ng hi\u1ec7n nay ch\u00ednh l\u00e0 b\u00e0n trang \u0111i\u1ec3m treo t\u01b0\u1eddng. \u0110\u00e2y l\u00e0 l\u1ef1a ch\u1ecdn l\u00fd t\u01b0\u1edfng cho nh\u1eefng ph\u00f2ng ng\u1ee7 nh\u1ecf, gi\u00fap ti\u1ebft ki\u1ec7m di\u1ec7n t\u00edch nh\u01b0ng v\u1eabn mang \u0111\u1ebfn s\u1ef1 ti\u1ec7n nghi v\u00e0 phong c\u00e1ch hi\u1ec7n \u0111\u1ea1i. <\/span><\/p>\n<p style=\"text-align: justify;\"><span style=\"font-weight: 400;\">H\u00e3y c\u00f9ng Nh\u1ea5t Nam kh\u00e1m ph\u00e1 l\u00fd do t\u1ea1i sao b\u1ea1n n\u00ean l\u1ef1a ch\u1ecdn b\u00e0n trang \u0111i\u1ec3m treo t\u01b0\u1eddng!<\/span><\/p>\n<h2 style=\"text-align: justify;\"><b>1. Th\u1ebf n\u00e0o l\u00e0 b\u00e0n trang \u0111i\u1ec3m treo t\u01b0\u1eddng<\/b><\/h2>\n<figure id=\"attachment_6645\" aria-describedby=\"caption-attachment-6645\" style=\"width: 736px\" class=\"wp-caption aligncenter\"><img loading=\"lazy\" decoding=\"async\" class=\"wp-image-6645 size-full\" src=\"https:\/\/nhatnam.org\/wp-content\/uploads\/2025\/04\/ban_trang_diem_treo_tuong12.jpg\" alt=\"B\u00e0n Trang \u0110i\u1ec3m Treo T\u01b0\u1eddng\" width=\"736\" height=\"736\" \/><figcaption id=\"caption-attachment-6645\" class=\"wp-caption-text\">M\u1eabu b\u00e0n trang \u0111i\u1ec3m c\u00f3 g\u01b0\u01a1ng treo t\u01b0\u1eddng<\/figcaption><\/figure>\n<p style=\"text-align: justify;\"><span style=\"font-weight: 400;\">B\u00e0n trang \u0111i\u1ec3m treo t\u01b0\u1eddng l\u00e0 lo\u1ea1i b\u00e0n \u0111\u01b0\u1ee3c thi\u1ebft k\u1ebf \u0111\u1ec3 g\u1eafn tr\u1ef1c ti\u1ebfp v\u00e0o t\u01b0\u1eddng, kh\u00f4ng c\u00f3 ch\u00e2n \u0111\u1ee1, gi\u00fap ti\u1ebft ki\u1ec7m di\u1ec7n t\u00edch s\u00e0n. \u0110\u00e2y l\u00e0 m\u1ed9t s\u1ea3n ph\u1ea9m v\u00f4 c\u00f9ng ph\u00f9 h\u1ee3p v\u1edbi kh\u00f4ng gian s\u1ed1ng hi\u1ec7n \u0111\u1ea1i, \u0111\u1eb7c bi\u1ec7t l\u00e0 c\u00e1c c\u0103n h\u1ed9 c\u00f3 di\u1ec7n t\u00edch nh\u1ecf ho\u1eb7c nh\u1eefng ng\u01b0\u1eddi y\u00eau th\u00edch kh\u00f4ng gian g\u1ecdn g\u00e0ng, t\u1ed1i gi\u1ea3n.<\/span><\/p>\n<p style=\"text-align: justify;\"><span style=\"font-weight: 400;\">S\u1ea3n ph\u1ea9m b\u00e0n trang \u0111i\u1ec3m treo t\u01b0\u1eddng kh\u00f4ng ch\u1ec9 c\u00f3 ch\u1ee9c n\u0103ng ch\u00ednh l\u00e0 l\u00e0m n\u01a1i trang \u0111i\u1ec3m, m\u00e0 c\u00f2n c\u00f3 th\u1ec3 t\u00edch h\u1ee3p th\u00eam c\u00e1c t\u00ednh n\u0103ng kh\u00e1c nh\u01b0 ng\u0103n k\u00e9o, k\u1ec7 \u0111\u1ec3 \u0111\u1ed3, ho\u1eb7c c\u00f3 g\u01b0\u01a1ng c\u00f3 th\u1ec3 g\u1ea5p g\u1ecdn, gi\u00fap b\u1ea1n s\u1eed d\u1ee5ng m\u1ed9t c\u00e1ch ti\u1ec7n l\u1ee3i v\u00e0 linh ho\u1ea1t.<\/span><\/p>\n<h2 style=\"text-align: justify;\"><b>2. L\u1ee3i \u00edch c\u1ee7a b\u00e0n trang \u0111i\u1ec3m treo t\u01b0\u1eddng<\/b><\/h2>\n<figure id=\"attachment_6644\" aria-describedby=\"caption-attachment-6644\" style=\"width: 736px\" class=\"wp-caption aligncenter\"><img loading=\"lazy\" decoding=\"async\" class=\"wp-image-6644 size-full\" src=\"https:\/\/nhatnam.org\/wp-content\/uploads\/2025\/04\/ban_trang_diem_treo_tuong11.jpg\" alt=\"B\u00e0n Trang \u0110i\u1ec3m Treo T\u01b0\u1eddng\" width=\"736\" height=\"920\" \/><figcaption id=\"caption-attachment-6644\" class=\"wp-caption-text\">M\u1eabu <span data-sheets-root=\"1\">b\u00e0n trang \u0111i\u1ec3m mini treo t\u01b0\u1eddng<\/span><\/figcaption><\/figure>\n<p style=\"text-align: justify;\"><b>Ti\u1ebft ki\u1ec7m kh\u00f4ng gian<\/b><\/p>\n<p style=\"text-align: justify;\"><span style=\"font-weight: 400;\">\u0110i\u1ec1u \u0111\u1ea7u ti\u00ean ph\u1ea3i k\u1ec3 \u0111\u1ebfn khi n\u00f3i v\u1ec1 b\u00e0n trang \u0111i\u1ec3m treo t\u01b0\u1eddng ch\u00ednh l\u00e0 kh\u1ea3 n\u0103ng ti\u1ebft ki\u1ec7m kh\u00f4ng gian. C\u00e1c m\u1eabu b\u00e0n n\u00e0y \u0111\u01b0\u1ee3c thi\u1ebft k\u1ebf g\u1ecdn nh\u1eb9, kh\u00f4ng c\u00f3 ch\u00e2n \u0111\u1ee1, gi\u00fap b\u1ea1n t\u1eadn d\u1ee5ng t\u1ed1i \u0111a di\u1ec7n t\u00edch ph\u00f2ng ng\u1ee7. \u0110i\u1ec1u n\u00e0y \u0111\u1eb7c bi\u1ec7t h\u1eefu \u00edch v\u1edbi nh\u1eefng ph\u00f2ng ng\u1ee7 nh\u1ecf, gi\u00fap kh\u00f4ng gian tr\u1edf n\u00ean th\u00f4ng tho\u00e1ng h\u01a1n m\u00e0 v\u1eabn \u0111\u1ea7y \u0111\u1ee7 ti\u1ec7n nghi.<\/span><\/p>\n<p style=\"text-align: justify;\"><b>T\u00ednh th\u1ea9m m\u1ef9 cao<\/b><\/p>\n<p style=\"text-align: justify;\"><span style=\"font-weight: 400;\">V\u1edbi ki\u1ec3u d\u00e1ng thi\u1ebft k\u1ebf t\u1ed1i gi\u1ea3n v\u00e0 hi\u1ec7n \u0111\u1ea1i, b\u00e0n trang \u0111i\u1ec3m treo t\u01b0\u1eddng c\u1ee7a Nh\u1ea5t Nam mang \u0111\u1ebfn v\u1ebb \u0111\u1eb9p sang tr\u1ecdng cho kh\u00f4ng gian ph\u00f2ng ng\u1ee7. C\u00e1c m\u1eabu b\u00e0n trang \u0111i\u1ec3m n\u00e0y c\u00f3 nhi\u1ec1u l\u1ef1a ch\u1ecdn m\u00e0u s\u1eafc v\u00e0 ch\u1ea5t li\u1ec7u, gi\u00fap b\u1ea1n d\u1ec5 d\u00e0ng k\u1ebft h\u1ee3p v\u1edbi phong c\u00e1ch n\u1ed9i th\u1ea5t c\u1ee7a c\u0103n ph\u00f2ng, t\u1ea1o s\u1ef1 h\u00e0i h\u00f2a v\u00e0 tinh t\u1ebf.<\/span><\/p>\n<p style=\"text-align: justify;\"><b>Ti\u1ec7n \u00edch v\u00e0 \u0111a n\u0103ng<\/b><\/p>\n<p style=\"text-align: justify;\"><span style=\"font-weight: 400;\">Kh\u00f4ng ch\u1ec9 c\u00f3 ch\u1ee9c n\u0103ng trang \u0111i\u1ec3m, c\u00e1c m\u1eabu b\u00e0n trang \u0111i\u1ec3m treo t\u01b0\u1eddng c\u1ee7a Nh\u1ea5t Nam c\u00f2n \u0111\u01b0\u1ee3c t\u00edch h\u1ee3p c\u00e1c t\u00ednh n\u0103ng ti\u1ec7n \u00edch nh\u01b0 ng\u0103n k\u00e9o, k\u1ec7 \u0111\u1ec3 l\u01b0u tr\u1eef m\u1ef9 ph\u1ea9m, \u0111\u1ed3 trang s\u1ee9c v\u00e0 c\u00e1c v\u1eadt d\u1ee5ng c\u00e1 nh\u00e2n kh\u00e1c. Th\u1eadm ch\u00ed, m\u1ed9t s\u1ed1 m\u1eabu c\u00f2n c\u00f3 g\u01b0\u01a1ng t\u00edch h\u1ee3p c\u00f3 th\u1ec3 g\u1ea5p g\u1ecdn, gi\u00fap ti\u1ebft ki\u1ec7m kh\u00f4ng gian khi kh\u00f4ng s\u1eed d\u1ee5ng.<\/span><\/p>\n<h2 style=\"text-align: justify;\"><b>3. C\u00e1c m\u1eabu b\u00e0n trang \u0111i\u1ec3m treo t\u01b0\u1eddng ph\u1ed5 bi\u1ebfn<br \/>\n<\/b><\/h2>\n<figure id=\"attachment_6643\" aria-describedby=\"caption-attachment-6643\" style=\"width: 736px\" class=\"wp-caption aligncenter\"><img loading=\"lazy\" decoding=\"async\" class=\"wp-image-6643 size-full\" src=\"https:\/\/nhatnam.org\/wp-content\/uploads\/2025\/04\/ban_trang_diem_treo_tuong10.jpg\" alt=\"B\u00e0n trang \u0111i\u1ec3m treo t\u01b0\u1eddng\" width=\"736\" height=\"920\" \/><figcaption id=\"caption-attachment-6643\" class=\"wp-caption-text\">M\u1eabu b\u00e0n trang \u0111i\u1ec3m treo t\u01b0\u1eddng b\u1eb1ng g\u1ed7 c\u00f4ng nghi\u1ec7p<\/figcaption><\/figure>\n<p style=\"text-align: justify;\"><b>B\u00e0n trang \u0111i\u1ec3m treo t\u01b0\u1eddng gi\u1ea5u g\u01b0\u01a1ng<\/b><\/p>\n<p style=\"text-align: justify;\"><span style=\"font-weight: 400;\">M\u1ed9t trong nh\u1eefng m\u1eabu b\u00e0n trang \u0111i\u1ec3m treo t\u01b0\u1eddng \u0111\u01b0\u1ee3c y\u00eau th\u00edch hi\u1ec7n nay l\u00e0 lo\u1ea1i c\u00f3 g\u01b0\u01a1ng. G\u01b0\u01a1ng b\u00e0n trang \u0111i\u1ec3m treo t\u01b0\u1eddng c\u00f3 th\u1ec3 g\u1ea5p g\u1ecdn. V\u1edbi thi\u1ebft k\u1ebf th\u00f4ng minh, b\u1ea1n c\u00f3 th\u1ec3 d\u1ec5 d\u00e0ng g\u1eadp g\u01b0\u01a1ng l\u1ea1i khi kh\u00f4ng s\u1eed d\u1ee5ng, t\u1ea1o ra m\u1ed9t kh\u00f4ng gian r\u1ed9ng r\u00e3i h\u01a1n cho ph\u00f2ng ng\u1ee7.<\/span><\/p>\n<p style=\"text-align: justify;\"><b>B\u00e0n trang \u0111i\u1ec3m mini treo t\u01b0\u1eddng<br \/>\n<\/b><\/p>\n<p style=\"text-align: justify;\"><span style=\"font-weight: 400;\">N\u1ebfu ph\u00f2ng ng\u1ee7 c\u1ee7a b\u1ea1n c\u00f3 di\u1ec7n t\u00edch nh\u1ecf, <a href=\"https:\/\/nhatnam.org\/san-pham\/ban-trang-diem-mini\/\" target=\"_blank\" rel=\"noopener\">b\u00e0n trang \u0111i\u1ec3m mini<\/a> treo t\u01b0\u1eddng s\u1ebd l\u00e0 s\u1ef1 l\u1ef1a ch\u1ecdn l\u00fd t\u01b0\u1edfng. C\u00e1c m\u1eabu b\u00e0n n\u00e0y \u0111\u01b0\u1ee3c thi\u1ebft k\u1ebf nh\u1ecf g\u1ecdn nh\u01b0ng v\u1eabn \u0111\u1ea7y \u0111\u1ee7 c\u00e1c ng\u0103n k\u00e9o v\u00e0 k\u1ec7, gi\u00fap b\u1ea1n l\u01b0u tr\u1eef m\u1ef9 ph\u1ea9m v\u00e0 c\u00e1c v\u1eadt d\u1ee5ng c\u00e1 nh\u00e2n m\u1ed9t c\u00e1ch ng\u0103n n\u1eafp.<\/span><\/p>\n<p style=\"text-align: justify;\"><b>B\u00e0n trang \u0111i\u1ec3m treo t\u01b0\u1eddng hi\u1ec7n \u0111\u1ea1i<\/b><\/p>\n<p style=\"text-align: justify;\"><span style=\"font-weight: 400;\">V\u1edbi nh\u1eefng ai y\u00eau th\u00edch phong c\u00e1ch t\u1ed1i gi\u1ea3n, b\u00e0n trang \u0111i\u1ec3m treo t\u01b0\u1eddng hi\u1ec7n \u0111\u1ea1i l\u00e0 s\u1ef1 l\u1ef1a ch\u1ecdn ho\u00e0n h\u1ea3o. Nh\u1eefng m\u1eabu b\u00e0n n\u00e0y mang l\u1ea1i s\u1ef1 tinh t\u1ebf v\u00e0 sang tr\u1ecdng, gi\u00fap ph\u00f2ng ng\u1ee7 tr\u1edf n\u00ean \u0111\u1eb3ng c\u1ea5p h\u01a1n. H\u01a1n n\u1eefa, v\u1edbi ch\u1ea5t li\u1ec7u g\u1ed7 t\u1ef1 nhi\u00ean ho\u1eb7c c\u00f4ng nghi\u1ec7p cao c\u1ea5p, b\u00e0n trang \u0111i\u1ec3m c\u1ee7a Nh\u1ea5t Nam c\u00f2n c\u00f3 \u0111\u1ed9 b\u1ec1n cao v\u00e0 d\u1ec5 d\u00e0ng b\u1ea3o tr\u00ec.<\/span><\/p>\n<p style=\"text-align: justify;\"><b>B\u00e0n trang \u0111i\u1ec3m treo t\u01b0\u1eddng th\u00f4ng minh<\/b><\/p>\n<p style=\"text-align: justify;\"><span style=\"font-weight: 400;\">\u200bNh\u1eefng m\u1eabu b\u00e0n trang \u0111i\u1ec3m treo t\u01b0\u1eddng th\u00f4ng minh hi\u1ec7n nay \u0111\u01b0\u1ee3c thi\u1ebft k\u1ebf \u0111a ch\u1ee9c n\u0103ng, \u0111\u00e1p \u1ee9ng nhu c\u1ea7u l\u00e0m \u0111\u1eb9p v\u00e0 t\u1ed1i \u01b0u h\u00f3a kh\u00f4ng gian s\u1ed1ng. \u0110\u1eb7c bi\u1ec7t, vi\u1ec7c t\u00edch h\u1ee3p g\u01b0\u01a1ng b\u00e0n trang \u0111i\u1ec3m treo t\u01b0\u1eddng c\u00f3 \u0111\u00e8n LED c\u1ea3m \u1ee9ng hi\u1ec7n \u0111\u1ea1i kh\u00f4ng ch\u1ec9 cung c\u1ea5p \u00e1nh s\u00e1ng t\u1ef1 nhi\u00ean, gi\u00fap vi\u1ec7c trang \u0111i\u1ec3m tr\u1edf n\u00ean ch\u00ednh x\u00e1c v\u00e0 d\u1ec5 d\u00e0ng h\u01a1n, m\u00e0 c\u00f2n t\u0103ng th\u00eam v\u1ebb sang tr\u1ecdng v\u00e0 ti\u1ec7n nghi cho kh\u00f4ng gian ph\u00f2ng ng\u1ee7.<br \/>\n<\/span><\/p>\n<h2 class=\"\" style=\"text-align: justify;\" data-start=\"103\" data-end=\"161\"><strong>4. Kh\u00f4ng gian ph\u00f9 h\u1ee3p \u0111\u1ec3 l\u1eafp \u0111\u1eb7t b\u00e0n trang \u0111i\u1ec3m treo t\u01b0\u1eddng<\/strong><\/h2>\n<p class=\"\" style=\"text-align: justify;\" data-start=\"163\" data-end=\"448\"><strong data-start=\"163\" data-end=\"192\">B\u00e0n trang \u0111i\u1ec3m treo t\u01b0\u1eddng<\/strong> l\u00e0 gi\u1ea3i ph\u00e1p n\u1ed9i th\u1ea5t th\u00f4ng minh, ph\u00f9 h\u1ee3p v\u1edbi nhi\u1ec1u lo\u1ea1i kh\u00f4ng gian s\u1ed1ng hi\u1ec7n \u0111\u1ea1i, \u0111\u1eb7c bi\u1ec7t l\u00e0 nh\u1eefng ng\u00f4i nh\u00e0 c\u00f3 di\u1ec7n t\u00edch h\u1ea1n ch\u1ebf. T\u00f9y v\u00e0o thi\u1ebft k\u1ebf v\u00e0 th\u00f3i quen sinh ho\u1ea1t, b\u1ea1n c\u00f3 th\u1ec3 c\u00e2n nh\u1eafc c\u00e1c v\u1ecb tr\u00ed sau \u0111\u1ec3 l\u1eafp \u0111\u1eb7t b\u00e0n trang \u0111i\u1ec3m treo m\u1ed9t c\u00e1ch h\u1ee3p l\u00fd:<\/p>\n<p style=\"text-align: justify;\" data-start=\"450\" data-end=\"489\"><strong>Ph\u00f2ng ng\u1ee7<\/strong>: \u0110\u00e2y l\u00e0 khu v\u1ef1c ph\u1ed5 bi\u1ebfn v\u00e0 h\u1ee3p l\u00fd nh\u1ea5t \u0111\u1ec3 \u0111\u1eb7t b\u00e0n trang \u0111i\u1ec3m treo t\u01b0\u1eddng. V\u1edbi thi\u1ebft k\u1ebf nh\u1ecf g\u1ecdn, ti\u1ebft ki\u1ec7m di\u1ec7n t\u00edch, b\u00e0n trang \u0111i\u1ec3m treo gi\u00fap b\u1ea1n c\u00f3 kh\u00f4ng gian ri\u00eang t\u01b0 \u0111\u1ec3 ch\u0103m s\u00f3c s\u1eafc \u0111\u1eb9p m\u1ed7i ng\u00e0y. Nhi\u1ec1u kh\u00e1ch s\u1ea1n v\u00e0 homestay cao c\u1ea5p c\u0169ng l\u1ef1a ch\u1ecdn ki\u1ec3u b\u00e0n n\u00e0y \u0111\u1ec3 mang l\u1ea1i s\u1ef1 ti\u1ec7n nghi v\u00e0 hi\u1ec7n \u0111\u1ea1i.<\/p>\n<p style=\"text-align: justify;\" data-start=\"790\" data-end=\"839\"><strong>Ph\u00f2ng t\u1eafm:<\/strong> N\u1ebfu ph\u00f2ng t\u1eafm \u0111\u1ee7 r\u1ed9ng v\u00e0 tho\u00e1ng, b\u1ea1n ho\u00e0n to\u00e0n c\u00f3 th\u1ec3 l\u1eafp \u0111\u1eb7t m\u1ed9t b\u00e0n trang \u0111i\u1ec3m nh\u1ecf treo t\u01b0\u1eddng. V\u1ecb tr\u00ed n\u00e0y gi\u00fap b\u1ea1n d\u1ec5 d\u00e0ng trang \u0111i\u1ec3m ho\u1eb7c ch\u0103m s\u00f3c da ngay sau khi t\u1eafm. V\u1edbi t\u00f4ng m\u00e0u nh\u1eb9 nh\u00e0ng v\u00e0 thi\u1ebft k\u1ebf t\u1ed1i gi\u1ea3n, kh\u00f4ng gian ph\u00f2ng t\u1eafm s\u1ebd tr\u1edf n\u00ean tinh t\u1ebf v\u00e0 th\u01b0 gi\u00e3n h\u01a1n.<\/p>\n<p style=\"text-align: justify;\" data-start=\"1114\" data-end=\"1172\"><strong>Ph\u00f2ng trang \u0111i\u1ec3m ri\u00eang: <\/strong>\u0110\u1ed1i v\u1edbi nh\u1eefng ai c\u00f3 m\u1ed9t kh\u00f4ng gian trang \u0111i\u1ec3m ri\u00eang, b\u00e0n trang \u0111i\u1ec3m treo t\u01b0\u1eddng l\u00e0 m\u1ed9t l\u1ef1a ch\u1ecdn kh\u00f4ng th\u1ec3 b\u1ecf qua. T\u00f9y v\u00e0o di\u1ec7n t\u00edch, b\u1ea1n c\u00f3 th\u1ec3 l\u1ef1a ch\u1ecdn c\u00e1c m\u1eabu l\u1edbn ho\u1eb7c thi\u1ebft k\u1ebf theo y\u00eau c\u1ea7u. Lam S\u01a1n v\u1edbi kinh nghi\u1ec7m l\u00e2u n\u0103m trong thi\u1ebft k\u1ebf v\u00e0 thi c\u00f4ng n\u1ed9i th\u1ea5t s\u1eb5n s\u00e0ng \u0111\u00e1p \u1ee9ng m\u1ecdi nhu c\u1ea7u v\u1ec1 m\u1eabu m\u00e3, k\u00edch th\u01b0\u1edbc v\u00e0 ch\u1ea5t li\u1ec7u.<\/p>\n<h2 style=\"text-align: justify;\"><b>5. Ti\u00eau ch\u00ed l\u1ef1a ch\u1ecdn b\u00e0n trang \u0111i\u1ec3m treo t\u01b0\u1eddng<\/b><\/h2>\n<p style=\"text-align: justify;\"><span style=\"font-weight: 400;\">Khi l\u1ef1a ch\u1ecdn b\u00e0n trang \u0111i\u1ec3m treo t\u01b0\u1eddng, b\u1ea1n c\u1ea7n ch\u00fa \u00fd \u0111\u1ebfn m\u1ed9t s\u1ed1 y\u1ebfu t\u1ed1 \u0111\u1ec3 \u0111\u1ea3m b\u1ea3o s\u1ea3n ph\u1ea9m ph\u00f9 h\u1ee3p v\u1edbi kh\u00f4ng gian v\u00e0 nhu c\u1ea7u s\u1eed d\u1ee5ng:<\/span><\/p>\n<p style=\"text-align: justify;\"><b>K\u00edch th\u01b0\u1edbc b\u00e0n trang \u0111i\u1ec3m treo t\u01b0\u1eddng: <\/b>L\u00e0<span style=\"font-weight: 400;\">\u00a0y\u1ebfu t\u1ed1 quan tr\u1ecdng gi\u00fap t\u1ed1i \u01b0u kh\u00f4ng gian, \u0111\u1eb7c bi\u1ec7t trong c\u00e1c c\u0103n h\u1ed9 c\u00f3 di\u1ec7n t\u00edch khi\u00eam t\u1ed1n. C\u00e1c m\u1eabu b\u00e0n treo th\u01b0\u1eddng c\u00f3 thi\u1ebft k\u1ebf nh\u1ecf g\u1ecdn, chi\u1ec1u r\u1ed9ng ph\u1ed5 bi\u1ebfn dao \u0111\u1ed9ng t\u1eeb 60cm \u0111\u1ebfn 100cm, \u0111\u1ed9 s\u00e2u kho\u1ea3ng 35cm \u2013 45cm, \u0111\u1ea3m b\u1ea3o v\u1eeba \u0111\u1ee7 c\u00f4ng n\u0103ng m\u00e0 v\u1eabn gi\u1eef s\u1ef1 thanh tho\u00e1t cho t\u1ed5ng th\u1ec3 c\u0103n ph\u00f2ng.<\/span><\/p>\n<p style=\"text-align: justify;\"><span style=\"font-weight: 400;\">Ngo\u00e0i nh\u1eefng k\u00edch th\u01b0\u1edbc ti\u00eau chu\u1ea9n, Nh\u1ea5t Nam c\u00f2n nh\u1eadn thi\u1ebft k\u1ebf theo y\u00eau c\u1ea7u \u0111\u1ec3 ph\u00f9 h\u1ee3p v\u1edbi t\u1eebng kh\u00f4ng gian c\u1ee5 th\u1ec3. D\u00f9 b\u1ea1n s\u1ed1ng trong m\u1ed9t c\u0103n h\u1ed9 studio nh\u1ecf hay m\u1ed9t ph\u00f2ng ng\u1ee7 r\u1ed9ng r\u00e3i, m\u1ed9t chi\u1ebfc b\u00e0n trang \u0111i\u1ec3m treo t\u01b0\u1eddng v\u1edbi k\u00edch th\u01b0\u1edbc l\u00fd t\u01b0\u1edfng s\u1ebd gi\u00fap kh\u00f4ng gian c\u1ee7a b\u1ea1n g\u1ecdn g\u00e0ng h\u01a1n m\u00e0 v\u1eabn \u0111\u1ea7y \u0111\u1ee7 ti\u1ec7n nghi.<\/span><\/p>\n<p style=\"text-align: justify;\"><b>Ch\u1ea5t li\u1ec7u v\u00e0 \u0111\u1ed9 b\u1ec1n: <\/b><span style=\"font-weight: 400;\">Ch\u1ea5t li\u1ec7u l\u00e0 y\u1ebfu t\u1ed1 quan tr\u1ecdng quy\u1ebft \u0111\u1ecbnh \u0111\u1ed9 b\u1ec1n v\u00e0 t\u00ednh th\u1ea9m m\u1ef9 c\u1ee7a b\u00e0n trang \u0111i\u1ec3m. C\u00e1c m\u1eabu b\u00e0n c\u1ee7a Nh\u1ea5t Nam th\u01b0\u1eddng \u0111\u01b0\u1ee3c l\u00e0m t\u1eeb g\u1ed7 c\u00f4ng nghi\u1ec7p cao c\u1ea5p, Inox \u0111\u1ea3m b\u1ea3o \u0111\u1ed9 b\u1ec1n l\u00e2u d\u00e0i v\u00e0 d\u1ec5 d\u00e0ng b\u1ea3o d\u01b0\u1ee1ng. B\u00ean c\u1ea1nh \u0111\u00f3, ch\u1ea5t li\u1ec7u g\u1ed7 c\u0169ng gi\u00fap t\u1ea1o n\u00ean v\u1ebb \u0111\u1eb9p m\u1ed9c m\u1ea1c, g\u1ea7n g\u0169i nh\u01b0ng kh\u00f4ng k\u00e9m ph\u1ea7n sang tr\u1ecdng.<\/span><\/p>\n<p style=\"text-align: justify;\"><b>Thi\u1ebft k\u1ebf v\u00e0 t\u00ednh n\u0103ng: <\/b><span style=\"font-weight: 400;\">Ch\u1ecdn m\u1ed9t m\u1eabu b\u00e0n trang \u0111i\u1ec3m treo t\u01b0\u1eddng c\u00f3 thi\u1ebft k\u1ebf ph\u00f9 h\u1ee3p v\u1edbi phong c\u00e1ch ph\u00f2ng ng\u1ee7 l\u00e0 r\u1ea5t quan tr\u1ecdng. B\u1ea1n n\u00ean \u01b0u ti\u00ean nh\u1eefng m\u1eabu b\u00e0n c\u00f3 t\u00ednh n\u0103ng ti\u1ec7n d\u1ee5ng nh\u01b0 ng\u0103n k\u00e9o, k\u1ec7 \u0111\u1ec3 \u0111\u1ed3, gi\u00fap b\u1ea1n d\u1ec5 d\u00e0ng t\u1ed5 ch\u1ee9c kh\u00f4ng gian trang \u0111i\u1ec3m m\u1ed9t c\u00e1ch ng\u0103n n\u1eafp v\u00e0 thu\u1eadn ti\u1ec7n.<\/span><\/p>\n<h2 style=\"text-align: justify;\"><b>6. B\u00e1o gi\u00e1 b\u00e0n trang \u0111i\u1ec3m treo t\u01b0\u1eddng\u00a0<\/b><\/h2>\n<p style=\"text-align: justify;\"><span style=\"font-weight: 400;\">Nh\u1ea5t Nam mang \u0111\u1ebfn nh\u1eefng m\u1eabu b\u00e0n trang \u0111i\u1ec3m treo t\u01b0\u1eddng tinh t\u1ebf, hi\u1ec7n \u0111\u1ea1i v\u1edbi m\u1ee9c gi\u00e1 linh ho\u1ea1t, ph\u00f9 h\u1ee3p v\u1edbi nhi\u1ec1u nhu c\u1ea7u. S\u1ea3n ph\u1ea9m \u0111\u01b0\u1ee3c ch\u1ebf t\u00e1c t\u1eeb ch\u1ea5t li\u1ec7u cao c\u1ea5p, \u0111\u1ea3m b\u1ea3o \u0111\u1ed9 b\u1ec1n cao, thi\u1ebft k\u1ebf \u0111\u1eb9p m\u1eaft v\u00e0 h\u00e0i h\u00f2a v\u1edbi m\u1ecdi phong c\u00e1ch n\u1ed9i th\u1ea5t. V\u1edbi s\u1ef1 \u0111a d\u1ea1ng v\u1ec1 ki\u1ec3u d\u00e1ng v\u00e0 t\u00ednh n\u0103ng th\u00f4ng minh, b\u00e0n trang \u0111i\u1ec3m Nh\u1ea5t Nam kh\u00f4ng ch\u1ec9 gi\u00fap t\u1ed1i \u01b0u kh\u00f4ng gian m\u00e0 c\u00f2n t\u1ea1o \u0111i\u1ec3m nh\u1ea5n sang tr\u1ecdng cho c\u0103n ph\u00f2ng. <\/span>Li\u00ean h\u1ec7 ngay \u0111\u1ec3 \u0111\u01b0\u1ee3c t\u01b0 v\u1ea5n v\u00e0 s\u1edf h\u1eefu s\u1ea3n ph\u1ea9m \u01b0ng \u00fd v\u1edbi m\u1ee9c gi\u00e1 t\u1ed1t nh\u1ea5t!<\/p>\n<h2 style=\"text-align: justify;\"><b>7. M\u1ed9t s\u1ed1 m\u1eabu b\u00e0n trang \u0111i\u1ec3m treo t\u01b0\u1eddng \u0111\u1eb9p<\/b><\/h2>\n<figure id=\"attachment_6641\" aria-describedby=\"caption-attachment-6641\" style=\"width: 736px\" class=\"wp-caption aligncenter\"><img loading=\"lazy\" decoding=\"async\" class=\"wp-image-6641 size-full\" src=\"https:\/\/nhatnam.org\/wp-content\/uploads\/2025\/04\/ban_trang_diem_treo_tuong08.jpg\" alt=\"b\u00e0n trang \u0111i\u1ec3m treo t\u01b0\u1eddng\" width=\"736\" height=\"1051\" \/><figcaption id=\"caption-attachment-6641\" class=\"wp-caption-text\">M\u1eabu b\u00e0n ph\u1ea7n treo t\u01b0\u1eddng gi\u00fap t\u1ed1i \u01b0u di\u1ec7n t\u00edch ph\u00f2ng ng\u1ee7<\/figcaption><\/figure>\n<figure id=\"attachment_6640\" aria-describedby=\"caption-attachment-6640\" style=\"width: 736px\" class=\"wp-caption aligncenter\"><img loading=\"lazy\" decoding=\"async\" class=\"wp-image-6640 size-full\" src=\"https:\/\/nhatnam.org\/wp-content\/uploads\/2025\/04\/ban_trang_diem_treo_tuong07.jpg\" alt=\"B\u00e0n trang \u0111i\u1ec3m treo t\u01b0\u1eddng\" width=\"736\" height=\"901\" \/><figcaption id=\"caption-attachment-6640\" class=\"wp-caption-text\">M\u1eabu b\u00e0n trang \u0111i\u1ec3m treo t\u01b0\u1eddng hi\u1ec7n \u0111\u1ea1i<\/figcaption><\/figure>\n<figure id=\"attachment_6639\" aria-describedby=\"caption-attachment-6639\" style=\"width: 735px\" class=\"wp-caption aligncenter\"><img loading=\"lazy\" decoding=\"async\" class=\"wp-image-6639 size-full\" src=\"https:\/\/nhatnam.org\/wp-content\/uploads\/2025\/04\/ban_trang_diem_treo_tuong06.jpg\" alt=\"B\u00e0n trang \u0111i\u1ec3m treo t\u01b0\u1eddng\" width=\"735\" height=\"614\" \/><figcaption id=\"caption-attachment-6639\" class=\"wp-caption-text\">M\u1eabu b\u00e0n trang \u0111i\u1ec3m g\u1eafn t\u01b0\u1eddng \u0111\u1eb9p<\/figcaption><\/figure>\n<figure id=\"attachment_6653\" aria-describedby=\"caption-attachment-6653\" style=\"width: 736px\" class=\"wp-caption aligncenter\"><img loading=\"lazy\" decoding=\"async\" class=\"wp-image-6653 size-full\" src=\"https:\/\/nhatnam.org\/wp-content\/uploads\/2025\/04\/ban_trang_diem_co_den_LED13.jpg\" alt=\"b\u00e0n trang \u0111i\u1ec3m treo t\u01b0\u1eddng\" width=\"736\" height=\"730\" \/><figcaption id=\"caption-attachment-6653\" class=\"wp-caption-text\">M\u1eabu b\u00e0n trang \u0111i\u1ec3m treo t\u01b0\u1eddng \u0111\u01a1n gi\u1ea3n k\u1ebft h\u1ee3p t\u1ee7 ch\u1ee9a \u0111\u1ed3<\/figcaption><\/figure>\n<p style=\"text-align: justify;\">\u21d2 <span style=\"color: #000080;\">Xem th\u00eam m\u1eabu <a style=\"color: #000080;\" href=\"https:\/\/nhatnam.org\/san-pham\/ban-trang-diem-go-cong-nghiep\/\" target=\"_blank\" rel=\"noopener\">B\u00e0n Trang \u0110i\u1ec3m G\u1ed7 C\u00f4ng Nghi\u1ec7p<\/a><\/span><\/p>\n<p style=\"text-align: justify;\"><span style=\"font-weight: 400;\">B\u00e0n trang \u0111i\u1ec3m treo t\u01b0\u1eddng v\u00e0 gi\u01b0\u1eddng ng\u1ee7 \u0111\u1eb9p t\u1eeb Nh\u1ea5t Nam l\u00e0 s\u1ef1 l\u1ef1a ch\u1ecdn ho\u00e0n h\u1ea3o cho nh\u1eefng ai mu\u1ed1n t\u1ea1o ra m\u1ed9t kh\u00f4ng gian ph\u00f2ng ng\u1ee7 hi\u1ec7n \u0111\u1ea1i, ti\u1ec7n nghi v\u00e0 sang tr\u1ecdng. Nh\u1eefng s\u1ea3n ph\u1ea9m n\u00e0y kh\u00f4ng ch\u1ec9 gi\u00fap t\u1ed1i \u01b0u h\u00f3a di\u1ec7n t\u00edch m\u00e0 c\u00f2n mang l\u1ea1i v\u1ebb \u0111\u1eb9p tinh t\u1ebf cho ph\u00f2ng ng\u1ee7 c\u1ee7a b\u1ea1n.<\/span><\/p>\n<p style=\"text-align: justify;\"><span style=\"font-weight: 400;\">V\u1edbi gi\u00e1 c\u1ea3 h\u1ee3p l\u00fd, thi\u1ebft k\u1ebf \u0111\u1eb9p m\u1eaft v\u00e0 ch\u1ea5t l\u01b0\u1ee3ng v\u01b0\u1ee3t tr\u1ed9i, c\u00e1c s\u1ea3n ph\u1ea9m c\u1ee7a Nh\u1ea5t Nam l\u00e0 s\u1ef1 \u0111\u1ea7u t\u01b0 x\u1ee9ng \u0111\u00e1ng cho kh\u00f4ng gian s\u1ed1ng c\u1ee7a b\u1ea1n. H\u00e3y \u0111\u1ebfn Nh\u1ea5t Nam \u0111\u1ec3 tr\u1ea3i nghi\u1ec7m v\u00e0 l\u1ef1a ch\u1ecdn nh\u1eefng m\u00f3n \u0111\u1ed3 n\u1ed9i th\u1ea5t ph\u00f9 h\u1ee3p v\u1edbi phong c\u00e1ch v\u00e0 nhu c\u1ea7u c\u1ee7a m\u00ecnh!<\/span><\/p>\n","protected":false},"excerpt":{"rendered":"<p style=\"text-align: justify;\"><span style=\"font-weight: 400;\">Trong m\u1ed9t kh\u00f4ng gian s\u1ed1ng hi\u1ec7n \u0111\u1ea1i, vi\u1ec7c t\u1ed1i \u01b0u di\u1ec7n t\u00edch ph\u00f2ng ng\u1ee7 kh\u00f4ng ch\u1ec9 gi\u00fap kh\u00f4ng gian tr\u1edf n\u00ean g\u1ecdn g\u00e0ng m\u00e0 c\u00f2n mang l\u1ea1i c\u1ea3m gi\u00e1c th\u01b0 gi\u00e3n cho ng\u01b0\u1eddi s\u1eed d\u1ee5ng. M\u1ed9t trong nh\u1eefng m\u00f3n \u0111\u1ed3 n\u1ed9i th\u1ea5t \u0111ang r\u1ea5t \u0111\u01b0\u1ee3c \u01b0a chu\u1ed9ng hi\u1ec7n nay ch\u00ednh l\u00e0 b\u00e0n trang \u0111i\u1ec3m treo t\u01b0\u1eddng. \u0110\u00e2y l\u00e0 l\u1ef1a ch\u1ecdn l\u00fd t\u01b0\u1edfng cho nh\u1eefng ph\u00f2ng ng\u1ee7 nh\u1ecf, gi\u00fap ti\u1ebft ki\u1ec7m di\u1ec7n t\u00edch nh\u01b0ng v\u1eabn mang \u0111\u1ebfn s\u1ef1 ti\u1ec7n nghi v\u00e0 phong c\u00e1ch hi\u1ec7n \u0111\u1ea1i.<\/span><\/p>\n","protected":false},"featured_media":1870,"comment_status":"open","ping_status":"closed","template":"","meta":{"_acf_changed":false,"_gspb_post_css":""},"book-author":[],"product_brand":[],"product_cat":[129,104],"product_tag":[],"class_list":{"0":"post-1871","1":"product","2":"type-product","3":"status-publish","4":"has-post-thumbnail","6":"product_cat-ban-trang-diem","7":"product_cat-noi-that-phong-ngu","9":"first","10":"instock","11":"shipping-taxable","12":"product-type-simple"},"acf":[],"_links":{"self":[{"href":"https:\/\/nhatnam.libion.me\/index.php\/wp-json\/wp\/v2\/product\/1871","targetHints":{"allow":["GET"]}}],"collection":[{"href":"https:\/\/nhatnam.libion.me\/index.php\/wp-json\/wp\/v2\/product"}],"about":[{"href":"https:\/\/nhatnam.libion.me\/index.php\/wp-json\/wp\/v2\/types\/product"}],"replies":[{"embeddable":true,"href":"https:\/\/nhatnam.libion.me\/index.php\/wp-json\/wp\/v2\/comments?post=1871"}],"wp:featuredmedia":[{"embeddable":true,"href":"https:\/\/nhatnam.libion.me\/index.php\/wp-json\/wp\/v2\/media\/1870"}],"wp:attachment":[{"href":"https:\/\/nhatnam.libion.me\/index.php\/wp-json\/wp\/v2\/media?parent=1871"}],"wp:term":[{"taxonomy":"book-author","embeddable":true,"href":"https:\/\/nhatnam.libion.me\/index.php\/wp-json\/wp\/v2\/book-author?post=1871"},{"taxonomy":"product_brand","embeddable":true,"href":"https:\/\/nhatnam.libion.me\/index.php\/wp-json\/wp\/v2\/product_brand?post=1871"},{"taxonomy":"product_cat","embeddable":true,"href":"https:\/\/nhatnam.libion.me\/index.php\/wp-json\/wp\/v2\/product_cat?post=1871"},{"taxonomy":"product_tag","embeddable":true,"href":"https:\/\/nhatnam.libion.me\/index.php\/wp-json\/wp\/v2\/product_tag?post=1871"}],"curies":[{"name":"wp","href":"https:\/\/api.w.org\/{rel}","templated":true}]}}