{"id":1863,"date":"2026-04-07T10:29:05","date_gmt":"2026-04-07T10:29:05","guid":{"rendered":"https:\/\/nhatnam.libion.me\/index.php\/product\/ban-trang-diem-go-cong-nghiep\/"},"modified":"2026-04-07T10:29:12","modified_gmt":"2026-04-07T10:29:12","slug":"ban-trang-diem-go-cong-nghiep","status":"publish","type":"product","link":"https:\/\/nhatnam.libion.me\/index.php\/product\/ban-trang-diem-go-cong-nghiep\/","title":{"rendered":"B\u00e0n Trang \u0110i\u1ec3m G\u1ed7 C\u00f4ng Nghi\u1ec7p"},"content":{"rendered":"<p style=\"text-align: justify;\"><span style=\"font-weight: 400;\">B\u00e0n trang \u0111i\u1ec3m l\u00e0 m\u1ed9t trong nh\u1eefng m\u00f3n \u0111\u1ed3 n\u1ed9i th\u1ea5t quan tr\u1ecdng trong ph\u00f2ng ng\u1ee7 c\u1ee7a m\u1ed7i gia \u0111\u00ecnh. V\u1edbi s\u1ef1 b\u00f9ng n\u1ed5 c\u1ee7a ng\u00e0nh n\u1ed9i th\u1ea5t hi\u1ec7n \u0111\u1ea1i, b\u00e0n trang \u0111i\u1ec3m l\u00e0m t\u1eeb g\u1ed7 c\u00f4ng nghi\u1ec7p ng\u00e0y c\u00e0ng \u0111\u01b0\u1ee3c \u01b0a chu\u1ed9ng nh\u1edd thi\u1ebft k\u1ebf \u0111\u1eb9p m\u1eaft, \u0111\u1ed9 b\u1ec1n \u1ed5n \u0111\u1ecbnh v\u00e0 m\u1ee9c gi\u00e1 ph\u00f9 h\u1ee3p v\u1edbi nhi\u1ec1u \u0111\u1ed1i t\u01b0\u1ee3ng ng\u01b0\u1eddi d\u00f9ng.\u00a0<\/span><\/p>\n<p>C\u00f9ng Nh\u1ea5t Nam t\u00ecm hi\u1ec3u chi ti\u1ebft qua b\u00e0i vi\u1ebft d\u01b0\u1edbi \u0111\u00e2y nh\u00e9.<\/p>\n<h2 style=\"text-align: justify;\"><b>1. B\u00e0n trang \u0111i\u1ec3m g\u1ed7 c\u00f4ng nghi\u1ec7p l\u00e0 g\u00ec?<br \/>\n<\/b><\/h2>\n<figure id=\"attachment_6626\" aria-describedby=\"caption-attachment-6626\" style=\"width: 736px\" class=\"wp-caption aligncenter\"><img loading=\"lazy\" decoding=\"async\" class=\"wp-image-6626 size-full\" src=\"https:\/\/nhatnam.org\/wp-content\/uploads\/2025\/04\/ban_trang_diem_go_cong_nghiep13.jpg\" alt=\"B\u00e0n Trang \u0110i\u1ec3m G\u1ed7 C\u00f4ng Nghi\u1ec7p\" width=\"736\" height=\"736\" \/><figcaption id=\"caption-attachment-6626\" class=\"wp-caption-text\">M\u1eabu b\u00e0n trang \u0111i\u1ec3m \u0111\u01a1n gi\u1ea3n<\/figcaption><\/figure>\n<p style=\"text-align: justify;\"><span style=\"font-weight: 400;\">B\u00e0n trang \u0111i\u1ec3m g\u1ed7 c\u00f4ng nghi\u1ec7p hay c\u00f2n g\u1ecdi l\u00e0 b\u00e0n ph\u1ea5n g\u1ed7 c\u00f4ng nghi\u1ec7p l\u00e0 lo\u1ea1i b\u00e0n \u0111\u01b0\u1ee3c l\u00e0m t\u1eeb c\u00e1c lo\u1ea1i g\u1ed7 nh\u00e2n t\u1ea1o, qua qu\u00e1 tr\u00ecnh \u00e9p n\u00e9n t\u1eeb v\u1ee5n g\u1ed7 v\u00e0 keo chuy\u00ean d\u1ee5ng. Nh\u1edd v\u00e0o c\u00f4ng ngh\u1ec7 s\u1ea3n xu\u1ea5t hi\u1ec7n \u0111\u1ea1i, lo\u1ea1i b\u00e0n n\u00e0y c\u00f3 b\u1ec1 m\u1eb7t m\u1ecbn m\u00e0ng, d\u1ec5 d\u00e0ng t\u1ea1o h\u00ecnh, \u0111\u00e1p \u1ee9ng nhu c\u1ea7u th\u1ea9m m\u1ef9 c\u1ee7a nhi\u1ec1u phong c\u00e1ch n\u1ed9i th\u1ea5t.<\/span><\/p>\n<p style=\"text-align: justify;\"><span style=\"font-weight: 400;\">C\u00e1c lo\u1ea1i g\u1ed7 c\u00f4ng nghi\u1ec7p ph\u1ed5 bi\u1ebfn \u0111\u1ec3 s\u1ea3n xu\u1ea5t b\u00e0n trang \u0111i\u1ec3m bao g\u1ed3m:<\/span><\/p>\n<p style=\"text-align: justify;\"><span style=\"font-weight: 400;\">G\u1ed7 MDF (Medium Density Fiberboard): M\u1eadt \u0111\u1ed9 trung b\u00ecnh, b\u1ec1 m\u1eb7t ph\u1eb3ng m\u1ecbn, d\u1ec5 s\u01a1n ph\u1ee7.<\/span><\/p>\n<p style=\"text-align: justify;\"><span style=\"font-weight: 400;\">G\u1ed7 MFC (Melamine Faced Chipboard): C\u00f3 ph\u1ee7 l\u1edbp melamine ch\u1ed1ng tr\u1ea7y x\u01b0\u1edbc, ch\u1ed1ng \u1ea9m.<\/span><\/p>\n<p style=\"text-align: justify;\"><span style=\"font-weight: 400;\">G\u1ed7 HDF (High Density Fiberboard): M\u1eadt \u0111\u1ed9 cao, kh\u1ea3 n\u0103ng ch\u1ecbu l\u1ef1c t\u1ed1t, \u0111\u1ed9 b\u1ec1n v\u01b0\u1ee3t tr\u1ed9i.<\/span><\/p>\n<h2 style=\"text-align: justify;\"><b>2. \u01afu \u0111i\u1ec3m b\u00e0n trang \u0111i\u1ec3m g\u1ed7 c\u00f4ng nghi\u1ec7p<\/b><\/h2>\n<figure id=\"attachment_6625\" aria-describedby=\"caption-attachment-6625\" style=\"width: 736px\" class=\"wp-caption aligncenter\"><img loading=\"lazy\" decoding=\"async\" class=\"wp-image-6625 size-full\" src=\"https:\/\/nhatnam.org\/wp-content\/uploads\/2025\/04\/ban_trang_diem_go_cong_nghiep12.jpg\" alt=\"B\u00e0n Trang \u0110i\u1ec3m G\u1ed7 C\u00f4ng Nghi\u1ec7p\" width=\"736\" height=\"740\" \/><figcaption id=\"caption-attachment-6625\" class=\"wp-caption-text\">M\u1eabu b\u00e0n trang \u0111i\u1ec3m g\u1ed7 c\u00f4ng nghi\u1ec7p hi\u1ec7n \u0111\u1ea1i<\/figcaption><\/figure>\n<p style=\"text-align: justify;\"><span style=\"font-weight: 400;\">B\u00e0n trang \u0111i\u1ec3m g\u1ed7 c\u00f4ng nghi\u1ec7p ng\u00e0y c\u00e0ng tr\u1edf th\u00e0nh xu h\u01b0\u1edbng trong thi\u1ebft k\u1ebf n\u1ed9i th\u1ea5t nh\u1edd c\u00e1c \u01b0u \u0111i\u1ec3m n\u1ed5i b\u1eadt nh\u01b0:<\/span><\/p>\n<ul style=\"text-align: justify;\">\n<li style=\"font-weight: 400;\" aria-level=\"1\"><span style=\"font-weight: 400;\">Gi\u00e1 th\u00e0nh h\u1ee3p l\u00fd: R\u1ebb h\u01a1n g\u1ed7 t\u1ef1 nhi\u00ean nh\u01b0ng v\u1eabn \u0111\u1ea3m b\u1ea3o \u0111\u1ed9 b\u1ec1n v\u00e0 t\u00ednh th\u1ea9m m\u1ef9.<\/span><\/li>\n<li style=\"font-weight: 400;\" aria-level=\"1\"><span style=\"font-weight: 400;\">M\u1eabu m\u00e3 \u0111a d\u1ea1ng: Thi\u1ebft k\u1ebf phong ph\u00fa t\u1eeb hi\u1ec7n \u0111\u1ea1i, t\u1ed1i gi\u1ea3n \u0111\u1ebfn c\u1ed5 \u0111i\u1ec3n, d\u1ec5 d\u00e0ng k\u1ebft h\u1ee3p v\u1edbi m\u1ecdi kh\u00f4ng gian ph\u00f2ng ng\u1ee7.<\/span><\/li>\n<li style=\"font-weight: 400;\" aria-level=\"1\"><span style=\"font-weight: 400;\">Th\u00e2n thi\u1ec7n v\u1edbi m\u00f4i tr\u01b0\u1eddng: S\u1eed d\u1ee5ng nguy\u00ean li\u1ec7u t\u00e1i ch\u1ebf, gi\u1ea3m thi\u1ec3u vi\u1ec7c khai th\u00e1c g\u1ed7 t\u1ef1 nhi\u00ean.<\/span><\/li>\n<li style=\"font-weight: 400;\" aria-level=\"1\"><span style=\"font-weight: 400;\">D\u1ec5 b\u1ea3o tr\u00ec, v\u1ec7 sinh: B\u1ec1 m\u1eb7t nh\u1eb5n m\u1ecbn gi\u00fap vi\u1ec7c lau ch\u00f9i tr\u1edf n\u00ean \u0111\u01a1n gi\u1ea3n h\u01a1n.<\/span><\/li>\n<\/ul>\n<h2 style=\"text-align: justify;\"><b>3. Ti\u00eau ch\u00ed l\u1ef1a ch\u1ecdn b\u00e0n trang \u0111i\u1ec3m g\u1ed7 c\u00f4ng nghi\u1ec7p ph\u00f9 h\u1ee3p<\/b><\/h2>\n<figure id=\"attachment_6624\" aria-describedby=\"caption-attachment-6624\" style=\"width: 736px\" class=\"wp-caption aligncenter\"><img loading=\"lazy\" decoding=\"async\" class=\"wp-image-6624 size-full\" src=\"https:\/\/nhatnam.org\/wp-content\/uploads\/2025\/04\/ban_trang_diem_go_cong_nghiep11.jpg\" alt=\"b\u00e0n trang \u0111i\u1ec3m g\u1ed7 c\u00f4ng nghi\u1ec7p \" width=\"736\" height=\"703\" \/><figcaption id=\"caption-attachment-6624\" class=\"wp-caption-text\">K\u00edch th\u01b0\u1edbc b\u00e0n trang \u0111i\u1ec3m g\u1ed7 c\u00f4ng nghi\u1ec7p<\/figcaption><\/figure>\n<p style=\"text-align: justify;\"><span style=\"font-weight: 400;\">Vi\u1ec7c l\u1ef1a ch\u1ecdn b\u00e0n trang \u0111i\u1ec3m g\u1ed7 c\u00f4ng nghi\u1ec7p kh\u00f4ng ch\u1ec9 d\u1ef1a v\u00e0o s\u1edf th\u00edch c\u00e1 nh\u00e2n m\u00e0 c\u00f2n ph\u1ea3i \u0111\u00e1p \u1ee9ng c\u00e1c y\u1ebfu t\u1ed1 nh\u01b0 kh\u00f4ng gian ph\u00f2ng ng\u1ee7 v\u00e0 nhu c\u1ea7u s\u1eed d\u1ee5ng. D\u01b0\u1edbi \u0111\u00e2y l\u00e0 m\u1ed9t s\u1ed1 ti\u00eau ch\u00ed quan tr\u1ecdng gi\u00fap b\u1ea1n ch\u1ecdn l\u1ef1a s\u1ea3n ph\u1ea9m ph\u00f9 h\u1ee3p:<\/span><\/p>\n<ul style=\"text-align: justify;\">\n<li style=\"font-weight: 400;\" aria-level=\"1\"><b>K\u00edch th\u01b0\u1edbc ph\u00f9 h\u1ee3p v\u1edbi kh\u00f4ng gian ph\u00f2ng ng\u1ee7<\/b><span style=\"font-weight: 400;\">: M\u1ed9t trong nh\u1eefng y\u1ebfu t\u1ed1 quan tr\u1ecdng khi ch\u1ecdn b\u00e0n trang \u0111i\u1ec3m g\u1ed7 c\u00f4ng nghi\u1ec7p l\u00e0 k\u00edch th\u01b0\u1edbc c\u1ee7a b\u00e0n trang \u0111i\u1ec3m g\u1ed7 c\u00f4ng nghi\u1ec7p. N\u1ebfu ph\u00f2ng ng\u1ee7 c\u1ee7a b\u1ea1n c\u00f3 di\u1ec7n t\u00edch h\u1ea1n ch\u1ebf, h\u00e3y ch\u1ecdn m\u1ed9t chi\u1ebfc b\u00e0n trang \u0111i\u1ec3m nh\u1ecf g\u1ecdn, t\u00edch h\u1ee3p th\u00eam c\u00e1c ng\u0103n l\u01b0u tr\u1eef \u0111\u1ec3 ti\u1ebft ki\u1ec7m kh\u00f4ng gian. C\u00f2n n\u1ebfu ph\u00f2ng ng\u1ee7 r\u1ed9ng r\u00e3i, b\u1ea1n c\u00f3 th\u1ec3 l\u1ef1a ch\u1ecdn b\u00e0n trang \u0111i\u1ec3m c\u00f3 k\u00edch th\u01b0\u1edbc l\u1edbn h\u01a1n, v\u1edbi nhi\u1ec1u ng\u0103n k\u00e9o v\u00e0 k\u1ec7 t\u1ee7.<\/span><span style=\"font-weight: 400;\"><br \/>\n<\/span><\/li>\n<li style=\"font-weight: 400;\" aria-level=\"1\"><b>Ch\u1ea5t li\u1ec7u g\u1ed7 c\u00f4ng nghi\u1ec7p<\/b><span style=\"font-weight: 400;\">: C\u00e1c lo\u1ea1i g\u1ed7 c\u00f4ng nghi\u1ec7p nh\u01b0 MDF, MFC, v\u00e0 HDF c\u00f3 \u0111\u1ed9 b\u1ec1n cao v\u00e0 kh\u1ea3 n\u0103ng ch\u1ed1ng \u1ea9m r\u1ea5t t\u1ed1t. \u0110\u1eb7c bi\u1ec7t, g\u1ed7 MDF l\u00e0 l\u1ef1a ch\u1ecdn ph\u1ed5 bi\u1ebfn v\u00ec t\u00ednh \u0111\u1ed3ng \u0111\u1ec1u, d\u1ec5 t\u1ea1o h\u00ecnh v\u00e0 d\u1ec5 d\u00e0ng s\u01a1n ph\u1ee7. MFC v\u00e0 HDF l\u1ea1i \u0111\u01b0\u1ee3c \u01b0a chu\u1ed9ng v\u00ec t\u00ednh n\u0103ng ch\u1ed1ng tr\u1ea7y x\u01b0\u1edbc v\u00e0 ch\u1ed1ng \u1ea9m, r\u1ea5t ph\u00f9 h\u1ee3p cho kh\u00ed h\u1eadu n\u00f3ng \u1ea9m nh\u01b0 \u1edf Vi\u1ec7t Nam.<\/span><span style=\"font-weight: 400;\"><br \/>\n<\/span><\/li>\n<li style=\"font-weight: 400;\" aria-level=\"1\"><b>Thi\u1ebft k\u1ebf v\u00e0 m\u00e0u s\u1eafc<\/b><span style=\"font-weight: 400;\">: <\/span>B\u00e0n trang \u0111i\u1ec3m g\u1ed7 c\u00f4ng nghi\u1ec7p<span style=\"font-weight: 400;\"> c\u00f3 nhi\u1ec1u m\u00e0u s\u1eafc v\u00e0 thi\u1ebft k\u1ebf kh\u00e1c nhau. N\u1ebfu b\u1ea1n y\u00eau th\u00edch phong c\u00e1ch hi\u1ec7n \u0111\u1ea1i, m\u1ed9t chi\u1ebfc b\u00e0n trang \u0111i\u1ec3m m\u00e0u tr\u1eafng, x\u00e1m hay \u0111en s\u1ebd l\u00e0 s\u1ef1 l\u1ef1a ch\u1ecdn ho\u00e0n h\u1ea3o. C\u00f2n n\u1ebfu b\u1ea1n th\u00edch phong c\u00e1ch c\u1ed5 \u0111i\u1ec3n, nh\u1eefng chi\u1ebfc b\u00e0n trang \u0111i\u1ec3m c\u00f3 m\u00e0u g\u1ed7 t\u1ef1 nhi\u00ean, n\u00e2u tr\u1ea7m s\u1ebd t\u1ea1o c\u1ea3m gi\u00e1c \u1ea5m c\u00fang v\u00e0 sang tr\u1ecdng cho ph\u00f2ng ng\u1ee7.<\/span><span style=\"font-weight: 400;\"><br \/>\n<\/span><\/li>\n<li style=\"font-weight: 400;\" aria-level=\"1\"><b>Kh\u1ea3 n\u0103ng l\u01b0u tr\u1eef<\/b><span style=\"font-weight: 400;\">: B\u00e0n trang \u0111i\u1ec3m kh\u00f4ng ch\u1ec9 l\u00e0 n\u01a1i \u0111\u1ec3 b\u1ea1n trang \u0111i\u1ec3m m\u00e0 c\u00f2n c\u1ea7n c\u00f3 \u0111\u1ee7 kh\u00f4ng gian l\u01b0u tr\u1eef m\u1ef9 ph\u1ea9m, \u0111\u1ed3 trang s\u1ee9c v\u00e0 c\u00e1c v\u1eadt d\u1ee5ng c\u00e1 nh\u00e2n. Ch\u1ecdn b\u00e0n trang \u0111i\u1ec3m g\u1ed7 c\u00f4ng nghi\u1ec7p v\u1edbi nhi\u1ec1u ng\u0103n k\u00e9o, k\u1ec7 t\u1ee7 s\u1ebd gi\u00fap b\u1ea1n d\u1ec5 d\u00e0ng s\u1eafp x\u1ebfp \u0111\u1ed3 \u0111\u1ea1c m\u1ed9t c\u00e1ch ng\u0103n n\u1eafp v\u00e0 ti\u1ec7n l\u1ee3i.<\/span><\/li>\n<\/ul>\n<h2 style=\"text-align: justify;\"><b>4. M\u1ed9t s\u1ed1 m\u1eabu b\u00e0n trang \u0111i\u1ec3m g\u1ed7 c\u00f4ng nghi\u1ec7p \u0111\u1eb9p \u0111\u01b0\u1ee3c \u01b0a chu\u1ed9ng<\/b><\/h2>\n<p style=\"text-align: justify;\"><span style=\"font-weight: 400;\">T\u1ea1i Nh\u1ea5t Nam, ch\u00fang t\u00f4i cung c\u1ea5p r\u1ea5t nhi\u1ec1u m\u1eabu b\u00e0n trang \u0111i\u1ec3m g\u1ed7 c\u00f4ng nghi\u1ec7p v\u1edbi thi\u1ebft k\u1ebf tinh t\u1ebf v\u00e0 ch\u1ea5t l\u01b0\u1ee3ng v\u01b0\u1ee3t tr\u1ed9i. D\u01b0\u1edbi \u0111\u00e2y l\u00e0 m\u1ed9t s\u1ed1 m\u1eabu b\u00e0n trang \u0111i\u1ec3m \u0111\u01b0\u1ee3c kh\u00e1ch h\u00e0ng \u01b0a chu\u1ed9ng:<\/span><\/p>\n<figure id=\"attachment_6623\" aria-describedby=\"caption-attachment-6623\" style=\"width: 736px\" class=\"wp-caption aligncenter\"><img loading=\"lazy\" decoding=\"async\" class=\"wp-image-6623 size-full\" src=\"https:\/\/nhatnam.org\/wp-content\/uploads\/2025\/04\/ban_trang_diem_go_cong_nghiep10.jpg\" alt=\"B\u00e0n Trang \u0110i\u1ec3m G\u1ed7 C\u00f4ng Nghi\u1ec7p\" width=\"736\" height=\"736\" \/><figcaption id=\"caption-attachment-6623\" class=\"wp-caption-text\">M\u1eabu b\u00e0n ph\u1ea5n \u0111\u1eb9p hi\u1ec7n \u0111\u1ea1i<\/figcaption><\/figure>\n<figure id=\"attachment_6622\" aria-describedby=\"caption-attachment-6622\" style=\"width: 736px\" class=\"wp-caption aligncenter\"><img loading=\"lazy\" decoding=\"async\" class=\"wp-image-6622 size-full\" src=\"https:\/\/nhatnam.org\/wp-content\/uploads\/2025\/04\/ban_trang_diem_go_cong_nghiep09.jpg\" alt=\"B\u00e0n Trang \u0110i\u1ec3m G\u1ed7 C\u00f4ng Nghi\u1ec7p\" width=\"736\" height=\"736\" \/><figcaption id=\"caption-attachment-6622\" class=\"wp-caption-text\">M\u1eabu b\u00e0n trang \u0111i\u1ec3m MDF \u0111\u1eb9p<\/figcaption><\/figure>\n<figure id=\"attachment_6621\" aria-describedby=\"caption-attachment-6621\" style=\"width: 736px\" class=\"wp-caption aligncenter\"><img loading=\"lazy\" decoding=\"async\" class=\"wp-image-6621\" src=\"https:\/\/nhatnam.org\/wp-content\/uploads\/2025\/04\/ban_trang_diem_go_cong_nghiep08-300x300.jpg\" alt=\"b\u00e0n trang \u0111i\u1ec3m g\u1ed7 c\u00f4ng nghi\u1ec7p\" width=\"736\" height=\"736\" \/><figcaption id=\"caption-attachment-6621\" class=\"wp-caption-text\">M\u1eabu b\u00e0n trang \u0111i\u1ec3m v\u00e1n \u00e9p \u0111\u01a1n gi\u1ea3n<\/figcaption><\/figure>\n<figure id=\"attachment_6620\" aria-describedby=\"caption-attachment-6620\" style=\"width: 736px\" class=\"wp-caption aligncenter\"><img loading=\"lazy\" decoding=\"async\" class=\"wp-image-6620 size-full\" src=\"https:\/\/nhatnam.org\/wp-content\/uploads\/2025\/04\/ban_trang_diem_go_cong_nghiep07.jpg\" alt=\"B\u00e0n Trang \u0110i\u1ec3m G\u1ed7 C\u00f4ng Nghi\u1ec7p\" width=\"736\" height=\"824\" \/><figcaption id=\"caption-attachment-6620\" class=\"wp-caption-text\">M\u1eabu b\u00e0n trang \u0111i\u1ec3m g\u1ed7 c\u00f4ng nghi\u1ec7p hi\u1ec7n \u0111\u1ea1i, \u0111\u1eb9p<\/figcaption><\/figure>\n<h2 style=\"text-align: justify;\"><b>5. B\u00e1o gi\u00e1 b\u00e0n trang \u0111i\u1ec3m g\u1ed7 c\u00f4ng nghi\u1ec7p<\/b><\/h2>\n<p style=\"text-align: justify;\"><span style=\"font-weight: 400;\">B\u00e0n trang \u0111i\u1ec3m g\u1ed7 c\u00f4ng nghi\u1ec7p ng\u00e0y c\u00e0ng \u0111\u01b0\u1ee3c \u01b0a chu\u1ed9ng nh\u1edd thi\u1ebft k\u1ebf hi\u1ec7n \u0111\u1ea1i, m\u00e0u s\u1eafc phong ph\u00fa v\u00e0 m\u1ee9c gi\u00e1 ph\u00f9 h\u1ee3p v\u1edbi nhi\u1ec1u \u0111\u1ed1i t\u01b0\u1ee3ng ng\u01b0\u1eddi d\u00f9ng. T\u00f9y v\u00e0o ch\u1ea5t li\u1ec7u ph\u1ee7 b\u1ec1 m\u1eb7t nh\u01b0 Melamine, Laminate hay Acrylic, c\u00f9ng ki\u1ec3u d\u00e1ng v\u00e0 k\u00edch th\u01b0\u1edbc, gi\u00e1 b\u00e0n trang \u0111i\u1ec3m g\u1ed7 c\u00f4ng nghi\u1ec7p c\u00f3 th\u1ec3 dao \u0111\u1ed9ng linh ho\u1ea1t, \u0111\u00e1p \u1ee9ng t\u1ed1t c\u1ea3 nhu c\u1ea7u ph\u1ed5 th\u00f4ng l\u1eabn cao c\u1ea5p.<\/span><\/p>\n<p style=\"text-align: justify;\"><span style=\"font-weight: 400;\">T\u1ea1i Nh\u1ea5t Nam, ch\u00fang t\u00f4i cam k\u1ebft mang \u0111\u1ebfn m\u1ee9c gi\u00e1 b\u00e0n trang \u0111i\u1ec3m g\u1ed7 c\u00f4ng nghi\u1ec7p h\u1ee3p l\u00fd \u0111i k\u00e8m ch\u1ea5t l\u01b0\u1ee3ng v\u01b0\u1ee3t tr\u1ed9i, gi\u00fap b\u1ea1n d\u1ec5 d\u00e0ng s\u1edf h\u1eefu m\u1ed9t g\u00f3c l\u00e0m \u0111\u1eb9p tinh t\u1ebf m\u00e0 kh\u00f4ng lo v\u01b0\u1ee3t ng\u00e2n s\u00e1ch. Ch\u00fang t\u00f4i tin r\u1eb1ng, l\u1ef1a ch\u1ecdn \u0111\u00fang s\u1ea3n ph\u1ea9m s\u1ebd l\u00e0 b\u01b0\u1edbc \u0111\u1ea7u ti\u00ean \u0111\u1ec3 b\u1ea1n ch\u0103m s\u00f3c b\u1ea3n th\u00e2n m\u1ed9t c\u00e1ch ch\u1ec9n chu v\u00e0 \u0111\u1ea7y c\u1ea3m h\u1ee9ng m\u1ed7i ng\u00e0y.<\/span><\/p>\n<p style=\"text-align: justify;\">N\u1ebfu b\u1ea1n \u0111ang t\u00ecm ki\u1ebfm m\u1ed9t chi\u1ebfc b\u00e0n trang \u0111i\u1ec3m v\u1eeba tinh t\u1ebf, b\u1ec1n \u0111\u1eb9p l\u1ea1i ph\u00f9 h\u1ee3p ho\u00e0n h\u1ea3o v\u1edbi kh\u00f4ng gian s\u1ed1ng, Nh\u1ea5t Nam ch\u00ednh l\u00e0 n\u01a1i b\u1ea1n c\u00f3 th\u1ec3 g\u1eedi g\u1eafm ni\u1ec1m tin. Ch\u00fang t\u00f4i lu\u00f4n s\u1eb5n s\u00e0ng \u0111\u1ed3ng h\u00e0nh, l\u1eafng nghe v\u00e0 mang \u0111\u1ebfn nh\u1eefng gi\u1ea3i ph\u00e1p thi\u1ebft k\u1ebf t\u1ed1i \u01b0u \u2013 d\u00e0nh ri\u00eang cho b\u1ea1n.<\/p>\n<h2 style=\"text-align: justify;\"><b>6. L\u00fd do n\u00ean ch\u1ecdn mua b\u00e0n trang \u0111i\u1ec3m g\u1ed7 c\u00f4ng nghi\u1ec7p t\u1ea1i Nh\u1ea5t Nam<\/b><\/h2>\n<p style=\"text-align: justify;\"><span style=\"font-weight: 400;\">Nh\u1ea5t Nam kh\u00f4ng ch\u1ec9 cung c\u1ea5p b\u00e0n trang \u0111i\u1ec3m g\u1ed7 c\u00f4ng nghi\u1ec7p \u0111\u1eb9p m\u1eaft m\u00e0 c\u00f2n cam k\u1ebft mang \u0111\u1ebfn s\u1ef1 h\u00e0i l\u00f2ng tuy\u1ec7t \u0111\u1ed1i cho kh\u00e1ch h\u00e0ng.<\/span><\/p>\n<p style=\"text-align: justify;\"><b>S\u1ea3n ph\u1ea9m ch\u1ea5t l\u01b0\u1ee3ng cao: <\/b><span style=\"font-weight: 400;\">T\u1ea5t c\u1ea3 c\u00e1c m\u1eabu b\u00e0n trang \u0111i\u1ec3m g\u1ed7 c\u00f4ng nghi\u1ec7p t\u1ea1i Nh\u1ea5t Nam \u0111\u1ec1u \u0111\u01b0\u1ee3c s\u1ea3n xu\u1ea5t t\u1eeb c\u00e1c lo\u1ea1i g\u1ed7 c\u00f4ng nghi\u1ec7p ch\u1ea5t l\u01b0\u1ee3ng cao, \u0111\u1ea3m b\u1ea3o \u0111\u1ed9 b\u1ec1n v\u00e0 t\u00ednh th\u1ea9m m\u1ef9 l\u00e2u d\u00e0i.<\/span><\/p>\n<p style=\"text-align: justify;\"><b>\u0110a d\u1ea1ng m\u1eabu m\u00e3 v\u00e0 phong c\u00e1ch: <\/b><span style=\"font-weight: 400;\">Ch\u00fang t\u00f4i cung c\u1ea5p nhi\u1ec1u m\u1eabu m\u00e3 b\u00e0n trang \u0111i\u1ec3m ph\u00f9 h\u1ee3p v\u1edbi m\u1ecdi phong c\u00e1ch ph\u00f2ng ng\u1ee7. D\u00f9 b\u1ea1n y\u00eau th\u00edch thi\u1ebft k\u1ebf hi\u1ec7n \u0111\u1ea1i, c\u1ed5 \u0111i\u1ec3n hay t\u1ed1i gi\u1ea3n, Nh\u1ea5t Nam \u0111\u1ec1u c\u00f3 gi\u1ea3i ph\u00e1p ph\u00f9 h\u1ee3p.<\/span><\/p>\n<p style=\"text-align: justify;\"><b>Ch\u00ednh s\u00e1ch b\u1ea3o h\u00e0nh t\u1ed1t: <\/b><span style=\"font-weight: 400;\">M\u1ed7i s\u1ea3n ph\u1ea9m c\u1ee7a Nh\u1ea5t Nam \u0111\u1ec1u c\u00f3 ch\u00ednh s\u00e1ch b\u1ea3o h\u00e0nh d\u00e0i h\u1ea1n. N\u1ebfu c\u00f3 b\u1ea5t k\u1ef3 s\u1ef1 c\u1ed1 n\u00e0o x\u1ea3y ra trong qu\u00e1 tr\u00ecnh s\u1eed d\u1ee5ng, ch\u00fang t\u00f4i s\u1ebd h\u1ed7 tr\u1ee3 s\u1eeda ch\u1eefa ho\u1eb7c \u0111\u1ed5i m\u1edbi s\u1ea3n ph\u1ea9m.<\/span><\/p>\n<p style=\"text-align: justify;\"><b>D\u1ecbch v\u1ee5 ch\u0103m s\u00f3c kh\u00e1ch h\u00e0ng t\u1eadn t\u00e2m: <\/b><span style=\"font-weight: 400;\">\u0110\u1ed9i ng\u0169 nh\u00e2n vi\u00ean c\u1ee7a Nh\u1ea5t Nam lu\u00f4n s\u1eb5n s\u00e0ng t\u01b0 v\u1ea5n v\u00e0 h\u1ed7 tr\u1ee3 b\u1ea1n trong su\u1ed1t qu\u00e1 tr\u00ecnh mua s\u1eafm, gi\u00fap b\u1ea1n ch\u1ecdn \u0111\u01b0\u1ee3c chi\u1ebfc b\u00e0n trang \u0111i\u1ec3m ho\u00e0n h\u1ea3o cho kh\u00f4ng gian ph\u00f2ng ng\u1ee7.<\/span><\/p>\n<p style=\"text-align: justify;\"><span style=\"font-weight: 400;\">B\u00e0n trang \u0111i\u1ec3m g\u1ed7 c\u00f4ng nghi\u1ec7p l\u00e0 l\u1ef1a ch\u1ecdn l\u00fd t\u01b0\u1edfng cho nh\u1eefng ai mu\u1ed1n c\u00f3 m\u1ed9t s\u1ea3n ph\u1ea9m \u0111\u1eb9p, b\u1ec1n v\u00e0 ti\u1ec7n d\u1ee5ng. T\u1ea1i Nh\u1ea5t Nam, ch\u00fang t\u00f4i mang \u0111\u1ebfn cho b\u1ea1n nh\u1eefng m\u1eabu b\u00e0n trang \u0111i\u1ec3m g\u1ed7 c\u00f4ng nghi\u1ec7p \u0111a d\u1ea1ng v\u1ec1 ki\u1ec3u d\u00e1ng, ch\u1ea5t li\u1ec7u v\u00e0 m\u00e0u s\u1eafc, v\u1edbi m\u1ee9c gi\u00e1 h\u1ee3p l\u00fd. H\u00e3y li\u00ean h\u1ec7 <\/span><a href=\"https:\/\/www.facebook.com\/ctynhatnam2011\" target=\"_blank\" rel=\"noopener\"><b>Nh\u1ea5t Nam<\/b><\/a><span style=\"font-weight: 400;\"> \u0111\u1ec3 l\u1ef1a ch\u1ecdn chi\u1ebfc b\u00e0n trang \u0111i\u1ec3m ho\u00e0n h\u1ea3o cho ph\u00f2ng ng\u1ee7 c\u1ee7a b\u1ea1n, gi\u00fap b\u1ea1n c\u00f3 kh\u00f4ng gian th\u01b0 gi\u00e3n v\u00e0 ch\u0103m s\u00f3c b\u1ea3n th\u00e2n t\u1ed1t nh\u1ea5t!<\/span><\/p>\n","protected":false},"excerpt":{"rendered":"<p style=\"text-align: justify;\"><span style=\"font-weight: 400;\">B\u00e0n trang \u0111i\u1ec3m l\u00e0 m\u1ed9t trong nh\u1eefng m\u00f3n \u0111\u1ed3 n\u1ed9i th\u1ea5t quan tr\u1ecdng trong ph\u00f2ng ng\u1ee7 c\u1ee7a m\u1ed7i gia \u0111\u00ecnh. \u0110\u1eb7c bi\u1ec7t, v\u1edbi s\u1ef1 ph\u00e1t tri\u1ec3n m\u1ea1nh m\u1ebd c\u1ee7a ng\u00e0nh c\u00f4ng nghi\u1ec7p n\u1ed9i th\u1ea5t, b\u00e0n trang \u0111i\u1ec3m g\u1ed7 c\u00f4ng nghi\u1ec7p \u0111\u00e3 tr\u1edf th\u00e0nh l\u1ef1a ch\u1ecdn ph\u1ed5 bi\u1ebfn v\u00ec t\u00ednh th\u1ea9m m\u1ef9, \u0111\u1ed9 b\u1ec1n cao v\u00e0 gi\u00e1 th\u00e0nh h\u1ee3p l\u00fd. Trong b\u00e0i vi\u1ebft n\u00e0y, ch\u00fang ta s\u1ebd c\u00f9ng kh\u00e1m ph\u00e1 c\u00e1c ti\u00eau ch\u00ed \u0111\u1ec3 l\u1ef1a ch\u1ecdn b\u00e0n trang \u0111i\u1ec3m g\u1ed7 c\u00f4ng nghi\u1ec7p ph\u00f9 h\u1ee3p, nh\u1eefng m\u1eabu b\u00e0n trang \u0111i\u1ec3m g\u1ed7 c\u00f4ng nghi\u1ec7p \u0111\u01b0\u1ee3c \u01b0a chu\u1ed9ng nh\u1ea5t v\u00e0 b\u00e1o gi\u00e1 c\u1ee5 th\u1ec3 t\u1ea1i Nh\u1ea5t Nam.<\/span><\/p>\n","protected":false},"featured_media":1862,"comment_status":"open","ping_status":"closed","template":"","meta":{"_acf_changed":false,"_gspb_post_css":""},"book-author":[],"product_brand":[],"product_cat":[129,104],"product_tag":[],"class_list":{"0":"post-1863","1":"product","2":"type-product","3":"status-publish","4":"has-post-thumbnail","6":"product_cat-ban-trang-diem","7":"product_cat-noi-that-phong-ngu","9":"first","10":"instock","11":"shipping-taxable","12":"product-type-simple"},"acf":[],"_links":{"self":[{"href":"https:\/\/nhatnam.libion.me\/index.php\/wp-json\/wp\/v2\/product\/1863","targetHints":{"allow":["GET"]}}],"collection":[{"href":"https:\/\/nhatnam.libion.me\/index.php\/wp-json\/wp\/v2\/product"}],"about":[{"href":"https:\/\/nhatnam.libion.me\/index.php\/wp-json\/wp\/v2\/types\/product"}],"replies":[{"embeddable":true,"href":"https:\/\/nhatnam.libion.me\/index.php\/wp-json\/wp\/v2\/comments?post=1863"}],"wp:featuredmedia":[{"embeddable":true,"href":"https:\/\/nhatnam.libion.me\/index.php\/wp-json\/wp\/v2\/media\/1862"}],"wp:attachment":[{"href":"https:\/\/nhatnam.libion.me\/index.php\/wp-json\/wp\/v2\/media?parent=1863"}],"wp:term":[{"taxonomy":"book-author","embeddable":true,"href":"https:\/\/nhatnam.libion.me\/index.php\/wp-json\/wp\/v2\/book-author?post=1863"},{"taxonomy":"product_brand","embeddable":true,"href":"https:\/\/nhatnam.libion.me\/index.php\/wp-json\/wp\/v2\/product_brand?post=1863"},{"taxonomy":"product_cat","embeddable":true,"href":"https:\/\/nhatnam.libion.me\/index.php\/wp-json\/wp\/v2\/product_cat?post=1863"},{"taxonomy":"product_tag","embeddable":true,"href":"https:\/\/nhatnam.libion.me\/index.php\/wp-json\/wp\/v2\/product_tag?post=1863"}],"curies":[{"name":"wp","href":"https:\/\/api.w.org\/{rel}","templated":true}]}}