{"id":1842,"date":"2026-04-07T10:28:33","date_gmt":"2026-04-07T10:28:33","guid":{"rendered":"https:\/\/nhatnam.libion.me\/index.php\/product\/giuong-go-mdf-phu-melamine\/"},"modified":"2026-04-07T10:28:42","modified_gmt":"2026-04-07T10:28:42","slug":"giuong-go-mdf-phu-melamine","status":"publish","type":"product","link":"https:\/\/nhatnam.libion.me\/index.php\/product\/giuong-go-mdf-phu-melamine\/","title":{"rendered":"Gi\u01b0\u1eddng G\u1ed7 MDF Ph\u1ee7 Melamine\u00a0\u00a0"},"content":{"rendered":"<p style=\"text-align: justify;\"><a href=\"http:\/\/Gi\u01b0\u1eddng G\u1ed7 MDF Ph\u1ee7 Melamine\"><b>Gi\u01b0\u1eddng g\u1ed7 MDF ph\u1ee7 Melamine<\/b><\/a><span style=\"font-weight: 400;\"> \u0111ang l\u00e0 l\u1ef1a ch\u1ecdn h\u00e0ng \u0111\u1ea7u c\u1ee7a nhi\u1ec1u gia \u0111\u00ecnh hi\u1ec7n \u0111\u1ea1i nh\u1edd thi\u1ebft k\u1ebf tinh t\u1ebf, \u0111\u1ed9 b\u1ec1n v\u01b0\u1ee3t tr\u1ed9i v\u00e0 gi\u00e1 th\u00e0nh h\u1ee3p l\u00fd. Kh\u00f4ng ch\u1ec9 mang \u0111\u1ebfn kh\u00f4ng gian ngh\u1ec9 ng\u01a1i tho\u1ea3i m\u00e1i, s\u1ea3n ph\u1ea9m c\u00f2n g\u00f3p ph\u1ea7n t\u00f4n l\u00ean v\u1ebb \u0111\u1eb9p sang tr\u1ecdng cho ph\u00f2ng ng\u1ee7. N\u1ebfu b\u1ea1n \u0111ang t\u00ecm ki\u1ebfm m\u1ed9t m\u1eabu gi\u01b0\u1eddng v\u1eeba b\u1ec1n \u0111\u1eb9p, v\u1eeba d\u1ec5 ph\u1ed1i n\u1ed9i th\u1ea5t th\u00ec gi\u01b0\u1eddng g\u1ed7 MDF ph\u1ee7 Melamine ch\u00ednh l\u00e0 gi\u1ea3i ph\u00e1p ho\u00e0n h\u1ea3o. H\u00e3y c\u00f9ng <\/span><b>Nh\u1ea5t Nam<\/b><span style=\"font-weight: 400;\"> kh\u00e1m ph\u00e1 l\u00fd do t\u1ea1i sao lo\u1ea1i gi\u01b0\u1eddng n\u00e0y l\u1ea1i thu h\u00fat s\u1ef1 ch\u00fa \u00fd c\u1ee7a ng\u01b0\u1eddi ti\u00eau d\u00f9ng.<\/span><\/p>\n<h2 style=\"text-align: justify;\"><b>1. Gi\u1edbi thi\u1ec7u v\u1ec1 gi\u01b0\u1eddng g\u1ed7 MDF ph\u1ee7 Melamine\u00a0<\/b><\/h2>\n<figure id=\"attachment_6576\" aria-describedby=\"caption-attachment-6576\" style=\"width: 1280px\" class=\"wp-caption aligncenter\"><img loading=\"lazy\" decoding=\"async\" class=\"wp-image-6576 size-full\" src=\"https:\/\/nhatnam.org\/wp-content\/uploads\/2025\/04\/giuong_go_mdf-_phu_melamin-2.jpg\" alt=\"\" width=\"1280\" height=\"960\" \/><figcaption id=\"caption-attachment-6576\" class=\"wp-caption-text\">C\u00e1c lo\u1ea1i v\u00e1n g\u1ed7 c\u00f4ng nghi\u1ec7p ph\u1ed5 bi\u1ebfn \u0111\u01b0\u1ee3c d\u00f9ng l\u00e0m gi\u01b0\u1eddng ng\u1ee7 g\u1ed7 MDF ph\u1ee7 melamine<\/figcaption><\/figure>\n<h3 style=\"text-align: justify;\"><b>1.1. Gi\u01b0\u1eddng g\u1ed7 MDF ph\u1ee7 Melamine l\u00e0 g\u00ec?<\/b><\/h3>\n<p style=\"text-align: justify;\"><span style=\"font-weight: 400;\">Gi\u01b0\u1eddng g\u1ed7 MDF ph\u1ee7 Melamine l\u00e0 lo\u1ea1i gi\u01b0\u1eddng \u0111\u01b0\u1ee3c l\u00e0m t\u1eeb v\u1eadt li\u1ec7u g\u1ed7 MDF (Medium Density Fiberboard) \u2013 m\u1ed9t lo\u1ea1i g\u1ed7 c\u00f4ng nghi\u1ec7p \u0111\u01b0\u1ee3c s\u1ea3n xu\u1ea5t t\u1eeb s\u1ee3i g\u1ed7 t\u1ef1 nhi\u00ean k\u1ebft h\u1ee3p v\u1edbi keo v\u00e0 \u00e9p \u1edf nhi\u1ec7t \u0111\u1ed9 cao. B\u1ec1 m\u1eb7t g\u1ed7 MDF sau khi \u0111\u01b0\u1ee3c gia c\u00f4ng s\u1ebd \u0111\u01b0\u1ee3c ph\u1ee7 m\u1ed9t l\u1edbp Melamine\u00a0 \u2013 m\u1ed9t l\u1edbp ph\u1ee7 nh\u1ef1a t\u1ed5ng h\u1ee3p c\u00f3 \u0111\u1ed9 b\u1ec1n cao, ch\u1ed1ng x\u01b0\u1edbc v\u00e0 ch\u1ed1ng th\u1ea5m n\u01b0\u1edbc hi\u1ec7u qu\u1ea3.<\/span><\/p>\n<p style=\"text-align: justify;\"><span style=\"font-weight: 400;\">L\u1edbp Melamine kh\u00f4ng ch\u1ec9 b\u1ea3o v\u1ec7 gi\u01b0\u1eddng kh\u1ecfi nh\u1eefng t\u00e1c \u0111\u1ed9ng c\u1ee7a m\u00f4i tr\u01b0\u1eddng m\u00e0 c\u00f2n t\u1ea1o ra m\u1ed9t l\u1edbp b\u1ec1 m\u1eb7t m\u1ecbn m\u00e0ng, d\u1ec5 d\u00e0ng v\u1ec7 sinh v\u00e0 b\u1ea3o qu\u1ea3n. \u0110\u1ed3ng th\u1eddi, b\u1ec1 m\u1eb7t Melamine\u00a0 c\u00f2n gi\u00fap t\u0103ng t\u00ednh th\u1ea9m m\u1ef9 c\u1ee7a s\u1ea3n ph\u1ea9m v\u1edbi c\u00e1c m\u00e0u s\u1eafc, v\u00e2n g\u1ed7 \u0111a d\u1ea1ng, gi\u00fap b\u1ea1n d\u1ec5 d\u00e0ng l\u1ef1a ch\u1ecdn ph\u00f9 h\u1ee3p v\u1edbi phong c\u00e1ch n\u1ed9i th\u1ea5t c\u1ee7a m\u00ecnh.<\/span><\/p>\n<h3 style=\"text-align: justify;\"><b>1.2. T\u1ea1i sao gi\u01b0\u1eddng g\u1ed7 MDF ph\u1ee7 Melamine l\u1ea1i \u0111\u01b0\u1ee3c \u01b0a chu\u1ed9ng?<\/b><\/h3>\n<p style=\"text-align: justify;\"><span style=\"font-weight: 400;\">S\u1ef1 k\u1ebft h\u1ee3p gi\u1eefa g\u1ed7 MDF v\u00e0 Melamine mang l\u1ea1i r\u1ea5t nhi\u1ec1u l\u1ee3i \u00edch cho ng\u01b0\u1eddi s\u1eed d\u1ee5ng. \u0110\u1ea7u ti\u00ean, gi\u01b0\u1eddng ng\u1ee7 l\u00e0m t\u1eeb MDF c\u00f3 \u0111\u1ed9 b\u1ec1n r\u1ea5t cao, kh\u00f4ng b\u1ecb cong v\u00eanh, m\u1ed1i m\u1ecdt nh\u01b0 g\u1ed7 t\u1ef1 nhi\u00ean. Th\u00eam v\u00e0o \u0111\u00f3, l\u1edbp ph\u1ee7 Melamine\u00a0 b\u1ea3o v\u1ec7 gi\u01b0\u1eddng kh\u1ecfi c\u00e1c t\u00e1c \u0111\u1ed9ng t\u1eeb m\u00f4i tr\u01b0\u1eddng nh\u01b0 nhi\u1ec7t \u0111\u1ed9 cao, \u0111\u1ed9 \u1ea9m, v\u00e0 c\u00e1c v\u1ebft b\u1ea9n th\u00f4ng th\u01b0\u1eddng.<\/span><\/p>\n<p style=\"text-align: justify;\"><span style=\"font-weight: 400;\">Ngo\u00e0i ra, gi\u01b0\u1eddng ng\u1ee7 g\u1ed7 MDF ph\u1ee7 Melamine c\u00f2n c\u00f3 gi\u00e1 th\u00e0nh h\u1ee3p l\u00fd, ph\u00f9 h\u1ee3p v\u1edbi nhi\u1ec1u \u0111\u1ed1i t\u01b0\u1ee3ng kh\u00e1ch h\u00e0ng, t\u1eeb nh\u1eefng ng\u01b0\u1eddi c\u00f3 thu nh\u1eadp trung b\u00ecnh \u0111\u1ebfn nh\u1eefng ng\u01b0\u1eddi t\u00ecm ki\u1ebfm c\u00e1c s\u1ea3n ph\u1ea9m n\u1ed9i th\u1ea5t cao c\u1ea5p.<\/span><\/p>\n<h2 style=\"text-align: justify;\"><b>2. \u01afu \u0111i\u1ec3m c\u1ee7a gi\u01b0\u1eddng ng\u1ee7 g\u1ed7 MDF ph\u1ee7 Melamine\u00a0<\/b><\/h2>\n<figure id=\"attachment_6579\" aria-describedby=\"caption-attachment-6579\" style=\"width: 1280px\" class=\"wp-caption aligncenter\"><img loading=\"lazy\" decoding=\"async\" class=\"wp-image-6579 size-full\" src=\"https:\/\/nhatnam.org\/wp-content\/uploads\/2025\/04\/giuong_go_mdf-_phu_melamin-5.jpg\" alt=\"Gi\u01b0\u1eddng G\u1ed7 MDF Ph\u1ee7 Melamine\u00a0\u00a0\" width=\"1280\" height=\"960\" \/><figcaption id=\"caption-attachment-6579\" class=\"wp-caption-text\">M\u1eabu gi\u01b0\u1eddng mdf ph\u1ee7 Melamine ph\u00f9 h\u1ee3p v\u1edbi m\u1ecdi phong c\u00e1ch n\u1ed9i th\u1ea5t<\/figcaption><\/figure>\n<p style=\"text-align: justify;\"><b>\u0110\u1ed9 b\u1ec1n cao\u00a0<\/b><\/p>\n<p style=\"text-align: justify;\"><span style=\"font-weight: 400;\">Gi\u01b0\u1eddng ng\u1ee7 g\u1ed7 MDF ph\u1ee7 Melamine n\u1ed5i b\u1eadt v\u1edbi \u0111\u1ed9 b\u1ec1n v\u01b0\u1ee3t tr\u1ed9i. V\u1edbi c\u1ea5u tr\u00fac d\u00e0y d\u1eb7n, ch\u1ecbu \u0111\u01b0\u1ee3c t\u1ea3i tr\u1ecdng l\u1edbn, gi\u01b0\u1eddng MDF c\u00f3 kh\u1ea3 n\u0103ng ch\u1ed1ng cong v\u00eanh, co ng\u00f3t v\u00e0 m\u1ed1i m\u1ecdt \u2013 v\u1ea5n \u0111\u1ec1 m\u00e0 nhi\u1ec1u ng\u01b0\u1eddi lo ng\u1ea1i khi l\u1ef1a ch\u1ecdn gi\u01b0\u1eddng g\u1ed7 t\u1ef1 nhi\u00ean. S\u1ef1 k\u1ebft h\u1ee3p n\u00e0y gi\u00fap gi\u01b0\u1eddng gi\u1eef \u0111\u01b0\u1ee3c h\u00ecnh d\u00e1ng, v\u1ebb \u0111\u1eb9p trong su\u1ed1t th\u1eddi gian s\u1eed d\u1ee5ng.<\/span><\/p>\n<p style=\"text-align: justify;\"><b>T\u00ednh th\u1ea9m m\u1ef9\u00a0<\/b><\/p>\n<p style=\"text-align: justify;\"><span style=\"font-weight: 400;\">M\u1ed9t trong nh\u1eefng \u01b0u \u0111i\u1ec3m l\u1edbn nh\u1ea5t c\u1ee7a gi\u01b0\u1eddng ng\u1ee7 g\u1ed7 MDF ph\u1ee7 Melamine l\u00e0 t\u00ednh th\u1ea9m m\u1ef9 cao. B\u1ec1 m\u1eb7t Melamine \u0111\u01b0\u1ee3c thi\u1ebft k\u1ebf v\u1edbi nhi\u1ec1u m\u00e0u s\u1eafc, h\u1ecda ti\u1ebft v\u00e0 v\u00e2n g\u1ed7 t\u1ef1 nhi\u00ean kh\u00e1c nhau, mang l\u1ea1i s\u1ef1 l\u1ef1a ch\u1ecdn phong ph\u00fa cho ng\u01b0\u1eddi ti\u00eau d\u00f9ng. D\u00f9 b\u1ea1n y\u00eau th\u00edch phong c\u00e1ch hi\u1ec7n \u0111\u1ea1i, c\u1ed5 \u0111i\u1ec3n hay t\u1ed1i gi\u1ea3n, gi\u01b0\u1eddng ng\u1ee7 g\u1ed7 MDF ph\u1ee7 Melamine \u0111\u1ec1u c\u00f3 th\u1ec3 ph\u00f9 h\u1ee3p v\u1edbi m\u1ecdi kh\u00f4ng gian n\u1ed9i th\u1ea5t.<\/span><\/p>\n<h4 style=\"text-align: justify;\"><b>D\u1ec5 d\u00e0ng v\u1ec7 sinh v\u00e0 b\u1ea3o qu\u1ea3n<\/b><\/h4>\n<p style=\"text-align: justify;\"><span style=\"font-weight: 400;\">Gi\u01b0\u1eddng ng\u1ee7 g\u1ed7 MDF ph\u1ee7 Melamine c\u00f3 b\u1ec1 m\u1eb7t nh\u1eb5n m\u1ecbn, r\u1ea5t d\u1ec5 d\u00e0ng lau ch\u00f9i. Ch\u1ec9 c\u1ea7n d\u00f9ng m\u1ed9t chi\u1ebfc kh\u0103n \u1ea9m ho\u1eb7c dung d\u1ecbch v\u1ec7 sinh nh\u1eb9 nh\u00e0ng l\u00e0 b\u1ea1n c\u00f3 th\u1ec3 gi\u1eef cho gi\u01b0\u1eddng lu\u00f4n s\u1ea1ch s\u1ebd, kh\u00f4ng b\u1ecb b\u00e1m b\u1ea9n hay tr\u1ea7y x\u01b0\u1edbc. \u0110i\u1ec1u n\u00e0y gi\u00fap ti\u1ebft ki\u1ec7m th\u1eddi gian v\u00e0 c\u00f4ng s\u1ee9c cho vi\u1ec7c ch\u0103m s\u00f3c n\u1ed9i th\u1ea5t.<\/span><\/p>\n<h4 style=\"text-align: justify;\"><b>Gi\u00e1 th\u00e0nh h\u1ee3p l\u00fd<\/b><\/h4>\n<p style=\"text-align: justify;\"><span style=\"font-weight: 400;\">So v\u1edbi c\u00e1c lo\u1ea1i gi\u01b0\u1eddng g\u1ed7 t\u1ef1 nhi\u00ean, gi\u01b0\u1eddng ng\u1ee7 g\u1ed7 MDF ph\u1ee7 Melamine c\u00f3 gi\u00e1 th\u00e0nh kh\u00e1 h\u1ee3p l\u00fd, mang l\u1ea1i s\u1ef1 l\u1ef1a ch\u1ecdn t\u1ed1i \u01b0u cho nh\u1eefng gia \u0111\u00ecnh mu\u1ed1n s\u1edf h\u1eefu m\u1ed9t chi\u1ebfc gi\u01b0\u1eddng \u0111\u1eb9p, b\u1ec1n m\u00e0 kh\u00f4ng ph\u1ea3i b\u1ecf ra qu\u00e1 nhi\u1ec1u chi ph\u00ed. \u0110i\u1ec1u n\u00e0y khi\u1ebfn gi\u01b0\u1eddng g\u1ed7 MDF ph\u1ee7 Melamine\u00a0 tr\u1edf th\u00e0nh l\u1ef1a ch\u1ecdn ph\u1ed5 bi\u1ebfn cho nhi\u1ec1u gia \u0111\u00ecnh t\u1ea1i Vi\u1ec7t Nam.<\/span><\/p>\n<h2 style=\"text-align: justify;\"><b>3. C\u00e1c m\u1eabu gi\u01b0\u1eddng ng\u1ee7 g\u1ed7 MDF ph\u1ee7 Melamine t\u1eeb Nh\u1ea5t Nam<\/b><\/h2>\n<p style=\"text-align: justify;\"><b>Nh\u1ea5t Nam<\/b><span style=\"font-weight: 400;\"> l\u00e0 th\u01b0\u01a1ng hi\u1ec7u n\u1ed5i b\u1eadt trong l\u0129nh v\u1ef1c s\u1ea3n xu\u1ea5t n\u1ed9i th\u1ea5t, \u0111\u1eb7c bi\u1ec7t l\u00e0 c\u00e1c m\u1eabu gi\u01b0\u1eddng ng\u1ee7 g\u1ed7 MDF ph\u1ee7 Melamine. C\u00e1c s\u1ea3n ph\u1ea9m gi\u01b0\u1eddng ng\u1ee7 c\u1ee7a Nh\u1ea5t Nam kh\u00f4ng ch\u1ec9 c\u00f3 thi\u1ebft k\u1ebf \u0111\u1eb9p m\u1eaft m\u00e0 c\u00f2n \u0111\u1ea3m b\u1ea3o ch\u1ea5t l\u01b0\u1ee3ng v\u01b0\u1ee3t tr\u1ed9i, \u0111\u00e1p \u1ee9ng nhu c\u1ea7u c\u1ee7a m\u1ecdi kh\u00e1ch h\u00e0ng.<\/span><\/p>\n<h4 style=\"text-align: justify;\"><b>3.1. Gi\u01b0\u1eddng ng\u1ee7 g\u1ed7 MDF ph\u1ee7 Melamine hi\u1ec7n \u0111\u1ea1i<\/b><\/h4>\n<figure id=\"attachment_6577\" aria-describedby=\"caption-attachment-6577\" style=\"width: 1280px\" class=\"wp-caption aligncenter\"><img loading=\"lazy\" decoding=\"async\" class=\"wp-image-6577 size-full\" src=\"https:\/\/nhatnam.org\/wp-content\/uploads\/2025\/04\/giuong_go_mdf-_phu_melamin-3.jpg\" alt=\"Gi\u01b0\u1eddng G\u1ed7 MDF Ph\u1ee7 Melamine\u00a0\u00a0\" width=\"1280\" height=\"960\" \/><figcaption id=\"caption-attachment-6577\" class=\"wp-caption-text\">Gi\u01b0\u1eddng ng\u1ee7 g\u1ed7 mdf melamine thi\u1ebft k\u1ebf \u0111\u01a1n gi\u1ea3n<\/figcaption><\/figure>\n<p style=\"text-align: justify;\"><span style=\"font-weight: 400;\">Nh\u1eefng m\u1eabu gi\u01b0\u1eddng g\u1ed7 MDF ph\u1ee7 Melamine\u00a0 hi\u1ec7n \u0111\u1ea1i c\u1ee7a Nh\u1ea5t Nam c\u00f3 thi\u1ebft k\u1ebf tinh t\u1ebf, \u0111\u01a1n gi\u1ea3n nh\u01b0ng kh\u00f4ng k\u00e9m ph\u1ea7n sang tr\u1ecdng. V\u1edbi nh\u1eefng \u0111\u01b0\u1eddng n\u00e9t s\u1eafc s\u1ea3o, g\u1ecdn g\u00e0ng, ch\u00fang r\u1ea5t ph\u00f9 h\u1ee3p v\u1edbi nh\u1eefng c\u0103n ph\u00f2ng ng\u1ee7 theo phong c\u00e1ch hi\u1ec7n \u0111\u1ea1i, t\u1ed1i gi\u1ea3n. M\u00e0u s\u1eafc c\u1ee7a gi\u01b0\u1eddng c\u0169ng r\u1ea5t \u0111a d\u1ea1ng, t\u1eeb c\u00e1c m\u00e0u s\u1eafc trung t\u00ednh nh\u01b0 tr\u1eafng, x\u00e1m cho \u0111\u1ebfn nh\u1eefng t\u00f4ng m\u00e0u v\u00e2n g\u1ed7 t\u1ef1 nhi\u00ean nh\u01b0 g\u1ed7 s\u1ed3i, g\u1ed7 \u00f3c ch\u00f3.<\/span><\/p>\n<h4 style=\"text-align: justify;\"><b>3.2. Gi\u01b0\u1eddng ng\u1ee7 g\u1ed7 MDF ph\u1ee7 Melamine c\u1ed5 \u0111i\u1ec3n<\/b><\/h4>\n<figure id=\"attachment_6575\" aria-describedby=\"caption-attachment-6575\" style=\"width: 1280px\" class=\"wp-caption aligncenter\"><img loading=\"lazy\" decoding=\"async\" class=\"wp-image-6575 size-full\" src=\"https:\/\/nhatnam.org\/wp-content\/uploads\/2025\/04\/giuong_go_mdf-_phu_melamin-1.jpg\" alt=\"Gi\u01b0\u1eddng G\u1ed7 MDF Ph\u1ee7 Melamine\u00a0\u00a0\" width=\"1280\" height=\"960\" \/><figcaption id=\"caption-attachment-6575\" class=\"wp-caption-text\">Thi\u1ebft k\u1ebf b\u1ec7t li\u1ec1n t\u1ee7 \u0111\u1ea7u gi\u01b0\u1eddng, mang l\u1ea1i c\u1ea3m gi\u00e1c tho\u00e1ng \u0111\u00e3ng v\u00e0 r\u1ed9ng r\u00e3i cho kh\u00f4ng gian<\/figcaption><\/figure>\n<p style=\"text-align: justify;\"><span style=\"font-weight: 400;\">N\u1ebfu b\u1ea1n y\u00eau th\u00edch phong c\u00e1ch c\u1ed5 \u0111i\u1ec3n, Nh\u1ea5t Nam c\u0169ng cung c\u1ea5p c\u00e1c m\u1eabu gi\u01b0\u1eddng g\u1ed7 MDF ph\u1ee7 Melamine v\u1edbi thi\u1ebft k\u1ebf trang nh\u00e3, chi ti\u1ebft t\u1ec9 m\u1ec9. C\u00e1c chi ti\u1ebft ch\u1ea1m kh\u1eafc, hoa v\u0103n tinh t\u1ebf s\u1ebd mang \u0111\u1ebfn cho ph\u00f2ng ng\u1ee7 c\u1ee7a b\u1ea1n v\u1ebb \u0111\u1eb9p sang tr\u1ecdng, qu\u00fd ph\u00e1i.<\/span><\/p>\n<h4 style=\"text-align: justify;\"><b>3.3. Gi\u01b0\u1eddng ng\u1ee7 g\u1ed7 MDF ph\u1ee7 Melamine t\u00edch h\u1ee3p ng\u0103n k\u00e9o<\/b><\/h4>\n<figure id=\"attachment_6582\" aria-describedby=\"caption-attachment-6582\" style=\"width: 1280px\" class=\"wp-caption aligncenter\"><img loading=\"lazy\" decoding=\"async\" class=\"wp-image-6582 size-full\" src=\"https:\/\/nhatnam.org\/wp-content\/uploads\/2025\/04\/Giuong_go_mdf_thong_minh-7.jpg\" alt=\"Gi\u01b0\u1eddng G\u1ed7 MDF Ph\u1ee7 Melamine\u00a0\u00a0\" width=\"1280\" height=\"960\" \/><figcaption id=\"caption-attachment-6582\" class=\"wp-caption-text\">M\u1eabu gi\u01b0\u1eddng g\u1ed7 MDF ki\u1ec3u d\u00e1ng hi\u1ec7n \u0111\u1ea1i, \u0111\u01b0\u1ee3c kh\u00e1ch h\u00e0ng y\u00eau th\u00edch.<\/figcaption><\/figure>\n<p style=\"text-align: justify;\"><span style=\"font-weight: 400;\">\u0110\u1ec3 \u0111\u00e1p \u1ee9ng nhu c\u1ea7u l\u01b0u tr\u1eef trong kh\u00f4ng gian nh\u1ecf h\u1eb9p, Nh\u1ea5t Nam c\u00f2n s\u1ea3n xu\u1ea5t c\u00e1c m\u1eabu gi\u01b0\u1eddng ng\u1ee7 g\u1ed7 MDF ph\u1ee7 Melamine t\u00edch h\u1ee3p ng\u0103n k\u00e9o. \u0110\u00e2y l\u00e0 gi\u1ea3i ph\u00e1p tuy\u1ec7t v\u1eddi cho nh\u1eefng ai c\u1ea7n m\u1ed9t chi\u1ebfc gi\u01b0\u1eddng c\u00f3 th\u1ec3 l\u01b0u tr\u1eef \u0111\u1ed3 \u0111\u1ea1c m\u00e0 kh\u00f4ng l\u00e0m gi\u1ea3m t\u00ednh th\u1ea9m m\u1ef9 c\u1ee7a ph\u00f2ng ng\u1ee7.<\/span><\/p>\n<h3 style=\"text-align: justify;\"><b>4. K\u00edch th\u01b0\u1edbc ti\u00eau chu\u1ea9n c\u1ee7a gi\u01b0\u1eddng ng\u1ee7 g\u1ed7 MDF ph\u1ee7 Melamine<\/b><\/h3>\n<p style=\"text-align: justify;\"><span style=\"font-weight: 400;\">Gi\u01b0\u1eddng ng\u1ee7 g\u1ed7 MDF ph\u1ee7 Melamine l\u00e0 s\u1ef1 k\u1ebft h\u1ee3p ho\u00e0n h\u1ea3o gi\u1eefa \u0111\u1ed9 b\u1ec1n v\u01b0\u1ee3t tr\u1ed9i v\u00e0 t\u00ednh th\u1ea9m m\u1ef9 hi\u1ec7n \u0111\u1ea1i. V\u1edbi nhi\u1ec1u k\u00edch th\u01b0\u1edbc \u0111a d\u1ea1ng, c\u00e1c s\u1ea3n ph\u1ea9m gi\u01b0\u1eddng MDF ph\u1ee7 Melamine kh\u00f4ng ch\u1ec9 gi\u00fap t\u1ed1i \u01b0u kh\u00f4ng gian s\u1ed1ng m\u00e0 c\u00f2n mang \u0111\u1ebfn s\u1ef1 tho\u1ea3i m\u00e1i, d\u1ec5 ch\u1ecbu cho ng\u01b0\u1eddi s\u1eed d\u1ee5ng. D\u01b0\u1edbi \u0111\u00e2y l\u00e0 c\u00e1c k\u00edch th\u01b0\u1edbc ti\u00eau chu\u1ea9n b\u1ea1n c\u1ea7n bi\u1ebft khi l\u1ef1a ch\u1ecdn gi\u01b0\u1eddng ng\u1ee7 cho ph\u00f2ng ng\u1ee7 c\u1ee7a m\u00ecnh:<\/span><\/p>\n<p style=\"text-align: justify;\"><b>Gi\u01b0\u1eddng \u0111\u01a1n<\/b><span style=\"font-weight: 400;\">: 1m x 2m ho\u1eb7c 1m2 x 2m, ph\u00f9 h\u1ee3p cho ph\u00f2ng ng\u1ee7 nh\u1ecf, mang l\u1ea1i kh\u00f4ng gian ngh\u1ec9 ng\u01a1i ti\u1ec7n nghi cho ng\u01b0\u1eddi s\u1ed1ng \u0111\u1ed9c th\u00e2n.<\/span><\/p>\n<p style=\"text-align: justify;\"><b>Gi\u01b0\u1eddng Super Single (1m2)<\/b><span style=\"font-weight: 400;\">: 107cm x 190cm ho\u1eb7c 107cm x 200cm, l\u1ef1a ch\u1ecdn l\u00fd t\u01b0\u1edfng cho nh\u1eefng ai c\u1ea7n kh\u00f4ng gian ng\u1ee7 r\u1ed9ng r\u00e3i h\u01a1n nh\u01b0ng v\u1eabn ti\u1ebft ki\u1ec7m di\u1ec7n t\u00edch.<\/span><\/p>\n<p style=\"text-align: justify;\"><b>Gi\u01b0\u1eddng \u0111\u00f4i<\/b><span style=\"font-weight: 400;\">:<\/span><\/p>\n<ul style=\"text-align: justify;\">\n<li style=\"font-weight: 400;\" aria-level=\"1\"><span style=\"font-weight: 400;\">1m6 x 2m: Gi\u01b0\u1eddng \u0111\u00f4i ph\u1ed5 bi\u1ebfn cho c\u00e1c c\u1eb7p \u0111\u00f4i ho\u1eb7c gia \u0111\u00ecnh nh\u1ecf.<\/span><\/li>\n<li style=\"font-weight: 400;\" aria-level=\"1\"><span style=\"font-weight: 400;\">1m8 x 2m: Mang l\u1ea1i kh\u00f4ng gian tho\u1ea3i m\u00e1i, l\u00fd t\u01b0\u1edfng cho nh\u1eefng ai mu\u1ed1n c\u00f3 m\u1ed9t chi\u1ebfc gi\u01b0\u1eddng r\u1ed9ng r\u00e3i h\u01a1n.<\/span><\/li>\n<li style=\"font-weight: 400;\" aria-level=\"1\"><span style=\"font-weight: 400;\">2m x 2m: Gi\u01b0\u1eddng l\u1edbn cho gia \u0111\u00ecnh c\u00f3 tr\u1ebb nh\u1ecf, mang l\u1ea1i s\u1ef1 tho\u1ea3i m\u00e1i t\u1ed1i \u0111a.<\/span><\/li>\n<li style=\"font-weight: 400;\" aria-level=\"1\"><span style=\"font-weight: 400;\">2m4 x 2m: Gi\u01b0\u1eddng r\u1ed9ng nh\u1ea5t, ph\u00f9 h\u1ee3p cho nh\u1eefng ai y\u00eau th\u00edch kh\u00f4ng gian ng\u1ee7 r\u1ed9ng r\u00e3i.<\/span><\/li>\n<\/ul>\n<h2 style=\"text-align: justify;\"><b>5. Nh\u1ea5t Nam &#8211; \u0110\u01a1n v\u1ecb cung c\u1ea5p m\u1eabu gi\u01b0\u1eddng g\u1ed7 c\u00f4ng nghi\u1ec7p uy t\u00edn<\/b><\/h2>\n<p style=\"text-align: justify;\"><span style=\"font-weight: 400;\">Khi t\u00ecm ki\u1ebfm m\u1ed9t m\u1eabu gi\u01b0\u1eddng ng\u1ee7 v\u1eeba b\u1ec1n ch\u1eafc, v\u1eeba \u0111\u1ea3m b\u1ea3o t\u00ednh th\u1ea9m m\u1ef9, vi\u1ec7c ch\u1ecdn \u0111\u00fang \u0111\u01a1n v\u1ecb thi c\u00f4ng l\u00e0 \u0111i\u1ec1u v\u00f4 c\u00f9ng quan tr\u1ecdng. Nh\u1ea5t Nam t\u1ef1 h\u00e0o l\u00e0 \u0111\u01a1n v\u1ecb chuy\u00ean thi\u1ebft k\u1ebf v\u00e0 s\u1ea3n xu\u1ea5t gi\u01b0\u1eddng g\u1ed7 c\u00f4ng nghi\u1ec7p cao c\u1ea5p, s\u1eed d\u1ee5ng 100% nguy\u00ean li\u1ec7u ch\u00ednh h\u00e3ng t\u1eeb An C\u01b0\u1eddng. V\u1edbi kinh nghi\u1ec7m l\u00e2u n\u0103m, \u0111\u1ed9i ng\u0169 th\u1ee3 l\u00e0nh ngh\u1ec1 v\u00e0 quy tr\u00ecnh l\u00e0m vi\u1ec7c chuy\u00ean nghi\u1ec7p, Nh\u1ea5t Nam cam k\u1ebft mang \u0111\u1ebfn nh\u1eefng s\u1ea3n ph\u1ea9m n\u1ed9i th\u1ea5t ph\u00f2ng ng\u1ee7 ch\u1ec9n chu trong t\u1eebng chi ti\u1ebft, ph\u00f9 h\u1ee3p v\u1edbi nhi\u1ec1u kh\u00f4ng gian v\u00e0 phong c\u00e1ch s\u1ed1ng hi\u1ec7n \u0111\u1ea1i.<\/span><\/p>\n<p style=\"text-align: justify;\"><span style=\"font-weight: 400;\">\ud83d\udc49 Li\u00ean h\u1ec7 ngay v\u1edbi <\/span><a href=\"https:\/\/www.facebook.com\/ctynhatnam2011\" target=\"_blank\" rel=\"noopener\"><b>Nh\u1ea5t Nam<\/b><\/a><span style=\"font-weight: 400;\"> \u0111\u1ec3 \u0111\u01b0\u1ee3c t\u01b0 v\u1ea5n m\u1eabu m\u00e3 ph\u00f9 h\u1ee3p v\u00e0 nh\u1eadn b\u00e1o gi\u00e1 t\u1ed1t nh\u1ea5t cho chi\u1ebfc gi\u01b0\u1eddng l\u00fd t\u01b0\u1edfng c\u1ee7a b\u1ea1n!<\/span><\/p>\n<h2 style=\"text-align: justify;\"><b>6. M\u1ed9t s\u1ed1 m\u1eabu gi\u01b0\u1eddng ng\u1ee7 g\u1ed7 MDF Melamine \u0111\u1eb9p<\/b><\/h2>\n<figure id=\"attachment_6430\" aria-describedby=\"caption-attachment-6430\" style=\"width: 1280px\" class=\"wp-caption aligncenter\"><img loading=\"lazy\" decoding=\"async\" class=\"wp-image-6430 size-full\" src=\"https:\/\/nhatnam.org\/wp-content\/uploads\/2025\/04\/giuong_ngu_go_An_Cuongf06.jpg\" alt=\"Gi\u01b0\u1eddng G\u1ed7 MDF Ph\u1ee7 Melamine\u00a0\u00a0\" width=\"1280\" height=\"960\" \/><figcaption id=\"caption-attachment-6430\" class=\"wp-caption-text\">M\u1eabu gi\u01b0\u1eddng g\u1ed7 MDF ph\u1ee7 melamine c\u00f3 \u0111\u00e8n LED<\/figcaption><\/figure>\n<figure id=\"attachment_6433\" aria-describedby=\"caption-attachment-6433\" style=\"width: 1280px\" class=\"wp-caption aligncenter\"><img loading=\"lazy\" decoding=\"async\" class=\"wp-image-6433 size-full\" src=\"https:\/\/nhatnam.org\/wp-content\/uploads\/2025\/04\/giuong_ngu_go_An_Cuongf09.jpg\" alt=\"Gi\u01b0\u1eddng G\u1ed7 MDF Ph\u1ee7 Melamine\u00a0\u00a0\" width=\"1280\" height=\"960\" \/><figcaption id=\"caption-attachment-6433\" class=\"wp-caption-text\">M\u1eabu gi\u01b0\u1eddng ng\u1ee7 hi\u1ec7n \u0111\u1ea1i<\/figcaption><\/figure>\n<figure id=\"attachment_6583\" aria-describedby=\"caption-attachment-6583\" style=\"width: 1280px\" class=\"wp-caption aligncenter\"><img loading=\"lazy\" decoding=\"async\" class=\"wp-image-6583 size-full\" src=\"https:\/\/nhatnam.org\/wp-content\/uploads\/2025\/04\/Giuong_go_mdf_thong_minh-6.jpg\" alt=\"Gi\u01b0\u1eddng G\u1ed7 MDF Ph\u1ee7 Melamine\u00a0\u00a0\" width=\"1280\" height=\"960\" \/><figcaption id=\"caption-attachment-6583\" class=\"wp-caption-text\">M\u1eabu gi\u01b0\u1eddng g\u1ed7 MDF t\u00edch h\u1ee3p ng\u0103n k\u00e9o<\/figcaption><\/figure>\n<p style=\"text-align: justify;\"><span style=\"font-weight: 400;\">Gi\u01b0\u1eddng ng\u1ee7 g\u1ed7 MDF ph\u1ee7 Melamine\u00a0 l\u00e0 s\u1ef1 l\u1ef1a ch\u1ecdn tuy\u1ec7t v\u1eddi cho nh\u1eefng ai t\u00ecm ki\u1ebfm m\u1ed9t chi\u1ebfc gi\u01b0\u1eddng \u0111\u1eb9p, b\u1ec1n, d\u1ec5 d\u00e0ng b\u1ea3o qu\u1ea3n v\u00e0 c\u00f3 gi\u00e1 th\u00e0nh h\u1ee3p l\u00fd. Nh\u1edd s\u1edf h\u1eefu \u0111\u1ed9 b\u1ec1n cao, v\u1ebb ngo\u00e0i hi\u1ec7n \u0111\u1ea1i v\u00e0 c\u00f4ng n\u0103ng s\u1eed d\u1ee5ng hi\u1ec7u qu\u1ea3, gi\u01b0\u1eddng ng\u1ee7 l\u00e0m t\u1eeb g\u1ed7 MDF ph\u1ee7 Melamine ng\u00e0y c\u00e0ng \u0111\u01b0\u1ee3c nhi\u1ec1u gia \u0111\u00ecnh \u01b0a chu\u1ed9ng trong kh\u00f4ng gian s\u1ed1ng hi\u1ec7n \u0111\u1ea1i. N\u1ebfu b\u1ea1n \u0111ang c\u00f3 nhu c\u1ea7u mua gi\u01b0\u1eddng ng\u1ee7, \u0111\u1eebng qu\u00ean tham kh\u1ea3o c\u00e1c s\u1ea3n ph\u1ea9m gi\u01b0\u1eddng g\u1ed7 MDF ph\u1ee7 Melamine t\u1eeb <\/span><b>Nh\u1ea5t Nam<\/b><span style=\"font-weight: 400;\"> \u2013 th\u01b0\u01a1ng hi\u1ec7u uy t\u00edn v\u1edbi nh\u1eefng s\u1ea3n ph\u1ea9m ch\u1ea5t l\u01b0\u1ee3ng cao, gi\u00e1 th\u00e0nh h\u1ee3p l\u00fd.<\/span><\/p>\n","protected":false},"excerpt":{"rendered":"<p style=\"text-align: justify;\"><b>Gi\u01b0\u1eddng g\u1ed7 MDF ph\u1ee7 Melamine<\/b><span style=\"font-weight: 400;\"> \u0111ang l\u00e0 l\u1ef1a ch\u1ecdn h\u00e0ng \u0111\u1ea7u c\u1ee7a nhi\u1ec1u gia \u0111\u00ecnh hi\u1ec7n \u0111\u1ea1i nh\u1edd thi\u1ebft k\u1ebf tinh t\u1ebf, \u0111\u1ed9 b\u1ec1n v\u01b0\u1ee3t tr\u1ed9i v\u00e0 gi\u00e1 th\u00e0nh h\u1ee3p l\u00fd. Kh\u00f4ng ch\u1ec9 mang \u0111\u1ebfn kh\u00f4ng gian ngh\u1ec9 ng\u01a1i tho\u1ea3i m\u00e1i, s\u1ea3n ph\u1ea9m c\u00f2n g\u00f3p ph\u1ea7n t\u00f4n l\u00ean v\u1ebb \u0111\u1eb9p sang tr\u1ecdng cho ph\u00f2ng ng\u1ee7. N\u1ebfu b\u1ea1n \u0111ang t\u00ecm ki\u1ebfm m\u1ed9t m\u1eabu gi\u01b0\u1eddng v\u1eeba b\u1ec1n \u0111\u1eb9p, v\u1eeba d\u1ec5 ph\u1ed1i n\u1ed9i th\u1ea5t, th\u00ec gi\u01b0\u1eddng g\u1ed7 MDF ph\u1ee7 Melamine ch\u00ednh l\u00e0 gi\u1ea3i ph\u00e1p ho\u00e0n h\u1ea3o.<\/span><\/p>\n","protected":false},"featured_media":1841,"comment_status":"open","ping_status":"closed","template":"","meta":{"_acf_changed":false,"_gspb_post_css":""},"book-author":[],"product_brand":[],"product_cat":[127,104],"product_tag":[],"class_list":{"0":"post-1842","1":"product","2":"type-product","3":"status-publish","4":"has-post-thumbnail","6":"product_cat-giuong-ngu-go-mdf","7":"product_cat-noi-that-phong-ngu","9":"first","10":"instock","11":"shipping-taxable","12":"product-type-simple"},"acf":[],"_links":{"self":[{"href":"https:\/\/nhatnam.libion.me\/index.php\/wp-json\/wp\/v2\/product\/1842","targetHints":{"allow":["GET"]}}],"collection":[{"href":"https:\/\/nhatnam.libion.me\/index.php\/wp-json\/wp\/v2\/product"}],"about":[{"href":"https:\/\/nhatnam.libion.me\/index.php\/wp-json\/wp\/v2\/types\/product"}],"replies":[{"embeddable":true,"href":"https:\/\/nhatnam.libion.me\/index.php\/wp-json\/wp\/v2\/comments?post=1842"}],"wp:featuredmedia":[{"embeddable":true,"href":"https:\/\/nhatnam.libion.me\/index.php\/wp-json\/wp\/v2\/media\/1841"}],"wp:attachment":[{"href":"https:\/\/nhatnam.libion.me\/index.php\/wp-json\/wp\/v2\/media?parent=1842"}],"wp:term":[{"taxonomy":"book-author","embeddable":true,"href":"https:\/\/nhatnam.libion.me\/index.php\/wp-json\/wp\/v2\/book-author?post=1842"},{"taxonomy":"product_brand","embeddable":true,"href":"https:\/\/nhatnam.libion.me\/index.php\/wp-json\/wp\/v2\/product_brand?post=1842"},{"taxonomy":"product_cat","embeddable":true,"href":"https:\/\/nhatnam.libion.me\/index.php\/wp-json\/wp\/v2\/product_cat?post=1842"},{"taxonomy":"product_tag","embeddable":true,"href":"https:\/\/nhatnam.libion.me\/index.php\/wp-json\/wp\/v2\/product_tag?post=1842"}],"curies":[{"name":"wp","href":"https:\/\/api.w.org\/{rel}","templated":true}]}}