{"id":1787,"date":"2026-04-07T10:25:27","date_gmt":"2026-04-07T10:25:27","guid":{"rendered":"https:\/\/nhatnam.libion.me\/index.php\/product\/ban-dao-bep-khung-nhom-kinh-cuong-luc\/"},"modified":"2026-04-07T10:25:56","modified_gmt":"2026-04-07T10:25:56","slug":"ban-dao-bep-khung-nhom-kinh-cuong-luc","status":"publish","type":"product","link":"https:\/\/nhatnam.libion.me\/index.php\/product\/ban-dao-bep-khung-nhom-kinh-cuong-luc\/","title":{"rendered":"B\u00e0n \u0110\u1ea3o B\u1ebfp Khung Nh\u00f4m K\u00ednh C\u01b0\u1eddng L\u1ef1c\u00a0"},"content":{"rendered":"<p style=\"text-align: justify;\"><span style=\"font-weight: 400;\">B\u00e0n \u0111\u1ea3o b\u1ebfp kh\u00f4ng c\u00f2n l\u00e0 m\u00f3n \u0111\u1ed3 xa l\u1ea1 trong c\u00e1c c\u0103n b\u1ebfp hi\u1ec7n \u0111\u1ea1i ng\u00e0y nay. V\u1edbi thi\u1ebft k\u1ebf sang tr\u1ecdng, t\u00ednh n\u0103ng v\u01b0\u1ee3t tr\u1ed9i, b\u00e0n \u0111\u1ea3o b\u1ebfp khung nh\u00f4m k\u00ednh c\u01b0\u1eddng l\u1ef1c c\u1ee7a <\/span><b>Nh\u1ea5t Nam<\/b><span style=\"font-weight: 400;\"> \u0111\u00e3 v\u00e0 \u0111ang tr\u1edf th\u00e0nh l\u1ef1a ch\u1ecdn \u01b0a chu\u1ed9ng c\u1ee7a nhi\u1ec1u gia \u0111\u00ecnh Vi\u1ec7t. Kh\u00f4ng ch\u1ec9 \u0111\u00e1p \u1ee9ng y\u00eau c\u1ea7u v\u1ec1 th\u1ea9m m\u1ef9, s\u1ea3n ph\u1ea9m c\u1ee7a Nh\u1ea5t Nam c\u00f2n n\u1ed5i b\u1eadt v\u1edbi \u0111\u1ed9 b\u1ec1n cao, kh\u1ea3 n\u0103ng ch\u1ecbu l\u1ef1c t\u1ed1t v\u00e0 d\u1ec5 d\u00e0ng v\u1ec7 sinh, b\u1ea3o d\u01b0\u1ee1ng.\u00a0<\/span><\/p>\n<p style=\"text-align: justify;\"><span style=\"font-weight: 400;\">H\u00e3y c\u00f9ng Nh\u1ea5t Nam t\u00ecm hi\u1ec3u chi ti\u1ebft v\u1ec1 s\u1ea3n ph\u1ea9m n\u00e0y trong b\u00e0i vi\u1ebft d\u01b0\u1edbi \u0111\u00e2y.\u00a0<\/span><\/p>\n<h2 style=\"text-align: justify;\"><b>1. Gi\u1edbi thi\u1ec7u v\u1ec1 b\u00e0n \u0111\u1ea3o b\u1ebfp khung nh\u00f4m k\u00ednh c\u01b0\u1eddng l\u1ef1c<\/b><\/h2>\n<figure id=\"attachment_6482\" aria-describedby=\"caption-attachment-6482\" style=\"width: 1280px\" class=\"wp-caption aligncenter\"><img loading=\"lazy\" decoding=\"async\" class=\"wp-image-6482 size-full\" src=\"https:\/\/nhatnam.org\/wp-content\/uploads\/2025\/04\/Dao_bep_nhom07.jpg\" alt=\"B\u00e0n \u0110\u1ea3o B\u1ebfp Khung Nh\u00f4m K\u00ednh C\u01b0\u1eddng L\u1ef1c\u00a0\" width=\"1280\" height=\"960\" \/><figcaption id=\"caption-attachment-6482\" class=\"wp-caption-text\">M\u1eabu \u0111\u1ea3o b\u1ebfp \u0111\u01b0\u1ee3c b\u1ed1 tr\u00ed \u1edf trung t\u00e2m b\u1ebfp<\/figcaption><\/figure>\n<p style=\"text-align: justify;\"><b>B\u00e0n \u0111\u1ea3o b\u1ebfp l\u00e0 g\u00ec?<\/b><\/p>\n<p style=\"text-align: justify;\"><span style=\"font-weight: 400;\">B\u00e0n \u0111\u1ea3o b\u1ebfp l\u00e0 m\u1ed9t ph\u1ea7n kh\u00f4ng th\u1ec3 thi\u1ebfu trong nh\u1eefng kh\u00f4ng gian b\u1ebfp hi\u1ec7n \u0111\u1ea1i, th\u01b0\u1eddng \u0111\u01b0\u1ee3c \u0111\u1eb7t \u1edf trung t\u00e2m b\u1ebfp, gi\u00fap ph\u00e2n chia kh\u00f4ng gian v\u00e0 mang \u0111\u1ebfn s\u1ef1 ti\u1ec7n l\u1ee3i trong vi\u1ec7c chu\u1ea9n b\u1ecb th\u1ef1c ph\u1ea9m, n\u1ea5u n\u01b0\u1edbng ho\u1eb7c th\u1eadm ch\u00ed l\u00e0 n\u01a1i \u0103n s\u00e1ng. S\u1ea3n ph\u1ea9m n\u00e0y kh\u00f4ng ch\u1ec9 l\u00e0 m\u1ed9t chi\u1ebfc b\u00e0n m\u00e0 c\u00f2n l\u00e0 m\u1ed9t ph\u1ea7n trang tr\u00ed, t\u1ea1o \u0111i\u1ec3m nh\u1ea5n cho kh\u00f4ng gian s\u1ed1ng.<\/span><\/p>\n<p style=\"text-align: justify;\"><b>T\u1ea1i sao b\u00e0n \u0111\u1ea3o b\u1ebfp khung nh\u00f4m k\u00ednh c\u01b0\u1eddng l\u1ef1c ng\u00e0y c\u00e0ng ph\u1ed5 bi\u1ebfn?<\/b><\/p>\n<p style=\"text-align: justify;\"><span style=\"font-weight: 400;\">B\u00e0n \u0111\u1ea3o b\u1ebfp c\u1ee7a Nh\u1ea5t Nam mang \u0111\u1ebfn gi\u1ea3i ph\u00e1p ho\u00e0n h\u1ea3o cho nh\u1eefng kh\u00f4ng gian b\u1ebfp sang tr\u1ecdng, nh\u1edd v\u00e0o thi\u1ebft k\u1ebf hi\u1ec7n \u0111\u1ea1i v\u00e0 ch\u1ea5t li\u1ec7u cao c\u1ea5p. Khung nh\u00f4m ch\u1eafc ch\u1eafn k\u1ebft h\u1ee3p v\u1edbi m\u1eb7t k\u00ednh c\u01b0\u1eddng l\u1ef1c t\u1ea1o n\u00ean s\u1ea3n ph\u1ea9m c\u00f3 \u0111\u1ed9 b\u1ec1n v\u01b0\u1ee3t tr\u1ed9i, d\u1ec5 d\u00e0ng v\u1ec7 sinh v\u00e0 b\u1ea3o d\u01b0\u1ee1ng. Ngo\u00e0i ra, s\u1ea3n ph\u1ea9m c\u00f2n mang l\u1ea1i s\u1ef1 sang tr\u1ecdng v\u00e0 tinh t\u1ebf, ph\u00f9 h\u1ee3p v\u1edbi nhi\u1ec1u phong c\u00e1ch n\u1ed9i th\u1ea5t kh\u00e1c nhau.<\/span><\/p>\n<p><b>C\u00f4ng d\u1ee5ng c\u1ee7a b\u00e0n \u0111\u1ea3o b\u1ebfp<\/b><\/p>\n<p><span style=\"font-weight: 400;\">V\u1edbi nh\u1ecbp s\u1ed1ng hi\u1ec7n \u0111\u1ea1i, \u0111\u1ea3o b\u1ebfp \u0111\u00e3 tr\u1edf th\u00e0nh m\u1ed9t ph\u1ea7n kh\u00f4ng th\u1ec3 thi\u1ebfu trong kh\u00f4ng gian b\u1ebfp c\u1ee7a nh\u1eefng b\u00e0 n\u1ed9i tr\u1ee3 tinh t\u1ebf. \u0110\u1ea3o b\u1ebfp kh\u00f4ng ch\u1ec9 mang l\u1ea1i s\u1ef1 ti\u1ec7n l\u1ee3i khi n\u1ea5u n\u01b0\u1edbng m\u00e0 c\u00f2n l\u00e0 \u0111i\u1ec3m nh\u1ea5n \u1ea5n t\u01b0\u1ee3ng cho kh\u00f4ng gian ph\u00f2ng b\u1ebfp, \u0111\u1ed3ng th\u1eddi cung c\u1ea5p nhi\u1ec1u kh\u00f4ng gian l\u00e0m vi\u1ec7c h\u01a1n:\u00a0<\/span><\/p>\n<ul>\n<li><span style=\"font-weight: 400;\">V\u1ecb tr\u00ed c\u1ee7a b\u1ebfp n\u1ea5u, b\u1ebfp n\u01b0\u1edbng v\u00e0 ch\u1eadu r\u1eeda \u0111\u01b0\u1ee3c b\u1ed1 tr\u00ed h\u1ee3p l\u00fd gi\u00fap vi\u1ec7c n\u1ea5u n\u01b0\u1edbng tr\u1edf n\u00ean thu\u1eadn ti\u1ec7n h\u01a1n.<\/span><\/li>\n<li><span style=\"font-weight: 400;\">\u0110\u1ea3o b\u1ebfp gi\u00fap \u0111\u1ea3m b\u1ea3o v\u1ec7 sinh, l\u00e0 n\u01a1i chu\u1ea9n b\u1ecb th\u1ef1c ph\u1ea9m s\u1ea1ch s\u1ebd ho\u1eb7c trang tr\u00ed m\u00f3n \u0103n sau khi n\u1ea5u xong, gi\u1eef cho b\u1ebfp lu\u00f4n g\u1ecdn g\u00e0ng v\u00e0 \u0111\u1ea3m b\u1ea3o v\u1ec7 sinh.<\/span><\/li>\n<li><span style=\"font-weight: 400;\">B\u00ean c\u1ea1nh \u0111\u00f3, \u0111\u1ea3o b\u1ebfp c\u00f2n l\u00e0 kh\u00f4ng gian l\u00fd t\u01b0\u1edfng \u0111\u1ec3 \u0103n s\u00e1ng ho\u1eb7c bi\u1ebfn th\u00e0nh qu\u1ea7y bar, n\u01a1i l\u01b0u gi\u1eef nh\u1eefng kho\u1ea3nh kh\u1eafc gia \u0111\u00ecnh vui v\u1ebb, t\u1ea1o n\u00ean kh\u00f4ng gian \u1ea5m c\u00fang, g\u1eafn k\u1ebft.<\/span><\/li>\n<li><span style=\"font-weight: 400;\">\u0110\u1ea3o b\u1ebfp c\u00f2n c\u00f3 th\u1ec3 thi\u1ebft k\u1ebf v\u1edbi nhi\u1ec1u ng\u0103n k\u00e9o v\u00e0 t\u1ee7 l\u01b0u tr\u1eef, gi\u00fap b\u1ea1n s\u1eafp x\u1ebfp d\u1ee5ng c\u1ee5 b\u1ebfp m\u1ed9t c\u00e1ch khoa h\u1ecdc v\u00e0 g\u1ecdn g\u00e0ng, t\u1ed1i \u01b0u h\u00f3a c\u00f4ng n\u0103ng s\u1eed d\u1ee5ng.<\/span><\/li>\n<li><span style=\"font-weight: 400;\">\u0110\u1ed1i v\u1edbi c\u00e1c c\u0103n b\u1ebfp hi\u1ec7n \u0111\u1ea1i, \u0111\u1ea3o b\u1ebfp kh\u00f4ng ch\u1ec9 l\u00e0 m\u1ed9t c\u00f4ng c\u1ee5 ti\u1ec7n \u00edch m\u00e0 c\u00f2n l\u00e0 \u0111i\u1ec3m nh\u1ea5n sang tr\u1ecdng, th\u1ec3 hi\u1ec7n c\u00e1 t\u00ednh v\u00e0 s\u1ef1 tinh t\u1ebf c\u1ee7a gia ch\u1ee7, n\u00e2ng t\u1ea7m kh\u00f4ng gian s\u1ed1ng.<\/span><\/li>\n<li><span style=\"font-weight: 400;\">Cu\u1ed1i c\u00f9ng, \u0111\u1ea3o b\u1ebfp t\u1ea1o s\u1ef1 linh ho\u1ea1t khi n\u1ea5u n\u01b0\u1edbng. V\u00ec \u0111\u01b0\u1ee3c \u0111\u1eb7t t\u00e1ch bi\u1ec7t v\u1edbi b\u00e0n b\u1ebfp v\u00e0 n\u1eb1m \u1edf trung t\u00e2m ph\u00f2ng, ng\u01b0\u1eddi s\u1eed d\u1ee5ng c\u00f3 th\u1ec3 n\u1ea5u n\u01b0\u1edbng t\u1eeb nhi\u1ec1u h\u01b0\u1edbng kh\u00e1c nhau. \u0110i\u1ec1u n\u00e0y c\u0169ng gi\u00fap c\u00e1c th\u00e0nh vi\u00ean trong gia \u0111\u00ecnh c\u00f3 th\u1ec3 c\u00f9ng nhau tham gia v\u00e0o vi\u1ec7c s\u01a1 ch\u1ebf v\u00e0 ch\u1ebf bi\u1ebfn m\u00f3n \u0103n m\u00e0 kh\u00f4ng c\u1ea3m th\u1ea5y v\u01b0\u1edbng v\u00edu.<\/span><\/li>\n<li><span style=\"font-weight: 400;\">Ngo\u00e0i ra, \u0111\u1ea3o b\u1ebfp c\u0169ng l\u00e0 n\u01a1i l\u00fd t\u01b0\u1edfng \u0111\u1ec3 b\u1ea1n b\u00e0y bi\u1ec7n v\u00e0 trang tr\u00ed m\u00f3n \u0103n tr\u01b0\u1edbc khi mang ra b\u00e0n \u0103n, nh\u1edd v\u00e0o v\u1ecb tr\u00ed g\u1ea7n b\u1ebfp n\u1ea5u, vi\u1ec7c trang tr\u00ed v\u00e0 b\u00e0y bi\u1ec7n tr\u1edf n\u00ean thu\u1eadn ti\u1ec7n v\u00e0 nhanh ch\u00f3ng h\u01a1n.<\/span><\/li>\n<\/ul>\n<h2 style=\"text-align: justify;\"><b>2. \u01afu \u0111i\u1ec3m c\u1ee7a b\u00e0n \u0111\u1ea3o b\u1ebfp khung nh\u00f4m k\u00ednh c\u01b0\u1eddng l\u1ef1c\u00a0<\/b><\/h2>\n<figure id=\"attachment_6481\" aria-describedby=\"caption-attachment-6481\" style=\"width: 1280px\" class=\"wp-caption aligncenter\"><img loading=\"lazy\" decoding=\"async\" class=\"wp-image-6481 size-full\" src=\"https:\/\/nhatnam.org\/wp-content\/uploads\/2025\/04\/Dao_bep_nhom06.jpg\" alt=\"B\u00e0n \u0110\u1ea3o B\u1ebfp Khung Nh\u00f4m K\u00ednh C\u01b0\u1eddng L\u1ef1c\u00a0\" width=\"1280\" height=\"960\" \/><figcaption id=\"caption-attachment-6481\" class=\"wp-caption-text\">\u0110\u1ea3o b\u1ebfp k\u1ebft h\u1ee3p ng\u0103n t\u1ee7 l\u01b0u tr\u1eef<\/figcaption><\/figure>\n<p style=\"text-align: justify;\"><b>\u0110\u1ed9 b\u1ec1n cao v\u00e0 ch\u1ecbu l\u1ef1c t\u1ed1t<\/b><b><br \/>\n<\/b><span style=\"font-weight: 400;\"><a href=\"https:\/\/nhatnam.org\/danh-muc-san-pham\/dao-bep\/\" target=\"_blank\" rel=\"noopener\">\u0110\u1ea3o b\u1ebfp<\/a> c\u1ee7a Nh\u1ea5t Nam s\u1eed d\u1ee5ng nh\u00f4m ch\u1ed1ng g\u1ec9 s\u00e9t k\u1ebft h\u1ee3p v\u1edbi m\u1eb7t k\u00ednh c\u01b0\u1eddng l\u1ef1c c\u00f3 kh\u1ea3 n\u0103ng ch\u1ecbu l\u1ef1c, ch\u1ecbu va \u0111\u1eadp c\u1ef1c t\u1ed1t, gi\u00fap s\u1ea3n ph\u1ea9m lu\u00f4n b\u1ec1n b\u1ec9 qua th\u1eddi gian. B\u1ea1n ho\u00e0n to\u00e0n y\u00ean t\u00e2m s\u1eed d\u1ee5ng s\u1ea3n ph\u1ea9m m\u00e0 kh\u00f4ng ph\u1ea3i lo l\u1eafng v\u1ec1 c\u00e1c t\u00e1c \u0111\u1ed9ng t\u1eeb m\u00f4i tr\u01b0\u1eddng b\u1ebfp.<\/span><\/p>\n<p style=\"text-align: justify;\"><b>Ch\u1ed1ng \u1ea9m v\u00e0 ch\u1ed1ng m\u1ed1i m\u1ecdt<\/b><b><br \/>\n<\/b><span style=\"font-weight: 400;\">B\u00e0n \u0111\u1ea3o b\u1ebfp khung nh\u00f4m k\u00ednh c\u01b0\u1eddng l\u1ef1c c\u1ee7a Nh\u1ea5t Nam ho\u00e0n h\u1ea3o cho nh\u1eefng kh\u00f4ng gian b\u1ebfp c\u00f3 \u0111\u1ed9 \u1ea9m cao, do khung nh\u00f4m kh\u00f4ng b\u1ecb \u1ea3nh h\u01b0\u1edfng b\u1edfi n\u01b0\u1edbc v\u00e0 k\u00ednh c\u01b0\u1eddng l\u1ef1c kh\u00f4ng d\u1ec5 b\u1ecb m\u1ed1i m\u1ecdt hay n\u1ea5m m\u1ed1c.<\/span><\/p>\n<p style=\"text-align: justify;\"><b>Thi\u1ebft k\u1ebf hi\u1ec7n \u0111\u1ea1i, sang tr\u1ecdng<\/b><b><br \/>\n<\/b><span style=\"font-weight: 400;\"> V\u1edbi m\u00e0u s\u1eafc trung t\u00ednh v\u00e0 \u0111\u01b0\u1eddng n\u00e9t thi\u1ebft k\u1ebf tinh t\u1ebf, s\u1ea3n ph\u1ea9m c\u1ee7a Nh\u1ea5t Nam ph\u00f9 h\u1ee3p v\u1edbi m\u1ecdi phong c\u00e1ch n\u1ed9i th\u1ea5t. T\u1eeb c\u0103n b\u1ebfp hi\u1ec7n \u0111\u1ea1i cho \u0111\u1ebfn kh\u00f4ng gian b\u1ebfp c\u1ed5 \u0111i\u1ec3n, b\u00e0n \u0111\u1ea3o b\u1ebfp c\u1ee7a Nh\u1ea5t Nam \u0111\u1ec1u c\u00f3 th\u1ec3 d\u1ec5 d\u00e0ng l\u00e0m n\u1ed5i b\u1eadt v\u1ebb \u0111\u1eb9p c\u1ee7a c\u0103n b\u1ebfp.<\/span><\/p>\n<p style=\"text-align: justify;\"><b>D\u1ec5 v\u1ec7 sinh v\u00e0 b\u1ea3o d\u01b0\u1ee1ng<\/b><b><br \/>\n<\/b><span style=\"font-weight: 400;\">B\u00e0n \u0111\u1ea3o b\u1ebfp Nh\u1ea5t Nam c\u00f3 b\u1ec1 m\u1eb7t k\u00ednh d\u1ec5 d\u00e0ng lau ch\u00f9i, kh\u00f4ng b\u00e1m b\u1ea9n. Nh\u00f4m \u0111\u01b0\u1ee3c ph\u1ee7 l\u1edbp b\u1ea3o v\u1ec7, gi\u00fap ng\u0103n ng\u1eeba b\u1ee5i b\u1ea9n b\u00e1m v\u00e0o, t\u1eeb \u0111\u00f3 gi\u1ea3m thi\u1ec3u c\u00f4ng s\u1ee9c v\u1ec7 sinh, gi\u00fap kh\u00f4ng gian b\u1ebfp c\u1ee7a b\u1ea1n lu\u00f4n s\u1ea1ch s\u1ebd v\u00e0 s\u00e1ng b\u00f3ng.<\/span><\/p>\n<h2 style=\"text-align: justify;\"><b>3. C\u00e1c m\u1eabu thi\u1ebft k\u1ebf b\u00e0n \u0111\u1ea3o b\u1ebfp khung nh\u00f4m<\/b><\/h2>\n<p style=\"text-align: justify;\"><span style=\"font-weight: 400;\">Nh\u1ea5t Nam cung c\u1ea5p nhi\u1ec1u m\u1eabu thi\u1ebft k\u1ebf b\u00e0n \u0111\u1ea3o b\u1ebfp khung nh\u00f4m k\u00ednh c\u01b0\u1eddng l\u1ef1c kh\u00e1c nhau, ph\u00f9 h\u1ee3p v\u1edbi m\u1ecdi nhu c\u1ea7u s\u1eed d\u1ee5ng c\u1ee7a kh\u00e1ch h\u00e0ng:<\/span><\/p>\n<p style=\"text-align: justify;\"><b>B\u00e0n \u0111\u1ea3o k\u1ebft h\u1ee3p b\u1ebfp n\u1ea5u<\/b><\/p>\n<figure id=\"attachment_6518\" aria-describedby=\"caption-attachment-6518\" style=\"width: 1280px\" class=\"wp-caption aligncenter\"><img loading=\"lazy\" decoding=\"async\" class=\"wp-image-6518 size-full\" src=\"https:\/\/nhatnam.org\/wp-content\/uploads\/2025\/04\/Dao_bep_di_dong07.jpg\" alt=\"B\u00e0n \u0110\u1ea3o B\u1ebfp Khung Nh\u00f4m K\u00ednh C\u01b0\u1eddng L\u1ef1c\u00a0\" width=\"1280\" height=\"960\" \/><figcaption id=\"caption-attachment-6518\" class=\"wp-caption-text\">M\u1eabu b\u00e0n \u0111\u1ea3o b\u1ebfp k\u1ebft h\u1ee3p b\u1ebfp n\u1ea5u<\/figcaption><\/figure>\n<p style=\"text-align: justify;\"><b><\/b><span style=\"font-weight: 400;\">M\u1eabu thi\u1ebft k\u1ebf n\u00e0y r\u1ea5t ti\u1ec7n l\u1ee3i cho qu\u00e1 tr\u00ecnh n\u1ea5u n\u01b0\u1edbng, \u0111\u1eb7c bi\u1ec7t khi \u0111\u01b0\u1ee3c t\u00edch h\u1ee3p b\u1ebfp t\u1eeb ho\u1eb7c b\u1ebfp h\u1ed3ng ngo\u1ea1i v\u00e0o b\u00e0n \u0111\u1ea3o. \u0110\u00e2y l\u00e0 s\u1ef1 l\u1ef1a ch\u1ecdn l\u00fd t\u01b0\u1edfng cho nh\u1eefng c\u0103n b\u1ebfp c\u00f3 di\u1ec7n t\u00edch h\u1ea1n ch\u1ebf, gi\u00fap t\u1ed1i \u01b0u h\u00f3a kh\u00f4ng gian m\u00e0 v\u1eabn mang \u0111\u1ebfn s\u1ef1 ti\u1ec7n nghi.<\/span><\/p>\n<p style=\"text-align: justify;\"><b>B\u00e0n \u0111\u1ea3o k\u1ebft h\u1ee3p ch\u1eadu r\u1eeda<\/b><\/p>\n<figure id=\"attachment_6477\" aria-describedby=\"caption-attachment-6477\" style=\"width: 1280px\" class=\"wp-caption aligncenter\"><img loading=\"lazy\" decoding=\"async\" class=\"wp-image-6477 size-full\" src=\"https:\/\/nhatnam.org\/wp-content\/uploads\/2025\/04\/Dao_bep_nhom02.jpg\" alt=\"B\u00e0n \u0110\u1ea3o B\u1ebfp Khung Nh\u00f4m K\u00ednh C\u01b0\u1eddng L\u1ef1c\u00a0\" width=\"1280\" height=\"960\" \/><figcaption id=\"caption-attachment-6477\" class=\"wp-caption-text\">M\u1eabu \u0111\u1ea3o b\u1ebfp k\u1ebft h\u1ee3p v\u1edbi ch\u1eadu r\u1eeda<\/figcaption><\/figure>\n<p style=\"text-align: justify;\"><b><\/b><span style=\"font-weight: 400;\">B\u00e0n \u0111\u1ea3o b\u1ebfp k\u1ebft h\u1ee3p ch\u1eadu r\u1eeda gi\u00fap b\u1ea1n d\u1ec5 d\u00e0ng s\u01a1 ch\u1ebf th\u1ef1c ph\u1ea9m ngay t\u1ea1i b\u00e0n \u0111\u1ea3o. Thi\u1ebft k\u1ebf n\u00e0y gi\u00fap ti\u1ebft ki\u1ec7m kh\u00f4ng gian v\u00e0 t\u1ea1o s\u1ef1 thu\u1eadn ti\u1ec7n t\u1ed1i \u0111a trong qu\u00e1 tr\u00ecnh n\u1ea5u n\u01b0\u1edbng.<\/span><\/p>\n<p style=\"text-align: justify;\"><b>B\u00e0n \u0111\u1ea3o c\u00f3 ng\u0103n t\u1ee7 l\u01b0u tr\u1eef<\/b><\/p>\n<figure id=\"attachment_6496\" aria-describedby=\"caption-attachment-6496\" style=\"width: 1280px\" class=\"wp-caption aligncenter\"><img loading=\"lazy\" decoding=\"async\" class=\"wp-image-6496 size-full\" src=\"https:\/\/nhatnam.org\/wp-content\/uploads\/2025\/04\/Dao_bep_inox13.jpg\" alt=\"B\u00e0n \u0110\u1ea3o B\u1ebfp Khung Nh\u00f4m K\u00ednh C\u01b0\u1eddng L\u1ef1c\u00a0\" width=\"1280\" height=\"960\" \/><figcaption id=\"caption-attachment-6496\" class=\"wp-caption-text\">M\u1eabu \u0111\u1ea3o b\u1ebfp k\u1ebft h\u1ee3p ng\u0103n k\u1ec7 t\u1ee7 l\u01b0u tr\u1eeb gi\u00fap t\u1ed1i \u01b0u di\u1ec7n t\u00edch<\/figcaption><\/figure>\n<p style=\"text-align: justify;\"><b><\/b><span style=\"font-weight: 400;\">\u0110\u01b0\u1ee3c thi\u1ebft k\u1ebf v\u1edbi c\u00e1c ng\u0103n t\u1ee7 l\u01b0u tr\u1eef th\u00f4ng minh, b\u00e0n \u0111\u1ea3o b\u1ebfp c\u1ee7a Nh\u1ea5t Nam gi\u00fap b\u1ea1n d\u1ec5 d\u00e0ng c\u1ea5t gi\u1eef c\u00e1c v\u1eadt d\u1ee5ng b\u1ebfp, \u0111\u1ed3ng th\u1eddi t\u1ea1o th\u00eam kh\u00f4ng gian l\u01b0u tr\u1eef h\u1eefu \u00edch cho b\u1ebfp c\u1ee7a b\u1ea1n. C\u00e1c ng\u0103n t\u1ee7 v\u1edbi c\u00e1nh k\u00ednh gi\u00fap b\u1ea1n d\u1ec5 d\u00e0ng quan s\u00e1t m\u1ecdi th\u1ee9 b\u00ean trong.<\/span><\/p>\n<p style=\"text-align: justify;\"><b>B\u00e0n \u0111\u1ea3o t\u00edch h\u1ee3p qu\u1ea7y bar<\/b><\/p>\n<figure id=\"attachment_6483\" aria-describedby=\"caption-attachment-6483\" style=\"width: 1280px\" class=\"wp-caption aligncenter\"><img loading=\"lazy\" decoding=\"async\" class=\"wp-image-6483 size-full\" src=\"https:\/\/nhatnam.org\/wp-content\/uploads\/2025\/04\/Dao_bep_nhom08.jpg\" alt=\"B\u00e0n \u0110\u1ea3o B\u1ebfp Khung Nh\u00f4m K\u00ednh C\u01b0\u1eddng L\u1ef1c\u00a0\" width=\"1280\" height=\"960\" \/><figcaption id=\"caption-attachment-6483\" class=\"wp-caption-text\">M\u1eabu \u0111\u1ea3o b\u1ebfp \u0111\u1eb9p k\u1ebft h\u1ee3p qu\u1ea7y bar \u0111\u1eb9p<\/figcaption><\/figure>\n<p style=\"text-align: justify;\"><b><\/b><span style=\"font-weight: 400;\">N\u1ebfu b\u1ea1n y\u00eau th\u00edch kh\u00f4ng gian th\u01b0 gi\u00e3n, m\u1ed9t chi\u1ebfc b\u00e0n \u0111\u1ea3o k\u1ebft h\u1ee3p qu\u1ea7y bar s\u1ebd l\u00e0 s\u1ef1 l\u1ef1a ch\u1ecdn tuy\u1ec7t v\u1eddi. B\u1ea1n c\u00f3 th\u1ec3 s\u1eed d\u1ee5ng n\u00f3 nh\u01b0 m\u1ed9t kh\u00f4ng gian th\u01b0 gi\u00e3n v\u00e0o bu\u1ed5i t\u1ed1i ho\u1eb7c l\u00e0m b\u00e0n \u0103n s\u00e1ng cho c\u1ea3 gia \u0111\u00ecnh.<\/span><\/p>\n<p style=\"text-align: justify;\"><b>B\u00e0n \u0111\u1ea3o k\u1ebft h\u1ee3p t\u1ee7 r\u01b0\u1ee3u\/tr\u01b0ng b\u00e0y \u0111\u1ed3 decor<\/b><\/p>\n<p style=\"text-align: justify;\"><b><\/b><span style=\"font-weight: 400;\">V\u1edbi nh\u1eefng kh\u00f4ng gian b\u1ebfp sang tr\u1ecdng, vi\u1ec7c t\u00edch h\u1ee3p b\u00e0n \u0111\u1ea3o v\u1edbi t\u1ee7 r\u01b0\u1ee3u ho\u1eb7c k\u1ec7 tr\u01b0ng b\u00e0y \u0111\u1ed3 decor gi\u00fap n\u00e2ng cao t\u00ednh th\u1ea9m m\u1ef9 v\u00e0 s\u1ef1 sang tr\u1ecdng cho c\u0103n b\u1ebfp c\u1ee7a b\u1ea1n.<\/span><\/p>\n<h2 style=\"text-align: justify;\"><b>4. C\u00e1ch ch\u1ecdn b\u00e0n \u0111\u1ea3o b\u1ebfp khung nh\u00f4m ph\u00f9 h\u1ee3p\u00a0<\/b><\/h2>\n<figure id=\"attachment_6480\" aria-describedby=\"caption-attachment-6480\" style=\"width: 1280px\" class=\"wp-caption aligncenter\"><img loading=\"lazy\" decoding=\"async\" class=\"wp-image-6480 size-full\" src=\"https:\/\/nhatnam.org\/wp-content\/uploads\/2025\/04\/Dao_bep_nhom05.jpg\" alt=\"B\u00e0n \u0110\u1ea3o B\u1ebfp Khung Nh\u00f4m K\u00ednh C\u01b0\u1eddng L\u1ef1c\u00a0\" width=\"1280\" height=\"960\" \/><figcaption id=\"caption-attachment-6480\" class=\"wp-caption-text\">M\u1eabu b\u00e0n \u0111\u1ea3o b\u1ebfp \u0111\u1eb9p<\/figcaption><\/figure>\n<p style=\"text-align: justify;\"><b>Ch\u1ecdn k\u00edch th\u01b0\u1edbc b\u00e0n \u0111\u1ea3o ph\u00f9 h\u1ee3p v\u1edbi di\u1ec7n t\u00edch b\u1ebfp<\/b><b><br \/>\n<\/b><span style=\"font-weight: 400;\">T\u00f9y thu\u1ed9c v\u00e0o kh\u00f4ng gian b\u1ebfp c\u1ee7a b\u1ea1n, b\u1ea1n c\u00f3 th\u1ec3 l\u1ef1a ch\u1ecdn b\u00e0n \u0111\u1ea3o b\u1ebfp Nh\u1ea5t Nam v\u1edbi k\u00edch th\u01b0\u1edbc ph\u00f9 h\u1ee3p. N\u1ebfu b\u1ebfp nh\u1ecf, b\u00e0n \u0111\u1ea3o nh\u1ecf g\u1ecdn s\u1ebd l\u00e0 l\u1ef1a ch\u1ecdn l\u00fd t\u01b0\u1edfng. Ng\u01b0\u1ee3c l\u1ea1i, n\u1ebfu kh\u00f4ng gian b\u1ebfp r\u1ed9ng, b\u1ea1n c\u00f3 th\u1ec3 ch\u1ecdn m\u1ed9t chi\u1ebfc b\u00e0n \u0111\u1ea3o l\u1edbn \u0111\u1ec3 t\u1ea1o \u0111i\u1ec3m nh\u1ea5n cho kh\u00f4ng gian.<\/span><\/p>\n<p style=\"text-align: justify;\"><b>Ch\u1ecdn l\u1ef1a m\u00e0u s\u1eafc v\u00e0 phong c\u00e1ch thi\u1ebft k\u1ebf ph\u00f9 h\u1ee3p<\/b><b><br \/>\n<\/b><span style=\"font-weight: 400;\">Nh\u1ea5t Nam cung c\u1ea5p nhi\u1ec1u m\u00e0u s\u1eafc v\u00e0 ki\u1ec3u d\u00e1ng b\u00e0n \u0111\u1ea3o b\u1ebfp khung nh\u00f4m k\u00ednh c\u01b0\u1eddng l\u1ef1c ph\u00f9 h\u1ee3p v\u1edbi nhi\u1ec1u phong c\u00e1ch n\u1ed9i th\u1ea5t. B\u1ea1n c\u00f3 th\u1ec3 ch\u1ecdn m\u00e0u s\u1eafc theo s\u1edf th\u00edch v\u00e0 y\u00eau c\u1ea7u c\u1ee7a kh\u00f4ng gian b\u1ebfp c\u1ee7a m\u00ecnh.<\/span><\/p>\n<p style=\"text-align: justify;\"><b>K\u1ebft h\u1ee3p v\u1edbi h\u1ec7 t\u1ee7 b\u1ebfp \u0111\u1ec3 t\u1ea1o s\u1ef1 \u0111\u1ed3ng b\u1ed9<\/b><b><br \/>\n<\/b><span style=\"font-weight: 400;\">Khi l\u1ef1a ch\u1ecdn b\u00e0n \u0111\u1ea3o b\u1ebfp c\u1ee7a Nh\u1ea5t Nam, h\u00e3y ch\u00fa \u00fd k\u1ebft h\u1ee3p v\u1edbi h\u1ec7 t\u1ee7 b\u1ebfp \u0111\u1ec3 t\u1ea1o s\u1ef1 \u0111\u1ed3ng b\u1ed9, h\u00e0i h\u00f2a. \u0110i\u1ec1u n\u00e0y kh\u00f4ng ch\u1ec9 gi\u00fap kh\u00f4ng gian b\u1ebfp c\u1ee7a b\u1ea1n tr\u1edf n\u00ean \u0111\u1eb9p m\u1eaft m\u00e0 c\u00f2n t\u0103ng th\u00eam s\u1ef1 ti\u1ec7n nghi v\u00e0 sang tr\u1ecdng.<\/span><\/p>\n<h2 style=\"text-align: justify;\"><b>5. \u0110\u01a1n v\u1ecb thi c\u00f4ng b\u00e0n \u0111\u1ea3o b\u1ebfp khung nh\u00f4m k\u00ednh c\u01b0\u1eddng l\u1ef1c Nh\u1ea5t Nam<\/b><\/h2>\n<p style=\"text-align: justify;\"><b><\/b><span style=\"font-weight: 400;\">Nh\u1ea5t Nam l\u00e0 \u0111\u01a1n v\u1ecb uy t\u00edn trong vi\u1ec7c thi c\u00f4ng b\u00e0n \u0111\u1ea3o b\u1ebfp khung nh\u00f4m k\u00ednh c\u01b0\u1eddng l\u1ef1c. V\u1edbi kinh nghi\u1ec7m l\u00e2u n\u0103m v\u00e0 \u0111\u1ed9i ng\u0169 thi c\u00f4ng chuy\u00ean nghi\u1ec7p, Nh\u1ea5t Nam cam k\u1ebft mang \u0111\u1ebfn cho kh\u00e1ch h\u00e0ng nh\u1eefng s\u1ea3n ph\u1ea9m ch\u1ea5t l\u01b0\u1ee3ng, \u0111\u1ea3m b\u1ea3o v\u1ec1 thi\u1ebft k\u1ebf, \u0111\u1ed9 b\u1ec1n v\u00e0 th\u1ea9m m\u1ef9.<\/span><b><br \/>\n<\/b><span style=\"font-weight: 400;\"> V\u1edbi nh\u1eefng \u01b0u \u0111i\u1ec3m v\u01b0\u1ee3t tr\u1ed9i v\u1ec1 ch\u1ea5t li\u1ec7u v\u00e0 thi\u1ebft k\u1ebf, b\u00e0n \u0111\u1ea3o b\u1ebfp khung nh\u00f4m k\u00ednh c\u01b0\u1eddng l\u1ef1c Nh\u1ea5t Nam \u0111ang ng\u00e0y c\u00e0ng \u0111\u01b0\u1ee3c nhi\u1ec1u kh\u00e1ch h\u00e0ng tin t\u01b0\u1edfng l\u1ef1a ch\u1ecdn. H\u00e3y li\u00ean h\u1ec7 v\u1edbi <a href=\"https:\/\/www.facebook.com\/ctynhatnam2011\" target=\"_blank\" rel=\"noopener\">Nh\u1ea5t Nam<\/a> \u0111\u1ec3 \u0111\u01b0\u1ee3c t\u01b0 v\u1ea5n v\u00e0 thi c\u00f4ng b\u00e0n \u0111\u1ea3o b\u1ebfp ph\u00f9 h\u1ee3p v\u1edbi nhu c\u1ea7u c\u1ee7a b\u1ea1n.<\/span><\/p>\n","protected":false},"excerpt":{"rendered":"<p style=\"text-align: justify;\"><span style=\"font-weight: 400;\">B\u00e0n \u0111\u1ea3o b\u1ebfp kh\u00f4ng c\u00f2n l\u00e0 m\u00f3n \u0111\u1ed3 xa l\u1ea1 trong c\u00e1c c\u0103n b\u1ebfp hi\u1ec7n \u0111\u1ea1i ng\u00e0y nay. V\u1edbi thi\u1ebft k\u1ebf sang tr\u1ecdng, t\u00ednh n\u0103ng v\u01b0\u1ee3t tr\u1ed9i, b\u00e0n \u0111\u1ea3o b\u1ebfp khung nh\u00f4m k\u00ednh c\u01b0\u1eddng l\u1ef1c c\u1ee7a <\/span><b>Nh\u1ea5t Nam<\/b><span style=\"font-weight: 400;\"> \u0111\u00e3 v\u00e0 \u0111ang tr\u1edf th\u00e0nh l\u1ef1a ch\u1ecdn \u01b0a chu\u1ed9ng c\u1ee7a nhi\u1ec1u gia \u0111\u00ecnh Vi\u1ec7t. Kh\u00f4ng ch\u1ec9 \u0111\u00e1p \u1ee9ng y\u00eau c\u1ea7u v\u1ec1 th\u1ea9m m\u1ef9, s\u1ea3n ph\u1ea9m c\u1ee7a Nh\u1ea5t Nam c\u00f2n n\u1ed5i b\u1eadt v\u1edbi \u0111\u1ed9 b\u1ec1n cao, kh\u1ea3 n\u0103ng ch\u1ecbu l\u1ef1c t\u1ed1t v\u00e0 d\u1ec5 d\u00e0ng v\u1ec7 sinh, b\u1ea3o d\u01b0\u1ee1ng.\u00a0<\/span><\/p>\n","protected":false},"featured_media":1786,"comment_status":"open","ping_status":"closed","template":"","meta":{"_acf_changed":false,"_gspb_post_css":""},"book-author":[],"product_brand":[],"product_cat":[123,128],"product_tag":[],"class_list":{"0":"post-1787","1":"product","2":"type-product","3":"status-publish","4":"has-post-thumbnail","6":"product_cat-ban-an-dao-bep","7":"product_cat-dao-bep-nhom","9":"first","10":"instock","11":"shipping-taxable","12":"product-type-simple"},"acf":[],"_links":{"self":[{"href":"https:\/\/nhatnam.libion.me\/index.php\/wp-json\/wp\/v2\/product\/1787","targetHints":{"allow":["GET"]}}],"collection":[{"href":"https:\/\/nhatnam.libion.me\/index.php\/wp-json\/wp\/v2\/product"}],"about":[{"href":"https:\/\/nhatnam.libion.me\/index.php\/wp-json\/wp\/v2\/types\/product"}],"replies":[{"embeddable":true,"href":"https:\/\/nhatnam.libion.me\/index.php\/wp-json\/wp\/v2\/comments?post=1787"}],"wp:featuredmedia":[{"embeddable":true,"href":"https:\/\/nhatnam.libion.me\/index.php\/wp-json\/wp\/v2\/media\/1786"}],"wp:attachment":[{"href":"https:\/\/nhatnam.libion.me\/index.php\/wp-json\/wp\/v2\/media?parent=1787"}],"wp:term":[{"taxonomy":"book-author","embeddable":true,"href":"https:\/\/nhatnam.libion.me\/index.php\/wp-json\/wp\/v2\/book-author?post=1787"},{"taxonomy":"product_brand","embeddable":true,"href":"https:\/\/nhatnam.libion.me\/index.php\/wp-json\/wp\/v2\/product_brand?post=1787"},{"taxonomy":"product_cat","embeddable":true,"href":"https:\/\/nhatnam.libion.me\/index.php\/wp-json\/wp\/v2\/product_cat?post=1787"},{"taxonomy":"product_tag","embeddable":true,"href":"https:\/\/nhatnam.libion.me\/index.php\/wp-json\/wp\/v2\/product_tag?post=1787"}],"curies":[{"name":"wp","href":"https:\/\/api.w.org\/{rel}","templated":true}]}}