{"id":1720,"date":"2026-04-07T10:22:41","date_gmt":"2026-04-07T10:22:41","guid":{"rendered":"https:\/\/nhatnam.libion.me\/index.php\/product\/tu-bep-khung-nhom-canh-inox\/"},"modified":"2026-04-07T10:22:49","modified_gmt":"2026-04-07T10:22:49","slug":"tu-bep-khung-nhom-canh-inox","status":"publish","type":"product","link":"https:\/\/nhatnam.libion.me\/index.php\/product\/tu-bep-khung-nhom-canh-inox\/","title":{"rendered":"T\u1ee7 B\u1ebfp Khung Nh\u00f4m C\u00e1nh Inox"},"content":{"rendered":"<p style=\"text-align: justify;\"><b>T\u1ee7 b\u1ebfp khung nh\u00f4m c\u00e1nh Inox<\/b><span style=\"font-weight: 400;\"> v\u1edbi thi\u1ebft k\u1ebf hi\u1ec7n \u0111\u1ea1i, k\u1ebft h\u1ee3p gi\u1eefa khung nh\u00f4m cao c\u1ea5p, c\u00e1nh Inox b\u1ec1n b\u1ec9 v\u00e0 m\u1eb7t k\u00ednh sang tr\u1ecdng, mang \u0111\u1ebfn v\u1ebb \u0111\u1eb9p tinh t\u1ebf c\u00f9ng \u0111\u1ed9 b\u1ec1n v\u01b0\u1ee3t tr\u1ed9i. V\u1edbi nh\u1eefng \u01b0u \u0111i\u1ec3m v\u01b0\u1ee3t tr\u1ed9i, t\u1ee7 b\u1ebfp khung nh\u00f4m\u00a0 c\u00e1nh Inox h\u1ee9a h\u1eb9n mang l\u1ea1i cho b\u1ea1n kh\u00f4ng gian b\u1ebfp ti\u1ec7n nghi v\u00e0 sang tr\u1ecdng.<\/span><\/p>\n<h2 style=\"text-align: justify;\"><b>1. Gi\u1edbi thi\u1ec7u v\u1ec1 t\u1ee7 b\u1ebfp khung nh\u00f4m c\u00e1nh Inox\u00a0<\/b><\/h2>\n<figure id=\"attachment_4695\" aria-describedby=\"caption-attachment-4695\" style=\"width: 1280px\" class=\"wp-caption aligncenter\"><img loading=\"lazy\" decoding=\"async\" class=\"wp-image-4695 size-full\" src=\"https:\/\/nhatnam.org\/wp-content\/uploads\/2025\/02\/13-5.jpg\" alt=\"T\u1ee7 B\u1ebfp Khung Nh\u00f4m C\u00e1nh Inox\" width=\"1280\" height=\"960\" \/><figcaption id=\"caption-attachment-4695\" class=\"wp-caption-text\">M\u1eabu t\u1ee7 b\u1ebfp nh\u00f4m c\u00e1nh Inox m\u1eb7t k\u00ednh sang tr\u1ecdng<\/figcaption><\/figure>\n<p style=\"text-align: justify;\"><b>T\u1ee7 b\u1ebfp khung nh\u00f4m c\u00e1nh Inox<\/b><span style=\"font-weight: 400;\"> l\u00e0 d\u00f2ng t\u1ee7 b\u1ebfp cao c\u1ea5p \u0111\u01b0\u1ee3c thi\u1ebft k\u1ebf v\u1edbi khung t\u1ee7 b\u1eb1ng nh\u00f4m ch\u1eafc ch\u1eafn, k\u1ebft h\u1ee3p v\u1edbi c\u00e1nh t\u1ee7 l\u00e0m t\u1eeb khung Inox b\u1ec1n b\u1ec9 v\u00e0 m\u1eb7t k\u00ednh sang tr\u1ecdng. Nh\u1edd s\u1ef1 k\u1ebft h\u1ee3p gi\u1eefa c\u00e1c v\u1eadt li\u1ec7u cao c\u1ea5p, lo\u1ea1i t\u1ee7 n\u00e0y kh\u00f4ng ch\u1ec9 \u0111\u1ea3m b\u1ea3o \u0111\u1ed9 b\u1ec1n v\u01b0\u1ee3t tr\u1ed9i, ch\u1ed1ng n\u01b0\u1edbc, ch\u1ed1ng g\u1ec9 s\u00e9t, kh\u00f4ng b\u1ecb m\u1ed1i m\u1ecdt m\u00e0 c\u00f2n mang \u0111\u1ebfn v\u1ebb \u0111\u1eb9p hi\u1ec7n \u0111\u1ea1i, tinh t\u1ebf cho kh\u00f4ng gian b\u1ebfp. T\u1ee7 b\u1ebfp khung nh\u00f4m c\u00e1nh Inox ph\u00f9 h\u1ee3p v\u1edbi nhi\u1ec1u phong c\u00e1ch n\u1ed9i th\u1ea5t, t\u1eeb hi\u1ec7n \u0111\u1ea1i \u0111\u1ebfn c\u1ed5 \u0111i\u1ec3n, gi\u00fap kh\u00f4ng gian b\u1ebfp c\u1ee7a b\u1ea1n tr\u1edf n\u00ean sang tr\u1ecdng v\u00e0 ti\u1ec7n nghi h\u01a1n.<\/span><\/p>\n<h2 style=\"text-align: justify;\"><b>2. C\u1ea5u t\u1ea1o t\u1ee7 b\u1ebfp khung nh\u00f4m c\u00e1nh Inox<\/b><\/h2>\n<p style=\"text-align: justify;\"><span style=\"font-weight: 400;\">T\u1ee7 b\u1ebfp khung nh\u00f4m c\u00e1nh Inox l\u00e0 s\u1ef1 k\u1ebft h\u1ee3p gi\u1eefa c\u00e1c b\u1ed9 ph\u1eadn kh\u00e1c nhau, m\u1ed7i ph\u1ea7n \u0111\u1ec1u c\u00f3 nh\u1eefng \u0111\u1eb7c \u0111i\u1ec3m ri\u00eang bi\u1ec7t \u0111\u1ec3 t\u1ea1o n\u00ean m\u1ed9t s\u1ea3n ph\u1ea9m ho\u00e0n h\u1ea3o cho kh\u00f4ng gian b\u1ebfp. D\u01b0\u1edbi \u0111\u00e2y l\u00e0 c\u1ea5u t\u1ea1o chi ti\u1ebft c\u1ee7a t\u1ee7 b\u1ebfp khung nh\u00f4m c\u00e1nh Inox:<\/span><\/p>\n<h3 style=\"text-align: justify;\"><b>Khung t\u1ee7 nh\u00f4m<\/b><\/h3>\n<figure id=\"attachment_4464\" aria-describedby=\"caption-attachment-4464\" style=\"width: 1280px\" class=\"wp-caption aligncenter\"><img loading=\"lazy\" decoding=\"async\" class=\"wp-image-4464 size-full\" src=\"https:\/\/nhatnam.org\/wp-content\/uploads\/2025\/02\/nhom_hop_kim_NHAT_NAM05.jpg\" alt=\"T\u1ee7 B\u1ebfp Khung Nh\u00f4m C\u00e1nh Inox\" width=\"1280\" height=\"960\" \/><figcaption id=\"caption-attachment-4464\" class=\"wp-caption-text\">Khung nh\u00f4m h\u1ee3p kim t\u1ee7 b\u1ebfp nh\u00f4m c\u00e1nh Inox<\/figcaption><\/figure>\n<p style=\"text-align: justify;\"><span style=\"font-weight: 400;\">Khung t\u1ee7 nh\u00f4m l\u00e0 ph\u1ea7n c\u01a1 b\u1ea3n c\u1ee7a s\u1ea3n ph\u1ea9m, \u0111\u00f3ng vai tr\u00f2 nh\u01b0 &#8220;x\u01b0\u01a1ng s\u1ed1ng&#8221; \u0111\u1ec3 gi\u1eef v\u1eefng to\u00e0n b\u1ed9 c\u1ea5u tr\u00fac c\u1ee7a t\u1ee7. Nh\u00f4m l\u00e0 ch\u1ea5t li\u1ec7u \u0111\u01b0\u1ee3c \u01b0a chu\u1ed9ng nh\u1edd v\u00e0o nh\u1eefng \u0111\u1eb7c t\u00ednh n\u1ed5i b\u1eadt nh\u01b0 nh\u1eb9, b\u1ec1n, kh\u00f4ng b\u1ecb oxy h\u00f3a v\u00e0 ch\u1ed1ng l\u1ea1i s\u1ef1 \u0103n m\u00f2n trong m\u00f4i tr\u01b0\u1eddng b\u1ebfp \u1ea9m \u01b0\u1edbt. Khung t\u1ee7 nh\u00f4m \u0111\u01b0\u1ee3c ch\u1ebf t\u1ea1o v\u1edbi c\u00e1c thanh nh\u00f4m c\u00f3 \u0111\u1ed9 d\u00e0y 1.2mm-18.mm ch\u1eafc ch\u1eafn, c\u00f3 kh\u1ea3 n\u0103ng ch\u1ecbu l\u1ef1c t\u1ed1t, t\u1ea1o s\u1ef1 \u1ed5n \u0111\u1ecbnh cho t\u1ee7.<\/span><\/p>\n<p style=\"text-align: justify;\"><span style=\"font-weight: 400;\">Khung nh\u00f4m c\u00f3 th\u1ec3 \u0111\u01b0\u1ee3c gia c\u00f4ng v\u1edbi c\u00e1c lo\u1ea1i nh\u00f4m h\u1ee3p kim ho\u1eb7c c\u00f3 th\u1ec3 l\u00e0m t\u1eeb nh\u00f4m \u0111\u1ecbnh h\u00ecnh, gi\u00fap t\u0103ng c\u01b0\u1eddng \u0111\u1ed9 b\u1ec1n v\u00e0 kh\u1ea3 n\u0103ng ch\u1ecbu t\u1ea3i. Ngo\u00e0i ra, nh\u00f4m c\u00f2n c\u00f3 kh\u1ea3 n\u0103ng ch\u1ed1ng l\u1ea1i c\u00e1c y\u1ebfu t\u1ed1 m\u00f4i tr\u01b0\u1eddng kh\u1eafc nghi\u1ec7t nh\u01b0 nhi\u1ec7t \u0111\u1ed9 cao, \u0111\u1ed9 \u1ea9m cao hay c\u00e1c h\u00f3a ch\u1ea5t trong b\u1ebfp.<\/span><\/p>\n<h3 style=\"text-align: justify;\"><b>C\u00e1nh t\u1ee7 Inox<br \/>\n<\/b><\/h3>\n<figure id=\"attachment_6126\" aria-describedby=\"caption-attachment-6126\" style=\"width: 1280px\" class=\"wp-caption aligncenter\"><img loading=\"lazy\" decoding=\"async\" class=\"wp-image-6126 size-full\" src=\"https:\/\/nhatnam.org\/wp-content\/uploads\/2025\/03\/inox_canh_kinh07.jpg\" alt=\"T\u1ee7 B\u1ebfp Khung Nh\u00f4m C\u00e1nh Inox\" width=\"1280\" height=\"960\" \/><figcaption id=\"caption-attachment-6126\" class=\"wp-caption-text\">C\u00e1nh Inox m\u1eb7t k\u00ednh \u0111a d\u1ea1ng m\u00e0u s\u1eafc<\/figcaption><\/figure>\n<p style=\"text-align: justify;\"><span style=\"font-weight: 400;\">C\u00e1nh t\u1ee7 Inox l\u00e0 y\u1ebfu t\u1ed1 quan tr\u1ecdng l\u00e0m n\u00ean v\u1ebb \u0111\u1eb9p v\u00e0 \u0111\u1ed9 b\u1ec1n c\u1ee7a t\u1ee7 b\u1ebfp khung nh\u00f4m\u00a0 c\u00e1nh Inox. Inox 304 cao c\u1ea5p l\u00e0 ch\u1ea5t li\u1ec7u s\u00e1ng b\u00f3ng, c\u00f3 kh\u1ea3 n\u0103ng ch\u1ed1ng \u0103n m\u00f2n, kh\u00f4ng b\u1ecb g\u1ec9 s\u00e9t, v\u00e0 d\u1ec5 d\u00e0ng v\u1ec7 sinh. C\u00e1nh t\u1ee7 Inox c\u00f3 \u0111\u1ed9 b\u1ec1n cao, ch\u1ecbu \u0111\u01b0\u1ee3c t\u00e1c \u0111\u1ed9ng c\u1ee7a nhi\u1ec7t, \u0111\u1ed9 \u1ea9m v\u00e0 c\u00e1c h\u00f3a ch\u1ea5t c\u00f3 trong m\u00f4i tr\u01b0\u1eddng b\u1ebfp.<\/span><\/p>\n<p style=\"text-align: justify;\"><span style=\"font-weight: 400;\">C\u00e1nh t\u1ee7 Inox c\u00f3 th\u1ec3 \u0111\u01b0\u1ee3c thi\u1ebft k\u1ebf v\u1edbi c\u00e1c m\u1eabu m\u00e3 \u0111a d\u1ea1ng, t\u1eeb \u0111\u01a1n gi\u1ea3n \u0111\u1ebfn c\u1ea7u k\u1ef3, \u0111\u00e1p \u1ee9ng nhu c\u1ea7u th\u1ea9m m\u1ef9 c\u1ee7a t\u1eebng gia \u0111\u00ecnh. \u0110\u1eb7c bi\u1ec7t, b\u1ec1 m\u1eb7t Inox s\u00e1ng b\u00f3ng mang l\u1ea1i v\u1ebb \u0111\u1eb9p hi\u1ec7n \u0111\u1ea1i v\u00e0 d\u1ec5 d\u00e0ng k\u1ebft h\u1ee3p v\u1edbi nhi\u1ec1u phong c\u00e1ch thi\u1ebft k\u1ebf n\u1ed9i th\u1ea5t kh\u00e1c nhau.<\/span><\/p>\n<h3 style=\"text-align: justify;\"><b>Ph\u1ee5 ki\u1ec7n thi\u1ebft b\u1ecb t\u1ee7 b\u1ebfp khung nh\u00f4m c\u00e1nh Inox<\/b><\/h3>\n<p style=\"text-align: justify;\"><span style=\"font-weight: 400;\">T\u1ee7 b\u1ebfp khung nh\u00f4m\u00a0 c\u00e1nh Inox c\u00f2n \u0111\u01b0\u1ee3c trang b\u1ecb nhi\u1ec1u ph\u1ee5 ki\u1ec7n h\u1ed7 tr\u1ee3 nh\u01b0 b\u1ea3n l\u1ec1, tay n\u1eafm, kh\u00f3a t\u1ee7, gi\u00e1 treo, ray k\u00e9o cho ng\u0103n k\u00e9o\u2026 C\u00e1c ph\u1ee5 ki\u1ec7n n\u00e0y kh\u00f4ng ch\u1ec9 gi\u00fap t\u1ee7 th\u00eam ti\u1ec7n d\u1ee5ng m\u00e0 c\u00f2n g\u00f3p ph\u1ea7n n\u00e2ng cao th\u1ea9m m\u1ef9 c\u1ee7a s\u1ea3n ph\u1ea9m. C\u00e1c b\u1ea3n l\u1ec1 v\u00e0 tay n\u1eafm th\u01b0\u1eddng \u0111\u01b0\u1ee3c l\u00e0m b\u1eb1ng Inox, c\u00f3 \u0111\u1ed9 b\u1ec1n cao, ch\u1ecbu \u0111\u01b0\u1ee3c l\u1ef1c t\u00e1c \u0111\u1ed9ng m\u1ea1nh v\u00e0 th\u1eddi gian s\u1eed d\u1ee5ng l\u00e2u d\u00e0i.<\/span><\/p>\n<p style=\"text-align: justify;\"><span style=\"font-weight: 400;\">C\u00e1c ng\u0103n k\u00e9o v\u00e0 h\u1ec7 th\u1ed1ng ray tr\u01b0\u1ee3t \u0111\u01b0\u1ee3c thi\u1ebft k\u1ebf th\u00f4ng minh, gi\u00fap t\u1ee7 d\u1ec5 d\u00e0ng m\u1edf \u0111\u00f3ng m\u00e0 kh\u00f4ng g\u00e2y ti\u1ebfng \u1ed3n hay b\u1ecb k\u1eb9t. Ngo\u00e0i ra, c\u00e1c k\u1ec7 k\u00ednh ho\u1eb7c gi\u00e1 \u0111\u1ee1 c\u0169ng c\u00f3 th\u1ec3 \u0111\u01b0\u1ee3c l\u1eafp \u0111\u1eb7t th\u00eam \u0111\u1ec3 t\u1ed1i \u01b0u h\u00f3a kh\u00f4ng gian l\u01b0u tr\u1eef.<\/span><\/p>\n<h2 style=\"text-align: justify;\"><b>3. \u01afu \u0111i\u1ec3m c\u1ee7a t\u1ee7 b\u1ebfp khung nh\u00f4m c\u00e1nh Inox<br \/>\n<\/b><\/h2>\n<figure id=\"attachment_6135\" aria-describedby=\"caption-attachment-6135\" style=\"width: 1280px\" class=\"wp-caption aligncenter\"><img loading=\"lazy\" decoding=\"async\" class=\"wp-image-6135 size-full\" src=\"https:\/\/nhatnam.org\/wp-content\/uploads\/2025\/03\/inox_canh_kinh16.jpg\" alt=\"T\u1ee7 B\u1ebfp Khung Nh\u00f4m C\u00e1nh Inox\" width=\"1280\" height=\"960\" \/><figcaption id=\"caption-attachment-6135\" class=\"wp-caption-text\">T\u1ee7 b\u1ebfp khung nh\u00f4m c\u00e1nh Inox v\u1edbi \u0111\u1ed9 b\u1ec1n cao, kh\u00f4ng m\u1ed1i m\u1ecdt, cong v\u00eanh<\/figcaption><\/figure>\n<h4 style=\"text-align: justify;\"><b>3.1 \u0110\u1ed9 b\u1ec1n v\u01b0\u1ee3t tr\u1ed9i<\/b><\/h4>\n<p style=\"text-align: justify;\"><span style=\"font-weight: 400;\">M\u1ed9t trong nh\u1eefng l\u00fd do khi\u1ebfn t\u1ee7 b\u1ebfp khung nh\u00f4m c\u00e1nh Inox \u0111\u01b0\u1ee3c y\u00eau th\u00edch l\u00e0 \u0111\u1ed9 b\u1ec1n cao. Inox l\u00e0 ch\u1ea5t li\u1ec7u ch\u1ed1ng \u0103n m\u00f2n c\u1ef1c k\u1ef3 t\u1ed1t, gi\u00fap t\u1ee7 b\u1ebfp lu\u00f4n gi\u1eef \u0111\u01b0\u1ee3c v\u1ebb s\u00e1ng b\u00f3ng, kh\u00f4ng b\u1ecb hoen g\u1ec9 theo th\u1eddi gian. B\u00ean c\u1ea1nh \u0111\u00f3, khung nh\u00f4m ch\u1eafc ch\u1eafn c\u00f2n gi\u00fap t\u1ee7 ch\u1ecbu \u0111\u01b0\u1ee3c tr\u1ecdng l\u01b0\u1ee3ng l\u1edbn m\u00e0 kh\u00f4ng b\u1ecb cong v\u00eanh, \u0111\u1eb7c bi\u1ec7t trong m\u00f4i tr\u01b0\u1eddng b\u1ebfp c\u00f3 \u0111\u1ed9 \u1ea9m cao.<\/span><\/p>\n<h4 style=\"text-align: justify;\"><b>3.2 D\u1ec5 d\u00e0ng v\u1ec7 sinh v\u00e0 b\u1ea3o d\u01b0\u1ee1ng<\/b><\/h4>\n<p style=\"text-align: justify;\"><span style=\"font-weight: 400;\">T\u1ee7 b\u1ebfp khung nh\u00f4m c\u00e1nh Inox r\u1ea5t d\u1ec5 d\u00e0ng v\u1ec7 sinh, nh\u1edd v\u00e0o b\u1ec1 m\u1eb7t s\u00e1ng b\u00f3ng, m\u1ecbn m\u00e0ng c\u1ee7a Inox v\u00e0 kh\u1ea3 n\u0103ng kh\u00e1ng n\u01b0\u1edbc c\u1ee7a nh\u00f4m. Ch\u1ec9 c\u1ea7n lau ch\u00f9i \u0111\u01a1n gi\u1ea3n b\u1eb1ng kh\u0103n m\u1ec1m, b\u1ea1n c\u00f3 th\u1ec3 lo\u1ea1i b\u1ecf b\u1ee5i b\u1ea9n v\u00e0 v\u1ebft d\u1ea7u m\u1ee1 sau m\u1ed7i l\u1ea7n n\u1ea5u n\u01b0\u1edbng. \u0110i\u1ec1u n\u00e0y gi\u00fap kh\u00f4ng gian b\u1ebfp lu\u00f4n s\u1ea1ch s\u1ebd v\u00e0 g\u1ecdn g\u00e0ng.<\/span><\/p>\n<h4 style=\"text-align: justify;\"><b>3.3 Th\u1ea9m m\u1ef9 cao<\/b><\/h4>\n<p style=\"text-align: justify;\"><span style=\"font-weight: 400;\">V\u1edbi b\u1ec1 m\u1eb7t s\u00e1ng b\u00f3ng v\u00e0 thi\u1ebft k\u1ebf hi\u1ec7n \u0111\u1ea1i, t\u1ee7 b\u1ebfp khung nh\u00f4m c\u00e1nh Inox mang l\u1ea1i v\u1ebb \u0111\u1eb9p sang tr\u1ecdng cho kh\u00f4ng gian b\u1ebfp. M\u00e0u s\u1eafc c\u1ee7a Inox d\u1ec5 d\u00e0ng k\u1ebft h\u1ee3p v\u1edbi nhi\u1ec1u phong c\u00e1ch n\u1ed9i th\u1ea5t kh\u00e1c nhau, t\u1eeb c\u1ed5 \u0111i\u1ec3n \u0111\u1ebfn hi\u1ec7n \u0111\u1ea1i, gi\u00fap b\u1ebfp nh\u00e0 b\u1ea1n lu\u00f4n n\u1ed5i b\u1eadt. C\u00e1nh c\u1eeda Inox c\u00f3 th\u1ec3 k\u1ebft h\u1ee3p v\u1edbi k\u00ednh c\u01b0\u1eddng l\u1ef1c t\u1ea1o n\u00ean m\u1ed9t s\u1ea3n ph\u1ea9m b\u1ec1n \u0111\u1eb9p, sang tr\u1ecdng, hi\u1ec7n \u0111\u1ea1i.\u00a0<\/span><\/p>\n<h4 style=\"text-align: justify;\"><b>3.4 Kh\u1ea3 n\u0103ng ch\u1ecbu nhi\u1ec7t v\u00e0 ch\u1ed1ng oxy h\u00f3a<\/b><\/h4>\n<p style=\"text-align: justify;\"><span style=\"font-weight: 400;\">Inox c\u00f3 kh\u1ea3 n\u0103ng ch\u1ed1ng oxy h\u00f3a t\u1ed1t, \u0111\u1eb7c bi\u1ec7t khi ph\u1ea3i ti\u1ebfp x\u00fac v\u1edbi nhi\u1ec7t \u0111\u1ed9 cao v\u00e0 c\u00e1c ch\u1ea5t t\u1ea9y r\u1eeda trong qu\u00e1 tr\u00ecnh n\u1ea5u n\u01b0\u1edbng. Khung nh\u00f4m c\u0169ng c\u00f3 kh\u1ea3 n\u0103ng ch\u1ecbu nhi\u1ec7t r\u1ea5t t\u1ed1t, gi\u00fap b\u1ea3o v\u1ec7 t\u1ee7 b\u1ebfp kh\u1ecfi c\u00e1c t\u00e1c \u0111\u1ed9ng x\u1ea5u t\u1eeb nhi\u1ec7t \u0111\u1ed9 v\u00e0 m\u00f4i tr\u01b0\u1eddng \u1ea9m \u01b0\u1edbt trong b\u1ebfp.<\/span><\/p>\n<h2 style=\"text-align: justify;\"><b>3. Ti\u00eau chu\u1ea9n k\u00edch th\u01b0\u1edbc v\u00e0 l\u1eafp \u0111\u1eb7t t\u1ee7 b\u1ebfp khung nh\u00f4m c\u00e1nh Inox<br \/>\n<\/b><\/h2>\n<figure id=\"attachment_5172\" aria-describedby=\"caption-attachment-5172\" style=\"width: 1110px\" class=\"wp-caption aligncenter\"><img loading=\"lazy\" decoding=\"async\" class=\"wp-image-5172 size-full\" src=\"https:\/\/nhatnam.org\/wp-content\/uploads\/2025\/03\/A.V-Tk-4_resize.jpg\" alt=\"T\u1ee7 B\u1ebfp Khung Nh\u00f4m C\u00e1nh Inox\" width=\"1110\" height=\"833\" \/><figcaption id=\"caption-attachment-5172\" class=\"wp-caption-text\">B\u1ea3n v\u1ebd thi\u1ebft k\u1ebf c\u00f4ng tr\u00ecnh anh V\u0169 &#8211; Q.12<\/figcaption><\/figure>\n<p style=\"text-align: justify;\"><span style=\"font-weight: 400;\">\u0110\u1ec3 t\u1ee7 b\u1ebfp khung nh\u00f4m c\u00e1nh Inox ph\u00e1t huy t\u1ed1i \u0111a c\u00f4ng d\u1ee5ng v\u00e0 th\u1ea9m m\u1ef9, vi\u1ec7c l\u1eafp \u0111\u1eb7t \u0111\u00fang k\u00edch th\u01b0\u1edbc l\u00e0 r\u1ea5t quan tr\u1ecdng. C\u00e1c ti\u00eau chu\u1ea9n k\u00edch th\u01b0\u1edbc t\u1ee7 b\u1ebfp th\u01b0\u1eddng th\u1ea5y nh\u01b0 sau:<\/span><\/p>\n<ul style=\"text-align: justify;\">\n<li style=\"font-weight: 400;\" aria-level=\"1\"><b>Chi\u1ec1u cao t\u1ee7 b\u1ebfp treo t\u01b0\u1eddng<\/b><span style=\"font-weight: 400;\">: Th\u01b0\u1eddng t\u1eeb 650 mm \u0111\u1ebfn 700 mm. Vi\u1ec7c n\u00e0y gi\u00fap t\u1ee7 b\u1ebfp kh\u00f4ng qu\u00e1 cao ho\u1eb7c qu\u00e1 th\u1ea5p, t\u1ea1o s\u1ef1 thu\u1eadn ti\u1ec7n khi s\u1eed d\u1ee5ng.<\/span><\/li>\n<li style=\"font-weight: 400;\" aria-level=\"1\"><b>Chi\u1ec1u s\u00e2u t\u1ee7 b\u1ebfp d\u01b0\u1edbi<\/b><span style=\"font-weight: 400;\">: Kho\u1ea3ng 600 mm l\u00e0 chi\u1ec1u s\u00e2u l\u00fd t\u01b0\u1edfng, gi\u00fap b\u1ea1n d\u1ec5 d\u00e0ng s\u1eafp x\u1ebfp \u0111\u1ed3 \u0111\u1ea1c v\u00e0 th\u1ef1c ph\u1ea9m trong t\u1ee7.<\/span><\/li>\n<\/ul>\n<p style=\"text-align: justify;\"><span style=\"font-weight: 400;\">Ngo\u00e0i ra, vi\u1ec7c l\u1eafp \u0111\u1eb7t t\u1ee7 b\u1ebfp khung nh\u00f4m c\u00e1nh Inox c\u0169ng c\u1ea7n ph\u1ea3i tu\u00e2n theo quy tr\u00ecnh chuy\u00ean nghi\u1ec7p \u0111\u1ec3 \u0111\u1ea3m b\u1ea3o \u0111\u1ed9 ch\u00ednh x\u00e1c v\u00e0 an to\u00e0n. H\u00e3y ch\u1ecdn nh\u1eefng \u0111\u01a1n v\u1ecb thi c\u00f4ng uy t\u00edn \u0111\u1ec3 \u0111\u1ea3m b\u1ea3o ch\u1ea5t l\u01b0\u1ee3ng v\u00e0 th\u1ea9m m\u1ef9 cho kh\u00f4ng gian b\u1ebfp c\u1ee7a b\u1ea1n.<\/span><\/p>\n<h2 style=\"text-align: justify;\"><b>4. Gi\u00e1 th\u00e0nh v\u00e0 l\u1ef1a ch\u1ecdn s\u1ea3n ph\u1ea9m t\u1ee7 b\u1ebfp khung nh\u00f4m c\u00e1nh Inox<\/b><\/h2>\n<p style=\"text-align: justify;\"><span style=\"font-weight: 400;\">B\u00e1o gi\u00e1 t\u1ee7 b\u1ebfp nh\u00f4m c\u00e1nh Inox th\u01b0\u1eddng dao \u0111\u1ed9ng t\u00f9y theo ch\u1ea5t li\u1ec7u, ki\u1ec3u d\u00e1ng v\u00e0 thi\u1ebft k\u1ebf. M\u1eb7c d\u00f9 c\u00f3 m\u1ee9c gi\u00e1 cao h\u01a1n so v\u1edbi m\u1ed9t s\u1ed1 d\u00f2ng t\u1ee7 b\u1ebfp kh\u00e1c, nh\u01b0ng v\u1edbi \u0111\u1ed9 b\u1ec1n v\u01b0\u1ee3t tr\u1ed9i, kh\u1ea3 n\u0103ng ch\u1ed1ng n\u01b0\u1edbc, ch\u1ed1ng m\u1ed1i m\u1ecdt v\u00e0 d\u1ec5 d\u00e0ng v\u1ec7 sinh, \u0111\u00e2y l\u00e0 l\u1ef1a ch\u1ecdn \u0111\u00e1ng \u0111\u1ea7u t\u01b0 cho kh\u00f4ng gian b\u1ebfp hi\u1ec7n \u0111\u1ea1i.<\/span><\/p>\n<p style=\"text-align: justify;\"><span style=\"font-weight: 400;\">Khi l\u1ef1a ch\u1ecdn t\u1ee7 b\u1ebfp khung nh\u00f4m k\u00ednh, b\u1ea1n n\u00ean t\u00ecm \u0111\u1ebfn c\u00e1c \u0111\u01a1n v\u1ecb uy t\u00edn \u0111\u1ec3 \u0111\u1ea3m b\u1ea3o s\u1ea3n ph\u1ea9m \u0111\u1ea1t ch\u1ea5t l\u01b0\u1ee3ng cao, b\u1ec1n \u0111\u1eb9p theo th\u1eddi gian. Nh\u1ea5t Nam t\u1ef1 h\u00e0o l\u00e0 \u0111\u01a1n v\u1ecb chuy\u00ean thi\u1ebft k\u1ebf v\u00e0 thi c\u00f4ng t\u1ee7 b\u1ebfp nh\u00f4m h\u1ec7, cam k\u1ebft mang \u0111\u1ebfn nh\u1eefng gi\u1ea3i ph\u00e1p t\u1ed1i \u01b0u, ph\u00f9 h\u1ee3p v\u1edbi nhu c\u1ea7u s\u1eed d\u1ee5ng v\u00e0 ng\u00e2n s\u00e1ch c\u1ee7a kh\u00e1ch h\u00e0ng. Li\u00ean h\u1ec7 ngay \u0111\u1ec3 \u0111\u01b0\u1ee3c t\u01b0 v\u1ea5n chi ti\u1ebft!<\/span><\/p>\n<h2 style=\"text-align: justify;\"><b>5. M\u1ed9t s\u1ed1 m\u1eabu t\u1ee7 b\u1ebfp khung nh\u00f4m c\u00e1nh Inox \u0111\u1eb9p<\/b><b><br \/>\n<\/b><\/h2>\n<figure id=\"attachment_5842\" aria-describedby=\"caption-attachment-5842\" style=\"width: 1280px\" class=\"wp-caption aligncenter\"><img loading=\"lazy\" decoding=\"async\" class=\"wp-image-5842 size-full\" src=\"https:\/\/nhatnam.org\/wp-content\/uploads\/2025\/03\/c.-Nhung-Tk-7.jpg\" alt=\"T\u1ee7 B\u1ebfp Khung Nh\u00f4m C\u00e1nh Inox\" width=\"1280\" height=\"960\" \/><figcaption id=\"caption-attachment-5842\" class=\"wp-caption-text\">M\u1eabu t\u1ee7 b\u1ebfp nh\u00f4m c\u00f3 b\u00e0n \u0111\u1ea3o \u0111\u1eb9p<\/figcaption><\/figure>\n<figure id=\"attachment_5876\" aria-describedby=\"caption-attachment-5876\" style=\"width: 1280px\" class=\"wp-caption aligncenter\"><img loading=\"lazy\" decoding=\"async\" class=\"wp-image-5876 size-full\" src=\"https:\/\/nhatnam.org\/wp-content\/uploads\/2025\/03\/C.nga-Thiet_ke01.jpg\" alt=\"T\u1ee7 B\u1ebfp Khung Nh\u00f4m C\u00e1nh Inox\" width=\"1280\" height=\"960\" \/><figcaption id=\"caption-attachment-5876\" class=\"wp-caption-text\">M\u1eabu t\u1ee7 b\u1ebfp khung nh\u00f4m c\u00e1nh inox m\u1eb7t k\u00ednh hi\u1ec7n \u0111\u1ea1i<\/figcaption><\/figure>\n<figure id=\"attachment_5971\" aria-describedby=\"caption-attachment-5971\" style=\"width: 1280px\" class=\"wp-caption aligncenter\"><img loading=\"lazy\" decoding=\"async\" class=\"wp-image-5971 size-full\" src=\"https:\/\/nhatnam.org\/wp-content\/uploads\/2025\/03\/C.vy-TK01.jpg\" alt=\"T\u1ee7 B\u1ebfp Khung Nh\u00f4m C\u00e1nh Inox\" width=\"1280\" height=\"960\" \/><figcaption id=\"caption-attachment-5971\" class=\"wp-caption-text\">M\u1eabu t\u1ee7 b\u1ebfp nh\u00f4m h\u1ec7 \u0111\u1eb9p<\/figcaption><\/figure>\n<figure id=\"attachment_6134\" aria-describedby=\"caption-attachment-6134\" style=\"width: 1278px\" class=\"wp-caption aligncenter\"><img loading=\"lazy\" decoding=\"async\" class=\"wp-image-6134 size-full\" src=\"https:\/\/nhatnam.org\/wp-content\/uploads\/2025\/03\/inox_canh_kinh15.jpg\" alt=\"T\u1ee7 B\u1ebfp Khung Nh\u00f4m C\u00e1nh Inox\" width=\"1278\" height=\"959\" \/><figcaption id=\"caption-attachment-6134\" class=\"wp-caption-text\">T\u1ee7 b\u1ebfp nh\u00f4m h\u1ec7 c\u00e1nh Inox + k\u00ednh m\u00e0u \u0111\u1eb9p<\/figcaption><\/figure>\n<figure id=\"attachment_4753\" aria-describedby=\"caption-attachment-4753\" style=\"width: 1280px\" class=\"wp-caption aligncenter\"><img loading=\"lazy\" decoding=\"async\" class=\"wp-image-4753 size-full\" src=\"https:\/\/nhatnam.org\/wp-content\/uploads\/2025\/02\/21-3.jpg\" alt=\"T\u1ee7 B\u1ebfp Khung Nh\u00f4m C\u00e1nh Inox\" width=\"1280\" height=\"960\" \/><figcaption id=\"caption-attachment-4753\" class=\"wp-caption-text\">M\u1eabu t\u1ee7 b\u1ebfp nh\u00f4m h\u1ec7 c\u00e1nh Inox thi\u1ebft k\u1ebf \u00e2m t\u01b0\u1eddng<\/figcaption><\/figure>\n<figure id=\"attachment_4328\" aria-describedby=\"caption-attachment-4328\" style=\"width: 1280px\" class=\"wp-caption aligncenter\"><img loading=\"lazy\" decoding=\"async\" class=\"wp-image-4328 size-full\" src=\"https:\/\/nhatnam.org\/wp-content\/uploads\/2025\/02\/tubepinox-18.jpg\" alt=\"T\u1ee7 B\u1ebfp Khung Nh\u00f4m C\u00e1nh Inox\" width=\"1280\" height=\"720\" \/><figcaption id=\"caption-attachment-4328\" class=\"wp-caption-text\">M\u1eabu t\u1ee7 b\u1ebfp nh\u00f4m hi\u1ec7n \u0111\u1ea1i, sang tr\u1ecdng<\/figcaption><\/figure>\n<p style=\"text-align: justify;\"><span style=\"font-weight: 400;\">T\u1ee7 b\u1ebfp khung nh\u00f4m c\u00e1nh Inox c\u1ee7a Nh\u1ea5t Nam l\u00e0 s\u1ef1 k\u1ebft h\u1ee3p ho\u00e0n h\u1ea3o gi\u1eefa t\u00ednh th\u1ea9m m\u1ef9 v\u00e0 \u0111\u1ed9 b\u1ec1n cao, gi\u00fap kh\u00f4ng gian b\u1ebfp c\u1ee7a b\u1ea1n tr\u1edf n\u00ean sang tr\u1ecdng, hi\u1ec7n \u0111\u1ea1i v\u00e0 d\u1ec5 d\u00e0ng v\u1ec7 sinh. D\u00f9 gi\u00e1 th\u00e0nh c\u00f3 th\u1ec3 cao h\u01a1n so v\u1edbi c\u00e1c lo\u1ea1i t\u1ee7 b\u1ebfp th\u00f4ng th\u01b0\u1eddng, nh\u01b0ng v\u1edbi nh\u1eefng l\u1ee3i \u00edch v\u01b0\u1ee3t tr\u1ed9i m\u00e0 n\u00f3 mang l\u1ea1i, \u0111\u00e2y l\u00e0 l\u1ef1a ch\u1ecdn x\u1ee9ng \u0111\u00e1ng cho gia \u0111\u00ecnh b\u1ea1n. H\u00e3y li\u00ean h\u1ec7 ngay v\u1edbi <a href=\"https:\/\/www.facebook.com\/ctynhatnam2011\" target=\"_blank\" rel=\"noopener\">Nh\u1ea5t Nam<\/a> \u0111\u1ec3 \u0111\u01b0\u1ee3c t\u01b0 v\u1ea5n chi ti\u1ebft v\u00e0 l\u1ef1a ch\u1ecdn m\u1eabu t\u1ee7 b\u1ebfp khung nh\u00f4m c\u00e1nh Inox ph\u00f9 h\u1ee3p, n\u00e2ng t\u1ea7m kh\u00f4ng gian b\u1ebfp c\u1ee7a b\u1ea1n!<\/span><\/p>\n","protected":false},"excerpt":{"rendered":"<p style=\"text-align: justify;\"><b>T\u1ee7 b\u1ebfp khung nh\u00f4m c\u00e1nh Inox<\/b><span style=\"font-weight: 400;\"> v\u1edbi thi\u1ebft k\u1ebf hi\u1ec7n \u0111\u1ea1i, k\u1ebft h\u1ee3p gi\u1eefa khung nh\u00f4m cao c\u1ea5p, c\u00e1nh Inox b\u1ec1n b\u1ec9 v\u00e0 m\u1eb7t k\u00ednh sang tr\u1ecdng, mang \u0111\u1ebfn v\u1ebb \u0111\u1eb9p tinh t\u1ebf c\u00f9ng \u0111\u1ed9 b\u1ec1n v\u01b0\u1ee3t tr\u1ed9i. V\u1edbi nh\u1eefng \u01b0u \u0111i\u1ec3m v\u01b0\u1ee3t tr\u1ed9i, t\u1ee7 b\u1ebfp nh\u00f4m c\u00e1nh Inox h\u1ee9a h\u1eb9n mang l\u1ea1i cho b\u1ea1n kh\u00f4ng gian b\u1ebfp ti\u1ec7n nghi v\u00e0 sang tr\u1ecdng.<\/span><\/p>\n","protected":false},"featured_media":1719,"comment_status":"open","ping_status":"closed","template":"","meta":{"_acf_changed":false,"_gspb_post_css":""},"book-author":[],"product_brand":[],"product_cat":[113,117,115,119],"product_tag":[],"class_list":{"0":"post-1720","1":"product","2":"type-product","3":"status-publish","4":"has-post-thumbnail","6":"product_cat-tu-bep-nhom","7":"product_cat-tu-bep-nhom-canh-kinh","8":"product_cat-tu-bep-nhom-hop-kim","9":"product_cat-tu-bep-nhom-kinh-mau","11":"first","12":"instock","13":"shipping-taxable","14":"product-type-simple"},"acf":[],"_links":{"self":[{"href":"https:\/\/nhatnam.libion.me\/index.php\/wp-json\/wp\/v2\/product\/1720","targetHints":{"allow":["GET"]}}],"collection":[{"href":"https:\/\/nhatnam.libion.me\/index.php\/wp-json\/wp\/v2\/product"}],"about":[{"href":"https:\/\/nhatnam.libion.me\/index.php\/wp-json\/wp\/v2\/types\/product"}],"replies":[{"embeddable":true,"href":"https:\/\/nhatnam.libion.me\/index.php\/wp-json\/wp\/v2\/comments?post=1720"}],"wp:featuredmedia":[{"embeddable":true,"href":"https:\/\/nhatnam.libion.me\/index.php\/wp-json\/wp\/v2\/media\/1719"}],"wp:attachment":[{"href":"https:\/\/nhatnam.libion.me\/index.php\/wp-json\/wp\/v2\/media?parent=1720"}],"wp:term":[{"taxonomy":"book-author","embeddable":true,"href":"https:\/\/nhatnam.libion.me\/index.php\/wp-json\/wp\/v2\/book-author?post=1720"},{"taxonomy":"product_brand","embeddable":true,"href":"https:\/\/nhatnam.libion.me\/index.php\/wp-json\/wp\/v2\/product_brand?post=1720"},{"taxonomy":"product_cat","embeddable":true,"href":"https:\/\/nhatnam.libion.me\/index.php\/wp-json\/wp\/v2\/product_cat?post=1720"},{"taxonomy":"product_tag","embeddable":true,"href":"https:\/\/nhatnam.libion.me\/index.php\/wp-json\/wp\/v2\/product_tag?post=1720"}],"curies":[{"name":"wp","href":"https:\/\/api.w.org\/{rel}","templated":true}]}}