{"id":1430,"date":"2026-04-07T10:08:48","date_gmt":"2026-04-07T10:08:48","guid":{"rendered":"https:\/\/nhatnam.libion.me\/index.php\/product\/tu-bep-di-dong\/"},"modified":"2026-04-07T10:09:09","modified_gmt":"2026-04-07T10:09:09","slug":"tu-bep-di-dong","status":"publish","type":"product","link":"https:\/\/nhatnam.libion.me\/index.php\/product\/tu-bep-di-dong\/","title":{"rendered":"T\u1ee7 B\u1ebfp Di \u0110\u1ed9ng"},"content":{"rendered":"<p style=\"text-align: justify;\"><span style=\"font-weight: 400;\">Trong xu h\u01b0\u1edbng thi\u1ebft k\u1ebf n\u1ed9i th\u1ea5t hi\u1ec7n \u0111\u1ea1i, t\u1ee7 b\u1ebfp di \u0111\u1ed9ng \u0111ang tr\u1edf th\u00e0nh m\u1ed9t l\u1ef1a ch\u1ecdn \u0111\u01b0\u1ee3c nhi\u1ec1u gia \u0111\u00ecnh \u01b0a chu\u1ed9ng. V\u1edbi s\u1ef1 k\u1ebft h\u1ee3p ho\u00e0n h\u1ea3o gi\u1eefa thi\u1ebft k\u1ebf th\u00f4ng minh, t\u00ednh di \u0111\u1ed9ng cao v\u00e0 t\u00ednh th\u1ea9m m\u1ef9, t\u1ee7 b\u1ebfp di \u0111\u1ed9ng kh\u00f4ng ch\u1ec9 mang l\u1ea1i ti\u1ec7n nghi m\u00e0 c\u00f2n gi\u00fap t\u1ed1i \u01b0u h\u00f3a kh\u00f4ng gian s\u1ed1ng.\u00a0<\/span><\/p>\n<h2 style=\"text-align: justify;\"><b>1. T\u1ee7 b\u1ebfp di \u0111\u1ed9ng l\u00e0 g\u00ec?<\/b><\/h2>\n<p style=\"text-align: justify;\"><img loading=\"lazy\" decoding=\"async\" class=\"aligncenter wp-image-4099\" src=\"https:\/\/nhatnam.org\/wp-content\/uploads\/2024\/12\/tu-bep-di-dong-5-300x300.jpg\" alt=\"T\u1ee7 B\u1ebfp Di \u0110\u1ed9ng\" width=\"1024\" height=\"1024\" \/><\/p>\n<p style=\"text-align: justify;\"><span style=\"font-weight: 400;\">T\u1ee7 b\u1ebfp di \u0111\u1ed9ng l\u00e0 m\u1ed9t s\u1ea3n ph\u1ea9m n\u1ed9i th\u1ea5t \u0111\u01b0\u1ee3c thi\u1ebft k\u1ebf \u0111\u1ec3 d\u1ec5 d\u00e0ng di chuy\u1ec3n trong kh\u00f4ng gian nh\u00e0 b\u1ebfp ho\u1eb7c c\u00e1c khu v\u1ef1c kh\u00e1c trong ng\u00f4i nh\u00e0. Thay v\u00ec l\u00e0 nh\u1eefng b\u1ed9 t\u1ee7 b\u1ebfp c\u1ed1 \u0111\u1ecbnh, t\u1ee7 b\u1ebfp di \u0111\u1ed9ng \u0111\u01b0\u1ee3c trang b\u1ecb b\u00e1nh xe, tay c\u1ea7m ho\u1eb7c c\u00e1c h\u1ec7 th\u1ed1ng linh ho\u1ea1t gi\u00fap d\u1ec5 d\u00e0ng di chuy\u1ec3n.<\/span><\/p>\n<h2 style=\"text-align: justify;\"><b>2. C\u00f4ng n\u0103ng c\u1ee7a t\u1ee7 b\u1ebfp di \u0111\u1ed9ng<\/b><\/h2>\n<p><img loading=\"lazy\" decoding=\"async\" class=\"aligncenter wp-image-4097\" src=\"https:\/\/nhatnam.org\/wp-content\/uploads\/2024\/12\/tu-bep-di-dong-2-300x225.jpg\" alt=\"T\u1ee7 B\u1ebfp Di \u0110\u1ed9ng\" width=\"1024\" height=\"768\" \/><\/p>\n<p style=\"text-align: justify;\"><span style=\"font-weight: 400;\">T\u1ee7 b\u1ebfp di \u0111\u1ed9ng kh\u00f4ng ch\u1ec9 \u0111\u01a1n thu\u1ea7n l\u00e0 m\u1ed9t m\u00f3n \u0111\u1ed3 n\u1ed9i th\u1ea5t m\u00e0 c\u00f2n mang l\u1ea1i nhi\u1ec1u c\u00f4ng n\u0103ng ti\u1ec7n \u00edch v\u01b0\u1ee3t tr\u1ed9i:<\/span><\/p>\n<h3 style=\"text-align: justify;\"><b>2.1. L\u00e0m b\u00e0n ch\u1ebf bi\u1ebfn th\u1ef1c ph\u1ea9m<\/b><\/h3>\n<p style=\"text-align: justify;\"><span style=\"font-weight: 400;\">V\u1edbi b\u1ec1 m\u1eb7t \u0111\u01b0\u1ee3c thi\u1ebft k\u1ebf r\u1ed9ng r\u00e3i v\u00e0 ch\u1eafc ch\u1eafn, t\u1ee7 b\u1ebfp di \u0111\u1ed9ng c\u00f3 th\u1ec3 s\u1eed d\u1ee5ng nh\u01b0 m\u1ed9t b\u00e0n ch\u1ebf bi\u1ebfn th\u1ef1c ph\u1ea9m. \u0110\u00e2y l\u00e0 n\u01a1i l\u00fd t\u01b0\u1edfng \u0111\u1ec3 b\u1ea1n c\u1eaft th\u00e1i, chu\u1ea9n b\u1ecb nguy\u00ean li\u1ec7u ho\u1eb7c tr\u01b0ng b\u00e0y c\u00e1c m\u00f3n \u0103n khi c\u1ea7n thi\u1ebft. M\u1ed9t s\u1ed1 m\u1eabu c\u00f2n \u0111\u01b0\u1ee3c t\u00edch h\u1ee3p ng\u0103n k\u00e9o ho\u1eb7c khay \u0111\u1ef1ng dao k\u00e9o, gi\u00fap vi\u1ec7c ch\u1ebf bi\u1ebfn tr\u1edf n\u00ean ti\u1ec7n l\u1ee3i h\u01a1n.<\/span><\/p>\n<h3 style=\"text-align: justify;\"><b>2.2. L\u00e0m b\u00e0n \u0103n ph\u1ee5<\/b><\/h3>\n<p style=\"text-align: justify;\"><span style=\"font-weight: 400;\">Trong nh\u1eefng b\u1eefa ti\u1ec7c gia \u0111\u00ecnh ho\u1eb7c h\u1ecdp m\u1eb7t b\u1ea1n b\u00e8, t\u1ee7 b\u1ebfp di \u0111\u1ed9ng c\u00f3 th\u1ec3 tr\u1edf th\u00e0nh m\u1ed9t b\u00e0n \u0103n ph\u1ee5 ho\u00e0n h\u1ea3o. B\u1ea1n c\u00f3 th\u1ec3 d\u1ec5 d\u00e0ng di chuy\u1ec3n n\u00f3 t\u1eeb nh\u00e0 b\u1ebfp ra ph\u00f2ng \u0103n ho\u1eb7c s\u00e2n v\u01b0\u1eddn, mang \u0111\u1ebfn s\u1ef1 linh ho\u1ea1t v\u00e0 ti\u1ec7n d\u1ee5ng cho m\u1ecdi kh\u00f4ng gian.<\/span><\/p>\n<h3 style=\"text-align: justify;\"><b>2.3. L\u00e0m k\u1ec7 l\u01b0u tr\u1eef \u0111\u1ed3<\/b><\/h3>\n<p style=\"text-align: justify;\"><span style=\"font-weight: 400;\">T\u1ee7 b\u1ebfp di \u0111\u1ed9ng th\u01b0\u1eddng \u0111\u01b0\u1ee3c thi\u1ebft k\u1ebf v\u1edbi nhi\u1ec1u ng\u0103n k\u00e9o v\u00e0 k\u1ec7, gi\u00fap t\u1ed1i \u01b0u h\u00f3a kh\u1ea3 n\u0103ng l\u01b0u tr\u1eef. B\u1ea1n c\u00f3 th\u1ec3 d\u00f9ng ch\u00fang \u0111\u1ec3 \u0111\u1ef1ng n\u1ed3i, ch\u1ea3o, b\u00e1t \u0111\u0129a ho\u1eb7c c\u00e1c d\u1ee5ng c\u1ee5 nh\u00e0 b\u1ebfp kh\u00e1c. M\u1ed9t s\u1ed1 m\u1eabu c\u00f2n c\u00f3 gi\u00e1 treo kh\u0103n ho\u1eb7c ng\u0103n ch\u1ee9a chai l\u1ecd, gi\u00fap kh\u00f4ng gian b\u1ebfp tr\u1edf n\u00ean g\u1ecdn g\u00e0ng v\u00e0 ng\u0103n n\u1eafp h\u01a1n.<\/span><\/p>\n<h3 style=\"text-align: justify;\"><b>2.4. Ph\u1ee5c v\u1ee5 nhi\u1ec1u m\u1ee5c \u0111\u00edch linh ho\u1ea1t<\/b><\/h3>\n<p style=\"text-align: justify;\"><span style=\"font-weight: 400;\">T\u00ednh di \u0111\u1ed9ng c\u1ee7a t\u1ee7 b\u1ebfp cho ph\u00e9p b\u1ea1n s\u1eed d\u1ee5ng ch\u00fang \u1edf nhi\u1ec1u khu v\u1ef1c kh\u00e1c nhau trong nh\u00e0. V\u00ed d\u1ee5, b\u1ea1n c\u00f3 th\u1ec3 \u0111\u1eb7t ch\u00fang \u1edf ban c\u00f4ng \u0111\u1ec3 ph\u1ee5c v\u1ee5 c\u00e1c b\u1eefa \u0103n ngo\u00e0i tr\u1eddi, ho\u1eb7c di chuy\u1ec3n ra s\u00e2n v\u01b0\u1eddn khi t\u1ed5 ch\u1ee9c ti\u1ec7c BBQ. M\u1ed9t s\u1ed1 m\u1eabu t\u1ee7 c\u00f2n \u0111\u01b0\u1ee3c thi\u1ebft k\u1ebf \u0111\u1ec3 s\u1eed d\u1ee5ng nh\u01b0 qu\u1ea7y bar mini, t\u1ea1o n\u00ean kh\u00f4ng gian gi\u1ea3i tr\u00ed sang tr\u1ecdng.<\/span><\/p>\n<h3 style=\"text-align: justify;\"><b>2.5 Ti\u1ebft ki\u1ec7m kh\u00f4ng gian cho nh\u00e0 nh\u1ecf<\/b><\/h3>\n<p style=\"text-align: justify;\"><span style=\"font-weight: 400;\">\u0110\u1ed1i v\u1edbi nh\u1eefng c\u0103n h\u1ed9 c\u00f3 di\u1ec7n t\u00edch h\u1ea1n ch\u1ebf, t\u1ee7 b\u1ebfp di \u0111\u1ed9ng l\u00e0 gi\u1ea3i ph\u00e1p ho\u00e0n h\u1ea3o. Khi kh\u00f4ng s\u1eed d\u1ee5ng, b\u1ea1n c\u00f3 th\u1ec3 d\u1ec5 d\u00e0ng g\u1ea5p g\u1ecdn ho\u1eb7c di chuy\u1ec3n \u0111\u1ebfn v\u1ecb tr\u00ed kh\u00e1c \u0111\u1ec3 ti\u1ebft ki\u1ec7m di\u1ec7n t\u00edch. \u0110i\u1ec1u n\u00e0y \u0111\u1eb7c bi\u1ec7t h\u1eefu \u00edch trong c\u00e1c kh\u00f4ng gian s\u1ed1ng nh\u1ecf g\u1ecdn ho\u1eb7c c\u0103n h\u1ed9 studio.<\/span><\/p>\n<h3 style=\"text-align: justify;\"><b>2.6 D\u1ec5 d\u00e0ng v\u1ec7 sinh v\u00e0 b\u1ea3o tr\u00ec<\/b><\/h3>\n<p style=\"text-align: justify;\"><span style=\"font-weight: 400;\">V\u1edbi thi\u1ebft k\u1ebf nh\u1ecf g\u1ecdn v\u00e0 kh\u1ea3 n\u0103ng di chuy\u1ec3n linh ho\u1ea1t, vi\u1ec7c v\u1ec7 sinh t\u1ee7 b\u1ebfp di \u0111\u1ed9ng tr\u1edf n\u00ean \u0111\u01a1n gi\u1ea3n h\u01a1n bao gi\u1edd h\u1ebft. B\u1ea1n c\u00f3 th\u1ec3 d\u1ec5 d\u00e0ng lau ch\u00f9i b\u1ec1 m\u1eb7t v\u00e0 c\u00e1c ng\u0103n t\u1ee7 m\u00e0 kh\u00f4ng g\u1eb7p kh\u00f3 kh\u0103n.<\/span><\/p>\n<h2 style=\"text-align: justify;\"><b>3. \u0110\u1ed1i t\u01b0\u1ee3ng ph\u00f9 h\u1ee3p v\u1edbi t\u1ee7 b\u1ebfp di \u0111\u1ed9ng<\/b><\/h2>\n<p><img loading=\"lazy\" decoding=\"async\" class=\"aligncenter wp-image-4091\" src=\"https:\/\/nhatnam.org\/wp-content\/uploads\/2024\/12\/tu-bep-di-dong-3-300x300.jpg\" alt=\"T\u1ee7 B\u1ebfp Di \u0110\u1ed9ng\" width=\"1024\" height=\"1024\" \/><\/p>\n<p style=\"text-align: justify;\"><span style=\"font-weight: 400;\">T\u1ee7 b\u1ebfp di \u0111\u1ed9ng kh\u00f4ng ch\u1ec9 d\u00e0nh ri\u00eang cho m\u1ed9t nh\u00f3m \u0111\u1ed1i t\u01b0\u1ee3ng m\u00e0 ph\u00f9 h\u1ee3p v\u1edbi nhi\u1ec1u t\u00ecnh hu\u1ed1ng v\u00e0 nhu c\u1ea7u kh\u00e1c nhau:<\/span><\/p>\n<p style=\"text-align: justify;\"><b>Gia \u0111\u00ecnh c\u00f3 di\u1ec7n t\u00edch nh\u00e0 nh\u1ecf:<\/b><span style=\"font-weight: 400;\"> V\u1edbi nh\u1eefng c\u0103n h\u1ed9 chung c\u01b0 ho\u1eb7c nh\u00e0 ph\u1ed1 c\u00f3 kh\u00f4ng gian h\u1ea1n ch\u1ebf, t\u1ee7 b\u1ebfp di \u0111\u1ed9ng gi\u00fap t\u1eadn d\u1ee5ng t\u1ed1i \u0111a di\u1ec7n t\u00edch v\u00e0 mang l\u1ea1i s\u1ef1 tho\u1ea3i m\u00e1i trong vi\u1ec7c s\u1eafp x\u1ebfp \u0111\u1ed3 d\u00f9ng b\u1ebfp n\u00fac.<\/span><\/p>\n<p style=\"text-align: justify;\"><b>Nh\u1eefng gia \u0111\u00ecnh y\u00eau th\u00edch ti\u1ec7c t\u00f9ng ho\u1eb7c t\u1ed5 ch\u1ee9c s\u1ef1 ki\u1ec7n t\u1ea1i nh\u00e0:<\/b><span style=\"font-weight: 400;\"> T\u1ee7 b\u1ebfp di \u0111\u1ed9ng c\u00f3 th\u1ec3 \u0111\u01b0\u1ee3c s\u1eed d\u1ee5ng nh\u01b0 m\u1ed9t qu\u1ea7y bar mini ho\u1eb7c b\u00e0n ph\u1ee5c v\u1ee5 trong c\u00e1c bu\u1ed5i ti\u1ec7c. B\u1ea1n c\u00f3 th\u1ec3 d\u1ec5 d\u00e0ng di chuy\u1ec3n n\u00f3 \u0111\u1ebfn c\u00e1c v\u1ecb tr\u00ed kh\u00e1c nhau trong nh\u00e0 ho\u1eb7c s\u00e2n v\u01b0\u1eddn.<\/span><\/p>\n<p style=\"text-align: justify;\"><b>Ng\u01b0\u1eddi \u0111\u1ed9c th\u00e2n ho\u1eb7c c\u1eb7p \u0111\u00f4i tr\u1ebb:<\/b><span style=\"font-weight: 400;\"> V\u1edbi kh\u00f4ng gian s\u1ed1ng nh\u1ecf g\u1ecdn v\u00e0 nhu c\u1ea7u s\u1eed d\u1ee5ng kh\u00f4ng qu\u00e1 nhi\u1ec1u, t\u1ee7 b\u1ebfp di \u0111\u1ed9ng \u0111\u00e1p \u1ee9ng \u0111\u1ea7y \u0111\u1ee7 c\u00e1c y\u00eau c\u1ea7u c\u01a1 b\u1ea3n m\u00e0 kh\u00f4ng chi\u1ebfm qu\u00e1 nhi\u1ec1u di\u1ec7n t\u00edch.<\/span><\/p>\n<p style=\"text-align: justify;\"><b>Gia \u0111\u00ecnh c\u00f3 tr\u1ebb nh\u1ecf:<\/b><span style=\"font-weight: 400;\"> T\u1ee7 b\u1ebfp di \u0111\u1ed9ng cho ph\u00e9p b\u1ea1n l\u01b0u tr\u1eef c\u00e1c d\u1ee5ng c\u1ee5 b\u1ebfp an to\u00e0n h\u01a1n khi kh\u00f4ng c\u1ea7n s\u1eed d\u1ee5ng v\u00e0 d\u1ec5 d\u00e0ng di chuy\u1ec3n \u0111\u1ebfn n\u01a1i ph\u00f9 h\u1ee3p, gi\u00fap b\u1ea3o v\u1ec7 tr\u1ebb em kh\u1ecfi c\u00e1c v\u1eadt d\u1ee5ng nguy hi\u1ec3m.<\/span><\/p>\n<h2 style=\"text-align: justify;\"><b>4. Nh\u01b0\u1ee3c \u0111i\u1ec3m c\u1ee7a t\u1ee7 b\u1ebfp di \u0111\u1ed9ng<\/b><\/h2>\n<ul style=\"text-align: justify;\">\n<li style=\"font-weight: 400;\" aria-level=\"1\"><b>Kh\u1ea3 n\u0103ng ch\u1ecbu l\u1ef1c h\u1ea1n ch\u1ebf:<\/b><span style=\"font-weight: 400;\"> V\u00ec t\u00ednh di \u0111\u1ed9ng cao, t\u1ee7 b\u1ebfp di \u0111\u1ed9ng th\u01b0\u1eddng kh\u00f4ng ch\u1ecbu \u0111\u01b0\u1ee3c t\u1ea3i tr\u1ecdng l\u1edbn nh\u01b0 t\u1ee7 b\u1ebfp c\u1ed1 \u0111\u1ecbnh.<\/span><\/li>\n<li style=\"font-weight: 400;\" aria-level=\"1\"><b>H\u1ea1n ch\u1ebf v\u1ec1 kh\u00f4ng gian l\u01b0u tr\u1eef:<\/b><span style=\"font-weight: 400;\"> Di\u1ec7n t\u00edch nh\u1ecf h\u01a1n so v\u1edbi c\u00e1c h\u1ec7 t\u1ee7 b\u1ebfp truy\u1ec1n th\u1ed1ng.<\/span><\/li>\n<li style=\"font-weight: 400;\" aria-level=\"1\"><b>\u0110\u1ed3ng b\u1ed9 v\u1edbi n\u1ed9i th\u1ea5t kh\u00e1c:<\/b><span style=\"font-weight: 400;\"> C\u00f3 th\u1ec3 kh\u00f3 \u0111\u1ed3ng b\u1ed9 ho\u00e0n to\u00e0n v\u1edbi n\u1ed9i th\u1ea5t c\u00f3 s\u1eb5n trong nh\u00e0.<\/span><\/li>\n<\/ul>\n<h2 style=\"text-align: justify;\"><b>5. C\u00e1c m\u1eabu t\u1ee7 b\u1ebfp di \u0111\u1ed9ng \u0111\u01b0\u1ee3c \u01b0a chu\u1ed9ng nh\u1ea5t<\/b><\/h2>\n<p><img loading=\"lazy\" decoding=\"async\" class=\"aligncenter wp-image-4096\" src=\"https:\/\/nhatnam.org\/wp-content\/uploads\/2024\/12\/tu-bep-di-dong-1-300x300.jpg\" alt=\"T\u1ee7 B\u1ebfp Di \u0110\u1ed9ng\" width=\"1024\" height=\"1024\" \/><\/p>\n<p style=\"text-align: justify;\"><span style=\"font-weight: 400;\">Hi\u1ec7n nay, th\u1ecb tr\u01b0\u1eddng cung c\u1ea5p nhi\u1ec1u m\u1eabu t\u1ee7 b\u1ebfp di \u0111\u1ed9ng \u0111a d\u1ea1ng v\u1ec1 ki\u1ec3u d\u00e1ng v\u00e0 ch\u1ee9c n\u0103ng, \u0111\u00e1p \u1ee9ng m\u1ecdi nhu c\u1ea7u s\u1eed d\u1ee5ng:<\/span><\/p>\n<ul style=\"text-align: justify;\">\n<li style=\"font-weight: 400;\" aria-level=\"1\"><b>T\u1ee7 b\u1ebfp di \u0111\u1ed9ng g\u1eafn b\u00e1nh xe:<\/b><span style=\"font-weight: 400;\"> \u0110\u00e2y l\u00e0 lo\u1ea1i ph\u1ed5 bi\u1ebfn nh\u1ea5t, \u0111\u01b0\u1ee3c thi\u1ebft k\u1ebf v\u1edbi b\u00e1nh xe linh ho\u1ea1t gi\u00fap b\u1ea1n d\u1ec5 d\u00e0ng di chuy\u1ec3n trong kh\u00f4ng gian b\u1ebfp ho\u1eb7c c\u00e1c khu v\u1ef1c kh\u00e1c. M\u1ed9t s\u1ed1 m\u1eabu c\u00f2n c\u00f3 kh\u00f3a b\u00e1nh xe \u0111\u1ec3 \u0111\u1ea3m b\u1ea3o s\u1ef1 \u1ed5n \u0111\u1ecbnh khi s\u1eed d\u1ee5ng.<\/span><\/li>\n<li style=\"font-weight: 400;\" aria-level=\"1\"><b>T\u1ee7 b\u1ebfp di \u0111\u1ed9ng g\u1ea5p g\u1ecdn:<\/b><span style=\"font-weight: 400;\"> Lo\u1ea1i t\u1ee7 n\u00e0y th\u01b0\u1eddng \u0111\u01b0\u1ee3c thi\u1ebft k\u1ebf \u0111\u1ec3 c\u00f3 th\u1ec3 g\u1ea5p l\u1ea1i khi kh\u00f4ng s\u1eed d\u1ee5ng, ti\u1ebft ki\u1ec7m t\u1ed1i \u0111a di\u1ec7n t\u00edch. \u0110\u00e2y l\u00e0 gi\u1ea3i ph\u00e1p l\u00fd t\u01b0\u1edfng cho c\u00e1c c\u0103n h\u1ed9 nh\u1ecf ho\u1eb7c kh\u00f4ng gian s\u1ed1ng h\u1ea1n ch\u1ebf.<\/span><\/li>\n<li style=\"font-weight: 400;\" aria-level=\"1\"><b>T\u1ee7 b\u1ebfp di \u0111\u1ed9ng \u0111a n\u0103ng:<\/b><span style=\"font-weight: 400;\"> \u0110\u01b0\u1ee3c t\u00edch h\u1ee3p nhi\u1ec1u ch\u1ee9c n\u0103ng nh\u01b0 b\u1ec1 m\u1eb7t c\u1eaft th\u00e1i, k\u1ec7 \u0111\u1ec3 n\u1ed3i ch\u1ea3o, ng\u0103n k\u00e9o \u0111\u1ef1ng dao k\u00e9o v\u00e0 th\u1eadm ch\u00ed l\u00e0 gi\u00e1 treo kh\u0103n. M\u1ed9t s\u1ed1 m\u1eabu c\u00f2n c\u00f3 th\u00eam kh\u00f4ng gian \u0111\u1ec3 l\u00f2 vi s\u00f3ng ho\u1eb7c m\u00e1y pha c\u00e0 ph\u00ea.<\/span><\/li>\n<li style=\"font-weight: 400;\" aria-level=\"1\"><b>Tu b\u1ebfp di \u0111\u1ed9ng l\u00e0m qu\u1ea7y bar:<\/b><span style=\"font-weight: 400;\"> Nh\u1eefng m\u1eabu t\u1ee7 n\u00e0y \u0111\u01b0\u1ee3c thi\u1ebft k\u1ebf v\u1edbi b\u1ec1 m\u1eb7t ph\u00f9 h\u1ee3p \u0111\u1ec3 l\u00e0m qu\u1ea7y bar mini, gi\u00fap b\u1ea1n ph\u1ee5c v\u1ee5 \u0111\u1ed3 u\u1ed1ng v\u00e0 \u0111\u1ed3 \u0103n nh\u1eb9 trong c\u00e1c bu\u1ed5i h\u1ecdp m\u1eb7t gia \u0111\u00ecnh ho\u1eb7c b\u1ea1n b\u00e8.<\/span><\/li>\n<li style=\"font-weight: 400;\" aria-level=\"1\"><b>T\u1ee7 b\u1ebfp di \u0111\u1ed9ng b\u1eb1ng g\u1ed7 t\u1ef1 nhi\u00ean:<\/b><span style=\"font-weight: 400;\"> Lo\u1ea1i t\u1ee7 n\u00e0y th\u01b0\u1eddng \u0111\u01b0\u1ee3c l\u00e0m t\u1eeb ch\u1ea5t li\u1ec7u g\u1ed7 cao c\u1ea5p, mang l\u1ea1i v\u1ebb \u0111\u1eb9p sang tr\u1ecdng v\u00e0 \u0111\u1ed9 b\u1ec1n cao. \u0110\u00e2y l\u00e0 l\u1ef1a ch\u1ecdn ho\u00e0n h\u1ea3o cho nh\u1eefng ai y\u00eau th\u00edch phong c\u00e1ch c\u1ed5 \u0111i\u1ec3n ho\u1eb7c m\u1ed9c m\u1ea1c.<\/span><\/li>\n<li style=\"font-weight: 400;\" aria-level=\"1\"><b>T\u1ee7 b\u1ebfp di \u0111\u1ed9ng inox:<\/b><span style=\"font-weight: 400;\"> V\u1edbi thi\u1ebft k\u1ebf hi\u1ec7n \u0111\u1ea1i, ch\u1ea5t li\u1ec7u th\u00e9p kh\u00f4ng g\u1ec9 gi\u00fap t\u1ee7 b\u1ebfp d\u1ec5 v\u1ec7 sinh, ch\u1ed1ng \u0103n m\u00f2n v\u00e0 ph\u00f9 h\u1ee3p v\u1edbi phong c\u00e1ch n\u1ed9i th\u1ea5t c\u00f4ng nghi\u1ec7p.<\/span><\/li>\n<\/ul>\n<h2 style=\"text-align: justify;\"><b>6. K\u1ebft lu\u1eadn<\/b><\/h2>\n<p style=\"text-align: justify;\"><span style=\"font-weight: 400;\">T\u1ee7 b\u1ebfp di \u0111\u1ed9ng l\u00e0 m\u1ed9t l\u1ef1a ch\u1ecdn th\u00f4ng minh v\u00e0 \u0111a n\u0103ng cho nh\u1eefng ai \u0111ang t\u00ecm ki\u1ebfm gi\u1ea3i ph\u00e1p ti\u1ebft ki\u1ec7m kh\u00f4ng gian v\u00e0 t\u0103ng t\u00ednh ti\u1ec7n nghi trong nh\u00e0 b\u1ebfp. D\u00f9 b\u1ea1n s\u1ed1ng trong nh\u00e0 nh\u1ecf, nh\u00e0 thu\u00ea hay \u0111\u01a1n gi\u1ea3n mu\u1ed1n t\u00e0i tr\u1ea3i nghi\u1ec7m kh\u00e1c bi\u1ec7t, t\u1ee7 b\u1ebfp di \u0111\u1ed9ng \u0111\u1ea1p \u1ee9ng \u0111\u01b0\u1ee3c m\u1ecdi nhu c\u1ea7u.<\/span><\/p>\n","protected":false},"excerpt":{"rendered":"<p>Trong xu h\u01b0\u1edbng thi\u1ebft k\u1ebf n\u1ed9i th\u1ea5t hi\u1ec7n \u0111\u1ea1i, t\u1ee7 b\u1ebfp di \u0111\u1ed9ng \u0111ang tr\u1edf th\u00e0nh m\u1ed9t l\u1ef1a ch\u1ecdn \u0111\u01b0\u1ee3c nhi\u1ec1u gia \u0111\u00ecnh \u01b0a chu\u1ed9ng. V\u1edbi s\u1ef1 k\u1ebft h\u1ee3p ho\u00e0n h\u1ea3o gi\u1eefa thi\u1ebft k\u1ebf th\u00f4ng minh, t\u00ednh di \u0111\u1ed9ng cao v\u00e0 t\u00ednh th\u1ea9m m\u1ef9, t\u1ee7 b\u1ebfp di \u0111\u1ed9ng kh\u00f4ng ch\u1ec9 mang l\u1ea1i ti\u1ec7n nghi m\u00e0 [&hellip;]<\/p>\n","protected":false},"featured_media":1429,"comment_status":"open","ping_status":"closed","template":"","meta":{"_acf_changed":false,"_gspb_post_css":""},"book-author":[],"product_brand":[],"product_cat":[109,113],"product_tag":[],"class_list":{"0":"post-1430","1":"product","2":"type-product","3":"status-publish","4":"has-post-thumbnail","6":"product_cat-tu-bep-inox","7":"product_cat-tu-bep-nhom","9":"first","10":"instock","11":"shipping-taxable","12":"product-type-simple"},"acf":[],"_links":{"self":[{"href":"https:\/\/nhatnam.libion.me\/index.php\/wp-json\/wp\/v2\/product\/1430","targetHints":{"allow":["GET"]}}],"collection":[{"href":"https:\/\/nhatnam.libion.me\/index.php\/wp-json\/wp\/v2\/product"}],"about":[{"href":"https:\/\/nhatnam.libion.me\/index.php\/wp-json\/wp\/v2\/types\/product"}],"replies":[{"embeddable":true,"href":"https:\/\/nhatnam.libion.me\/index.php\/wp-json\/wp\/v2\/comments?post=1430"}],"wp:featuredmedia":[{"embeddable":true,"href":"https:\/\/nhatnam.libion.me\/index.php\/wp-json\/wp\/v2\/media\/1429"}],"wp:attachment":[{"href":"https:\/\/nhatnam.libion.me\/index.php\/wp-json\/wp\/v2\/media?parent=1430"}],"wp:term":[{"taxonomy":"book-author","embeddable":true,"href":"https:\/\/nhatnam.libion.me\/index.php\/wp-json\/wp\/v2\/book-author?post=1430"},{"taxonomy":"product_brand","embeddable":true,"href":"https:\/\/nhatnam.libion.me\/index.php\/wp-json\/wp\/v2\/product_brand?post=1430"},{"taxonomy":"product_cat","embeddable":true,"href":"https:\/\/nhatnam.libion.me\/index.php\/wp-json\/wp\/v2\/product_cat?post=1430"},{"taxonomy":"product_tag","embeddable":true,"href":"https:\/\/nhatnam.libion.me\/index.php\/wp-json\/wp\/v2\/product_tag?post=1430"}],"curies":[{"name":"wp","href":"https:\/\/api.w.org\/{rel}","templated":true}]}}