{"id":1413,"date":"2026-04-07T10:08:23","date_gmt":"2026-04-07T10:08:23","guid":{"rendered":"https:\/\/nhatnam.libion.me\/index.php\/product\/tu-bep-chu-i\/"},"modified":"2026-04-07T10:08:38","modified_gmt":"2026-04-07T10:08:38","slug":"tu-bep-chu-i","status":"publish","type":"product","link":"https:\/\/nhatnam.libion.me\/index.php\/product\/tu-bep-chu-i\/","title":{"rendered":"T\u1ee7 B\u1ebfp Ch\u1eef I"},"content":{"rendered":"<p style=\"text-align: justify;\"><span style=\"font-weight: 400;\">T\u1ee7 b\u1ebfp ch\u1eef I l\u00e0 l\u1ef1a ch\u1ecdn ho\u00e0n h\u1ea3o cho nh\u1eefng kh\u00f4ng gian b\u1ebfp nh\u1ecf g\u1ecdn v\u00e0 hi\u1ec7n \u0111\u1ea1i. V\u1edbi thi\u1ebft k\u1ebf \u0111\u01a1n gi\u1ea3n, t\u1ed1i \u01b0u h\u00f3a tr\u00ean m\u1ed9t \u0111\u01b0\u1eddng th\u1eb3ng, t\u1ee7 b\u1ebfp ch\u1eef I gi\u00fap t\u1eadn d\u1ee5ng t\u1ed1i \u0111a kh\u00f4ng gian, mang l\u1ea1i s\u1ef1 ti\u1ec7n nghi v\u00e0 th\u1ea9m m\u1ef9 cao. \u0110\u00e2y l\u00e0 gi\u1ea3i ph\u00e1p l\u00fd t\u01b0\u1edfng cho gia \u0111\u00ecnh mu\u1ed1n k\u1ebft h\u1ee3p s\u1ef1 g\u1ecdn g\u00e0ng, hi\u1ec7n \u0111\u1ea1i v\u00e0 ti\u1ebft ki\u1ec7m chi ph\u00ed.<\/span><\/p>\n<h2 style=\"text-align: justify;\"><b>1. T\u1ee7 b\u1ebfp ch\u1eef I l\u00e0 g\u00ec?<\/b><\/h2>\n<p style=\"text-align: justify;\"><img loading=\"lazy\" decoding=\"async\" class=\"aligncenter wp-image-3365 size-large\" src=\"https:\/\/nhatnam.org\/wp-content\/uploads\/2024\/12\/tu-bep-inox-Nhat-Nam-59-1024x576.jpg\" alt=\"T\u1ee7 B\u1ebfp Ch\u1eef I\" width=\"1024\" height=\"576\" \/><\/p>\n<p style=\"text-align: justify;\"><span style=\"font-weight: 400;\">T\u1ee7 b\u1ebfp ch\u1eef I l\u00e0 m\u1ed9t lo\u1ea1i thi\u1ebft k\u1ebf b\u1ebfp ph\u1ed5 bi\u1ebfn v\u1edbi c\u00e1ch b\u1ed1 tr\u00ed c\u00e1c khu v\u1ef1c ch\u1ee9c n\u0103ng tr\u00ean c\u00f9ng m\u1ed9t \u0111\u01b0\u1eddng th\u1eb3ng. M\u1eabu t\u1ee7 n\u00e0y th\u01b0\u1eddng \u0111\u01b0\u1ee3c s\u1eed d\u1ee5ng trong c\u00e1c kh\u00f4ng gian nh\u1ecf, ch\u1eb3ng h\u1ea1n nh\u01b0 c\u0103n h\u1ed9 chung c\u01b0, nh\u00e0 ph\u1ed1, ho\u1eb7c c\u00e1c gian b\u1ebfp c\u00f3 di\u1ec7n t\u00edch h\u1ea1n ch\u1ebf. Tuy \u0111\u01a1n gi\u1ea3n nh\u01b0ng thi\u1ebft k\u1ebf t\u1ee7 b\u1ebfp ch\u1eef I v\u1eabn \u0111\u1ea3m b\u1ea3o t\u00ednh th\u1ea9m m\u1ef9 v\u00e0 \u0111\u1ea7y \u0111\u1ee7 c\u00f4ng n\u0103ng, \u0111\u00e1p \u1ee9ng nhu c\u1ea7u sinh ho\u1ea1t c\u1ee7a m\u1ecdi gia \u0111\u00ecnh.<\/span><\/p>\n<p style=\"text-align: justify;\"><span style=\"font-weight: 400;\">V\u1edbi thi\u1ebft k\u1ebf ch\u1ea1y d\u1ecdc theo m\u1ed9t b\u1ee9c t\u01b0\u1eddng duy nh\u1ea5t, b\u1ebfp ch\u1eef I kh\u00f4ng ch\u1ec9 gi\u00fap ti\u1ebft ki\u1ec7m kh\u00f4ng gian m\u00e0 c\u00f2n t\u1ea1o c\u1ea3m gi\u00e1c g\u1ecdn g\u00e0ng, th\u00f4ng tho\u00e1ng cho c\u0103n b\u1ebfp. \u0110\u00e2y l\u00e0 gi\u1ea3i ph\u00e1p ho\u00e0n h\u1ea3o cho nh\u1eefng gia \u0111\u00ecnh mu\u1ed1n k\u1ebft h\u1ee3p s\u1ef1 \u0111\u01a1n gi\u1ea3n v\u00e0 hi\u1ec7n \u0111\u1ea1i trong m\u1ed9t kh\u00f4ng gian s\u1ed1ng.<\/span><\/p>\n<h2 style=\"text-align: justify;\"><b>2. \u01afu \u0111i\u1ec3m n\u1ed5i b\u1eadt c\u1ee7a t\u1ee7 b\u1ebfp ch\u1eef I<\/b><\/h2>\n<p style=\"text-align: justify;\"><img loading=\"lazy\" decoding=\"async\" class=\"aligncenter wp-image-2179 size-large\" src=\"https:\/\/nhatnam.org\/wp-content\/uploads\/2024\/12\/NTNN10-1024x538.jpg\" alt=\"T\u1ee7 B\u1ebfp Ch\u1eef I\" width=\"1024\" height=\"538\" \/><\/p>\n<h4 style=\"text-align: justify;\"><b>2.1. T\u1ed1i \u01b0u h\u00f3a kh\u00f4ng gian<\/b><\/h4>\n<p style=\"text-align: justify;\"><span style=\"font-weight: 400;\">T\u1ee7 b\u1ebfp ch\u1eef I l\u00e0 l\u1ef1a ch\u1ecdn l\u00fd t\u01b0\u1edfng cho nh\u1eefng c\u0103n b\u1ebfp c\u00f3 di\u1ec7n t\u00edch nh\u1ecf ho\u1eb7c h\u1eb9p. B\u1eb1ng c\u00e1ch b\u1ed1 tr\u00ed c\u00e1c khu v\u1ef1c n\u1ea5u n\u01b0\u1edbng, l\u01b0u tr\u1eef v\u00e0 r\u1eeda ch\u00e9n d\u1ecdc theo m\u1ed9t \u0111\u01b0\u1eddng th\u1eb3ng, thi\u1ebft k\u1ebf n\u00e0y gi\u00fap kh\u00f4ng gian b\u1ebfp g\u1ecdn g\u00e0ng, tho\u00e1ng \u0111\u00e3ng h\u01a1n. Ng\u01b0\u1eddi n\u1ed9i tr\u1ee3 c\u0169ng d\u1ec5 d\u00e0ng di chuy\u1ec3n gi\u1eefa c\u00e1c khu v\u1ef1c m\u00e0 kh\u00f4ng c\u1ea7n ph\u1ea3i \u0111i qu\u00e1 xa.<\/span><\/p>\n<h4 style=\"text-align: justify;\"><b>2.2. Phong c\u00e1ch thi\u1ebft k\u1ebf \u0111a d\u1ea1ng<\/b><\/h4>\n<p style=\"text-align: justify;\"><span style=\"font-weight: 400;\">M\u1eb7c d\u00f9 thi\u1ebft k\u1ebf \u0111\u01a1n gi\u1ea3n, t\u1ee7 b\u1ebfp ch\u1eef I c\u00f3 th\u1ec3 \u0111\u01b0\u1ee3c t\u00f9y ch\u1ec9nh \u0111\u1ec3 ph\u00f9 h\u1ee3p v\u1edbi nhi\u1ec1u phong c\u00e1ch n\u1ed9i th\u1ea5t kh\u00e1c nhau. T\u1eeb hi\u1ec7n \u0111\u1ea1i, c\u1ed5 \u0111i\u1ec3n \u0111\u1ebfn t\u1ed1i gi\u1ea3n, m\u1ed7i m\u1eabu t\u1ee7 \u0111\u1ec1u mang \u0111\u1ebfn s\u1ef1 kh\u00e1c bi\u1ec7t nh\u1edd v\u00e0o ch\u1ea5t li\u1ec7u, m\u00e0u s\u1eafc v\u00e0 ki\u1ec3u d\u00e1ng.<\/span><\/p>\n<h4 style=\"text-align: justify;\"><b>2.3. T\u00edch h\u1ee3p c\u00f4ng ngh\u1ec7 th\u00f4ng minh<\/b><\/h4>\n<p style=\"text-align: justify;\"><span style=\"font-weight: 400;\">Nhi\u1ec1u m\u1eabu t\u1ee7 b\u1ebfp ch\u1eef I hi\u1ec7n nay \u0111\u01b0\u1ee3c t\u00edch h\u1ee3p c\u00e1c t\u00ednh n\u0103ng hi\u1ec7n \u0111\u1ea1i nh\u01b0:<\/span><\/p>\n<ul style=\"text-align: justify;\">\n<li style=\"font-weight: 400;\" aria-level=\"1\"><span style=\"font-weight: 400;\">H\u1ec7 th\u1ed1ng \u0111\u00e8n LED chi\u1ebfu s\u00e1ng gi\u00fap t\u0103ng th\u1ea9m m\u1ef9 v\u00e0 ti\u1ec7n \u00edch.<\/span><\/li>\n<li style=\"font-weight: 400;\" aria-level=\"1\"><span style=\"font-weight: 400;\">Ph\u1ee5 ki\u1ec7n th\u00f4ng minh nh\u01b0 gi\u00e1 n\u00e2ng h\u1ea1, ng\u0103n k\u00e9o t\u1ef1 \u0111\u1ed9ng, b\u1ebfp t\u1eeb \u00e2m ti\u1ebft ki\u1ec7m di\u1ec7n t\u00edch.<\/span><\/li>\n<li style=\"font-weight: 400;\" aria-level=\"1\"><span style=\"font-weight: 400;\">Thi\u1ebft k\u1ebf ch\u1ed1ng b\u00e1m b\u1ea9n, d\u1ec5 d\u00e0ng lau ch\u00f9i.<\/span><\/li>\n<\/ul>\n<h4 style=\"text-align: justify;\"><b>2.4. Chi ph\u00ed h\u1ee3p l\u00fd<\/b><\/h4>\n<p style=\"text-align: justify;\"><span style=\"font-weight: 400;\">So v\u1edbi c\u00e1c m\u1eabu t\u1ee7 b\u1ebfp ch\u1eef L hay ch\u1eef U, t\u1ee7 b\u1ebfp ch\u1eef I c\u00f3 chi ph\u00ed th\u1ea5p h\u01a1n do thi\u1ebft k\u1ebf g\u1ecdn g\u00e0ng v\u00e0 s\u1eed d\u1ee5ng \u00edt v\u1eadt li\u1ec7u h\u01a1n. \u0110i\u1ec1u n\u00e0y gi\u00fap c\u00e1c gia \u0111\u00ecnh c\u00f3 ng\u00e2n s\u00e1ch h\u1ea1n ch\u1ebf v\u1eabn c\u00f3 th\u1ec3 s\u1edf h\u1eefu m\u1ed9t c\u0103n b\u1ebfp ti\u1ec7n nghi v\u00e0 \u0111\u1eb9p m\u1eaft.<\/span><\/p>\n<h2 style=\"text-align: justify;\"><b>3. C\u00e1c m\u1eabu t\u1ee7 b\u1ebfp ch\u1eef I ph\u1ed5 bi\u1ebfn hi\u1ec7n nay<\/b><\/h2>\n<p><img loading=\"lazy\" decoding=\"async\" class=\"aligncenter wp-image-2178 size-large\" src=\"https:\/\/nhatnam.org\/wp-content\/uploads\/2024\/12\/NTNN09-1024x538.jpg\" alt=\"T\u1ee7 B\u1ebfp Ch\u1eef I\" width=\"1024\" height=\"538\" \/><\/p>\n<h4 style=\"text-align: justify;\"><b>3.1. T\u1ee7 b\u1ebfp ch\u1eef I hi\u1ec7n \u0111\u1ea1i<\/b><\/h4>\n<p style=\"text-align: justify;\"><span style=\"font-weight: 400;\">M\u1eabu t\u1ee7 b\u1ebfp \u0111\u1eb9p h\u00ecnh ch\u1eef I hi\u1ec7n \u0111\u1ea1i th\u01b0\u1eddng s\u1eed d\u1ee5ng g\u1ed7 c\u00f4ng nghi\u1ec7p k\u1ebft h\u1ee3p v\u1edbi m\u1eb7t \u0111\u00e1 b\u1ebfp ho\u1eb7c k\u00ednh c\u01b0\u1eddng l\u1ef1c, t\u1ea1o n\u00ean s\u1ef1 sang tr\u1ecdng v\u00e0 d\u1ec5 v\u1ec7 sinh. M\u00e0u s\u1eafc ph\u1ed5 bi\u1ebfn l\u00e0 tr\u1eafng, x\u00e1m, ho\u1eb7c g\u1ed7 t\u1ef1 nhi\u00ean, mang l\u1ea1i c\u1ea3m gi\u00e1c tho\u00e1ng \u0111\u00e3ng v\u00e0 tinh t\u1ebf.<\/span><\/p>\n<h4 style=\"text-align: justify;\"><b>3.2. T\u1ee7 b\u1ebfp ch\u1eef I th\u00f4ng minh<\/b><\/h4>\n<p style=\"text-align: justify;\"><span style=\"font-weight: 400;\">\u0110\u01b0\u1ee3c t\u00edch h\u1ee3p c\u00e1c ph\u1ee5 ki\u1ec7n th\u00f4ng minh nh\u01b0 k\u1ec7 k\u00e9o, ng\u0103n chia \u0111\u1ed3, v\u00e0 k\u1ec7 g\u00f3c xoay, m\u1eabu t\u1ee7 b\u1ebfp ch\u1eef I d\u00e0i 3m n\u00e0y gi\u00fap b\u1ea1n t\u1eadn d\u1ee5ng t\u1ed1i \u0111a kh\u00f4ng gian l\u01b0u tr\u1eef m\u00e0 v\u1eabn \u0111\u1ea3m b\u1ea3o s\u1ef1 ti\u1ec7n l\u1ee3i trong qu\u00e1 tr\u00ecnh s\u1eed d\u1ee5ng.<\/span><\/p>\n<h4 style=\"text-align: justify;\"><b>3.3. T\u1ee7 b\u1ebfp ch\u1eef I k\u1ebft h\u1ee3p qu\u1ea7y bar mini<\/b><\/h4>\n<p style=\"text-align: justify;\"><span style=\"font-weight: 400;\">\u0110\u00e2y l\u00e0 m\u1eabu thi\u1ebft k\u1ebf s\u00e1ng t\u1ea1o, v\u1eeba ti\u1ebft ki\u1ec7m kh\u00f4ng gian v\u1eeba t\u1ea1o \u0111i\u1ec3m nh\u1ea5n cho c\u0103n b\u1ebfp. Qu\u1ea7y bar mini c\u00f3 th\u1ec3 \u0111\u01b0\u1ee3c s\u1eed d\u1ee5ng nh\u01b0 m\u1ed9t b\u00e0n \u0103n s\u00e1ng, khu v\u1ef1c ti\u1ebfp kh\u00e1ch ho\u1eb7c n\u01a1i tr\u01b0ng b\u00e0y \u0111\u1ed3 u\u1ed1ng.<\/span><\/p>\n<h4 style=\"text-align: justify;\"><b>3.4. T\u1ee7 b\u1ebfp ch\u1eef I v\u1edbi k\u1ec7 m\u1edf<\/b><\/h4>\n<p style=\"text-align: justify;\"><span style=\"font-weight: 400;\">Thi\u1ebft k\u1ebf n\u00e0y gi\u00fap kh\u00f4ng gian b\u1ebfp tr\u1edf n\u00ean tho\u00e1ng h\u01a1n v\u00e0 d\u1ec5 d\u00e0ng tr\u01b0ng b\u00e0y c\u00e1c v\u1eadt d\u1ee5ng nh\u01b0 ly, ch\u00e9n, ho\u1eb7c \u0111\u1ed3 trang tr\u00ed. K\u1ec7 m\u1edf th\u01b0\u1eddng \u0111\u01b0\u1ee3c k\u1ebft h\u1ee3p v\u1edbi \u00e1nh s\u00e1ng LED \u0111\u1ec3 t\u0103ng th\u00eam t\u00ednh th\u1ea9m m\u1ef9.<\/span><\/p>\n<h2 style=\"text-align: justify;\"><b>4. B\u00ed quy\u1ebft ch\u1ecdn t\u1ee7 b\u1ebfp ch\u1eef I ph\u00f9 h\u1ee3p<\/b><\/h2>\n<p><img loading=\"lazy\" decoding=\"async\" class=\"aligncenter wp-image-2727 size-large\" src=\"https:\/\/nhatnam.org\/wp-content\/uploads\/2024\/12\/z6154722848881_acc6fa08b939fcc6553de6de61a3aaf9-1024x576.jpg\" alt=\"T\u1ee7 B\u1ebfp Ch\u1eef I\" width=\"1024\" height=\"576\" \/><\/p>\n<h4 style=\"text-align: justify;\"><b>4.1. X\u00e1c \u0111\u1ecbnh k\u00edch th\u01b0\u1edbc v\u00e0 nhu c\u1ea7u s\u1eed d\u1ee5ng<\/b><\/h4>\n<p style=\"text-align: justify;\"><span style=\"font-weight: 400;\">Tr\u01b0\u1edbc khi ch\u1ecdn t\u1ee7 b\u1ebfp, b\u1ea1n c\u1ea7n \u0111o \u0111\u1ea1c ch\u00ednh x\u00e1c k\u00edch th\u01b0\u1edbc kh\u00f4ng gian b\u1ebfp \u0111\u1ec3 \u0111\u1ea3m b\u1ea3o t\u1ee7 v\u1eeba v\u1eb7n. \u0110\u1ed3ng th\u1eddi, h\u00e3y c\u00e2n nh\u1eafc nhu c\u1ea7u s\u1eed d\u1ee5ng nh\u01b0 l\u01b0u tr\u1eef, s\u1ed1 l\u01b0\u1ee3ng thi\u1ebft b\u1ecb b\u1ebfp \u0111\u1ec3 ch\u1ecdn m\u1eabu ph\u00f9 h\u1ee3p.<\/span><\/p>\n<h4 style=\"text-align: justify;\"><b>4.2. L\u1ef1a ch\u1ecdn ch\u1ea5t li\u1ec7u<\/b><\/h4>\n<p style=\"text-align: justify;\"><span style=\"font-weight: 400;\">Ch\u1ea5t li\u1ec7u t\u1ee7 b\u1ebfp kh\u00f4ng ch\u1ec9 \u1ea3nh h\u01b0\u1edfng \u0111\u1ebfn \u0111\u1ed9 b\u1ec1n m\u00e0 c\u00f2n quy\u1ebft \u0111\u1ecbnh phong c\u00e1ch t\u1ed5ng th\u1ec3 c\u1ee7a c\u0103n b\u1ebfp. V\u00ed d\u1ee5, g\u1ed7 c\u00f4ng nghi\u1ec7p mang l\u1ea1i v\u1ebb hi\u1ec7n \u0111\u1ea1i, nh\u00f4m k\u00ednh ph\u00f9 h\u1ee3p v\u1edbi phong c\u00e1ch t\u1ed1i gi\u1ea3n, trong khi g\u1ed7 t\u1ef1 nhi\u00ean l\u1ea1i t\u1ea1o c\u1ea3m gi\u00e1c \u1ea5m c\u00fang, sang tr\u1ecdng.<\/span><\/p>\n<h4 style=\"text-align: justify;\"><b>4.3. Ch\u1ecdn m\u00e0u s\u1eafc h\u00e0i h\u00f2a<\/b><\/h4>\n<p style=\"text-align: justify;\"><span style=\"font-weight: 400;\">T\u1ee7 b\u1ebfp ch\u1eef I n\u00ean c\u00f3 m\u00e0u s\u1eafc \u0111\u1ed3ng nh\u1ea5t v\u1edbi kh\u00f4ng gian t\u1ed5ng th\u1ec3 c\u1ee7a ng\u00f4i nh\u00e0. N\u1ebfu kh\u00f4ng gian b\u1ebfp nh\u1ecf, b\u1ea1n n\u00ean ch\u1ecdn c\u00e1c m\u00e0u s\u00e1ng nh\u01b0 tr\u1eafng ho\u1eb7c pastel \u0111\u1ec3 t\u1ea1o c\u1ea3m gi\u00e1c r\u1ed9ng r\u00e3i h\u01a1n.<\/span><\/p>\n<h4 style=\"text-align: justify;\"><b>4.4. \u01afu ti\u00ean c\u00e1c ph\u1ee5 ki\u1ec7n th\u00f4ng minh<\/b><\/h4>\n<p style=\"text-align: justify;\"><span style=\"font-weight: 400;\">Ph\u1ee5 ki\u1ec7n nh\u01b0 k\u1ec7 k\u00e9o, ng\u0103n chia \u0111\u1ed3, ho\u1eb7c t\u1ee7 g\u00f3c xoay s\u1ebd gi\u00fap b\u1ea1n s\u1eafp x\u1ebfp \u0111\u1ed3 d\u00f9ng g\u1ecdn g\u00e0ng h\u01a1n, \u0111\u1ed3ng th\u1eddi t\u0103ng t\u00ednh ti\u1ec7n nghi trong qu\u00e1 tr\u00ecnh s\u1eed d\u1ee5ng.<\/span><\/p>\n<h2 style=\"text-align: justify;\"><b>5. L\u1ee3i \u00edch khi s\u1eed d\u1ee5ng t\u1ee7 b\u1ebfp ch\u1eef I<\/b><\/h2>\n<h4 style=\"text-align: justify;\"><b>5.1. T\u0103ng hi\u1ec7u qu\u1ea3 n\u1ea5u n\u01b0\u1edbng<\/b><\/h4>\n<p style=\"text-align: justify;\"><span style=\"font-weight: 400;\">V\u1edbi thi\u1ebft k\u1ebf t\u1eadp trung, c\u00e1c khu v\u1ef1c ch\u1ee9c n\u0103ng nh\u01b0 n\u1ea5u n\u01b0\u1edbng, r\u1eeda ch\u00e9n v\u00e0 l\u01b0u tr\u1eef \u0111\u01b0\u1ee3c s\u1eafp x\u1ebfp g\u1ea7n nhau, gi\u00fap b\u1ea1n ti\u1ebft ki\u1ec7m th\u1eddi gian v\u00e0 c\u00f4ng s\u1ee9c trong qu\u00e1 tr\u00ecnh n\u1ea5u \u0103n.<\/span><\/p>\n<h4 style=\"text-align: justify;\"><b>5.2. D\u1ec5 d\u00e0ng v\u1ec7 sinh<\/b><\/h4>\n<p style=\"text-align: justify;\"><span style=\"font-weight: 400;\">B\u1ec1 m\u1eb7t t\u1ee7 b\u1ebfp ch\u1eef I th\u01b0\u1eddng \u0111\u01b0\u1ee3c l\u00e0m t\u1eeb c\u00e1c v\u1eadt li\u1ec7u ch\u1ed1ng b\u00e1m b\u1ea9n nh\u01b0 laminate, acrylic ho\u1eb7c k\u00ednh c\u01b0\u1eddng l\u1ef1c, gi\u00fap vi\u1ec7c lau ch\u00f9i tr\u1edf n\u00ean d\u1ec5 d\u00e0ng h\u01a1n.<\/span><\/p>\n<h4 style=\"text-align: justify;\"><b>5.3. T\u0103ng gi\u00e1 tr\u1ecb th\u1ea9m m\u1ef9 cho ng\u00f4i nh\u00e0<\/b><\/h4>\n<p style=\"text-align: justify;\"><span style=\"font-weight: 400;\">M\u1ed9t m\u1eabu t\u1ee7 b\u1ebfp ch\u1eef I \u0111\u1eb9p kh\u00f4ng ch\u1ec9 l\u00e0 n\u01a1i n\u1ea5u \u0103n m\u00e0 c\u00f2n l\u00e0 \u0111i\u1ec3m nh\u1ea5n th\u1ea9m m\u1ef9, gi\u00fap c\u0103n b\u1ebfp tr\u1edf n\u00ean hi\u1ec7n \u0111\u1ea1i v\u00e0 sang tr\u1ecdng h\u01a1n.<\/span><\/p>\n<h2 style=\"text-align: justify;\"><b>6. \u0110\u1ecba ch\u1ec9 cung c\u1ea5p t\u1ee7 b\u1ebfp ch\u1eef I uy t\u00edn<\/b><\/h2>\n<figure id=\"attachment_3383\" aria-describedby=\"caption-attachment-3383\" style=\"width: 1024px\" class=\"wp-caption aligncenter\"><img loading=\"lazy\" decoding=\"async\" class=\"wp-image-3383\" src=\"https:\/\/nhatnam.org\/wp-content\/uploads\/2024\/12\/tu-bep-inox-Nhat-Nam-77-225x300.jpg\" alt=\"T\u1ee7 B\u1ebfp Ch\u1eef I\" width=\"1024\" height=\"1365\" \/><figcaption id=\"caption-attachment-3383\" class=\"wp-caption-text\">N\u1ed9i Th\u1ea5t Nh\u1ea5t Nam \u2013 \u0111\u01a1n v\u1ecb chuy\u00ean thi\u1ebft k\u1ebf thi c\u00f4ng t\u1ee7 b\u1ebfp uy t\u00edn<\/figcaption><\/figure>\n<p style=\"text-align: justify;\"><span style=\"font-weight: 400;\">N\u1ebfu b\u1ea1n \u0111ang t\u00ecm ki\u1ebfm \u0111\u01a1n v\u1ecb thi\u1ebft k\u1ebf v\u00e0 l\u1eafp \u0111\u1eb7t t\u1ee7 b\u1ebfp ch\u1eef I ch\u1ea5t l\u01b0\u1ee3ng, <\/span><b>N\u1ed9i Th\u1ea5t Nh\u1ea5t Nam <\/b><span style=\"font-weight: 400;\">l\u00e0 l\u1ef1a ch\u1ecdn \u0111\u00e1ng tin c\u1eady. V\u1edbi nhi\u1ec1u n\u0103m kinh nghi\u1ec7m, ch\u00fang t\u00f4i cam k\u1ebft mang \u0111\u1ebfn nh\u1eefng s\u1ea3n ph\u1ea9m t\u1ee7 b\u1ebfp:<\/span><\/p>\n<ul style=\"text-align: justify;\">\n<li style=\"font-weight: 400;\" aria-level=\"1\"><b>Ch\u1ea5t li\u1ec7u cao c\u1ea5p<\/b><span style=\"font-weight: 400;\">: B\u1ec1n b\u1ec9, ch\u1ed1ng \u1ea9m, ch\u1ed1ng m\u1ed1i m\u1ecdt.<\/span><\/li>\n<li style=\"font-weight: 400;\" aria-level=\"1\"><b>Thi\u1ebft k\u1ebf \u0111a d\u1ea1ng<\/b><span style=\"font-weight: 400;\">: T\u00f9y ch\u1ec9nh theo kh\u00f4ng gian v\u00e0 s\u1edf th\u00edch c\u1ee7a kh\u00e1ch h\u00e0ng.<\/span><\/li>\n<li style=\"font-weight: 400;\" aria-level=\"1\"><b>D\u1ecbch v\u1ee5 t\u1eadn t\u00e2m<\/b><span style=\"font-weight: 400;\">: T\u01b0 v\u1ea5n mi\u1ec5n ph\u00ed, l\u1eafp \u0111\u1eb7t chuy\u00ean nghi\u1ec7p, b\u1ea3o h\u00e0nh l\u00e2u d\u00e0i.<\/span><\/li>\n<\/ul>\n<h3 style=\"text-align: justify;\"><b>Li\u00ean h\u1ec7 ngay \u0111\u1ec3 nh\u1eadn \u01b0u \u0111\u00e3i h\u1ea5p d\u1eabn!<\/b><\/h3>\n<p style=\"text-align: justify;\"><span style=\"font-weight: 400;\">\u0110\u1eebng b\u1ecf l\u1ee1 c\u01a1 h\u1ed9i s\u1edf h\u1eefu <\/span><b>t\u1ee7 b\u1ebfp ch\u1eef I hi\u1ec7n \u0111\u1ea1i v\u00e0 sang tr\u1ecdng<\/b><span style=\"font-weight: 400;\"> v\u1edbi m\u1ee9c gi\u00e1 \u01b0u \u0111\u00e3i nh\u1ea5t.\u00a0<\/span><\/p>\n<p style=\"text-align: justify;\"><b>G\u1ecdi ngay Hotline: 0987 076 927<\/b><span style=\"font-weight: 400;\"> ho\u1eb7c truy c\u1eadp website <\/span><a href=\"http:\/\/nhatnam.org\/\" target=\"_blank\" rel=\"noopener\"><b>http:\/\/nhatnam.org\/<\/b><\/a> <span style=\"font-weight: 400;\">\u0111\u1ec3 nh\u1eadn t\u01b0 v\u1ea5n mi\u1ec5n ph\u00ed.<\/span><\/p>\n<p style=\"text-align: justify;\"><span style=\"font-weight: 400;\">\ud83d\udc49 <\/span><b>N\u1ed9i Th\u1ea5t Nh\u1ea5t Nam &#8211; \u0110\u1eb3ng c\u1ea5p trong t\u1eebng chi ti\u1ebft!<\/b><\/p>\n<h2 style=\"text-align: justify;\"><b>7. K\u1ebft lu\u1eadn<\/b><\/h2>\n<p style=\"text-align: justify;\"><span style=\"font-weight: 400;\">T\u1ee7 b\u1ebfp ch\u1eef I kh\u00f4ng ch\u1ec9 l\u00e0 gi\u1ea3i ph\u00e1p ho\u00e0n h\u1ea3o cho nh\u1eefng kh\u00f4ng gian b\u1ebfp nh\u1ecf m\u00e0 c\u00f2n gi\u00fap b\u1ea1n t\u1eadn h\u01b0\u1edfng s\u1ef1 ti\u1ec7n nghi, th\u1ea9m m\u1ef9 v\u00e0 hi\u1ec7u qu\u1ea3 trong c\u00f4ng vi\u1ec7c b\u1ebfp n\u00fac. V\u1edbi s\u1ef1 \u0111a d\u1ea1ng v\u1ec1 m\u1eabu m\u00e3, ch\u1ea5t li\u1ec7u v\u00e0 t\u00ednh n\u0103ng, t\u1ee7 b\u1ebfp ch\u1eef I ch\u1eafc ch\u1eafn s\u1ebd l\u00e0 \u0111i\u1ec3m nh\u1ea5n ho\u00e0n h\u1ea3o cho kh\u00f4ng gian s\u1ed1ng c\u1ee7a b\u1ea1n.<\/span><\/p>\n","protected":false},"excerpt":{"rendered":"<p style=\"text-align: justify;\"><span style=\"font-weight: 400;\">T\u1ee7 b\u1ebfp ch\u1eef I l\u00e0 l\u1ef1a ch\u1ecdn ho\u00e0n h\u1ea3o cho nh\u1eefng kh\u00f4ng gian b\u1ebfp nh\u1ecf g\u1ecdn v\u00e0 hi\u1ec7n \u0111\u1ea1i. V\u1edbi thi\u1ebft k\u1ebf \u0111\u01a1n gi\u1ea3n, t\u1ed1i \u01b0u h\u00f3a tr\u00ean m\u1ed9t \u0111\u01b0\u1eddng th\u1eb3ng, t\u1ee7 b\u1ebfp ch\u1eef I gi\u00fap t\u1eadn d\u1ee5ng t\u1ed1i \u0111a kh\u00f4ng gian, mang l\u1ea1i s\u1ef1 ti\u1ec7n nghi v\u00e0 th\u1ea9m m\u1ef9 cao. \u0110\u00e2y l\u00e0 gi\u1ea3i ph\u00e1p l\u00fd t\u01b0\u1edfng cho gia \u0111\u00ecnh mu\u1ed1n k\u1ebft h\u1ee3p s\u1ef1 g\u1ecdn g\u00e0ng, hi\u1ec7n \u0111\u1ea1i v\u00e0 ti\u1ebft ki\u1ec7m chi ph\u00ed.<\/span><\/p>\n","protected":false},"featured_media":1184,"comment_status":"open","ping_status":"closed","template":"","meta":{"_acf_changed":false,"_gspb_post_css":""},"book-author":[],"product_brand":[],"product_cat":[109,113],"product_tag":[],"class_list":{"0":"post-1413","1":"product","2":"type-product","3":"status-publish","4":"has-post-thumbnail","6":"product_cat-tu-bep-inox","7":"product_cat-tu-bep-nhom","9":"first","10":"instock","11":"shipping-taxable","12":"product-type-simple"},"acf":[],"_links":{"self":[{"href":"https:\/\/nhatnam.libion.me\/index.php\/wp-json\/wp\/v2\/product\/1413","targetHints":{"allow":["GET"]}}],"collection":[{"href":"https:\/\/nhatnam.libion.me\/index.php\/wp-json\/wp\/v2\/product"}],"about":[{"href":"https:\/\/nhatnam.libion.me\/index.php\/wp-json\/wp\/v2\/types\/product"}],"replies":[{"embeddable":true,"href":"https:\/\/nhatnam.libion.me\/index.php\/wp-json\/wp\/v2\/comments?post=1413"}],"wp:featuredmedia":[{"embeddable":true,"href":"https:\/\/nhatnam.libion.me\/index.php\/wp-json\/wp\/v2\/media\/1184"}],"wp:attachment":[{"href":"https:\/\/nhatnam.libion.me\/index.php\/wp-json\/wp\/v2\/media?parent=1413"}],"wp:term":[{"taxonomy":"book-author","embeddable":true,"href":"https:\/\/nhatnam.libion.me\/index.php\/wp-json\/wp\/v2\/book-author?post=1413"},{"taxonomy":"product_brand","embeddable":true,"href":"https:\/\/nhatnam.libion.me\/index.php\/wp-json\/wp\/v2\/product_brand?post=1413"},{"taxonomy":"product_cat","embeddable":true,"href":"https:\/\/nhatnam.libion.me\/index.php\/wp-json\/wp\/v2\/product_cat?post=1413"},{"taxonomy":"product_tag","embeddable":true,"href":"https:\/\/nhatnam.libion.me\/index.php\/wp-json\/wp\/v2\/product_tag?post=1413"}],"curies":[{"name":"wp","href":"https:\/\/api.w.org\/{rel}","templated":true}]}}