{"id":1400,"date":"2026-04-07T10:07:33","date_gmt":"2026-04-07T10:07:33","guid":{"rendered":"https:\/\/nhatnam.libion.me\/index.php\/product\/tu-quan-ao-nhom-kinh\/"},"modified":"2026-04-07T10:07:39","modified_gmt":"2026-04-07T10:07:39","slug":"tu-quan-ao-nhom-kinh","status":"publish","type":"product","link":"https:\/\/nhatnam.libion.me\/index.php\/product\/tu-quan-ao-nhom-kinh\/","title":{"rendered":"T\u1ee7 Qu\u1ea7n \u00c1o Nh\u00f4m K\u00ednh"},"content":{"rendered":"<p style=\"text-align: justify;\"><span style=\"font-weight: 400;\">T\u1ee7 qu\u1ea7n \u00e1o nh\u00f4m k\u00ednh kh\u00f4ng ch\u1ec9 l\u00e0 m\u1ed9t gi\u1ea3i ph\u00e1p l\u01b0u tr\u1eef th\u00f4ng minh m\u00e0 c\u00f2n l\u00e0 \u0111i\u1ec3m nh\u1ea5n quan tr\u1ecdng trong trang tr\u00ed n\u1ed9i th\u1ea5t hi\u1ec7n \u0111\u1ea1i. V\u1edbi thi\u1ebft k\u1ebf \u0111a d\u1ea1ng m\u1eabu m\u00e3 v\u00e0 \u0111\u1ed9 b\u1ec1n cao, t\u1ee7 qu\u1ea7n \u00e1o nh\u00f4m k\u00ednh ng\u00e0y c\u00e0ng \u0111\u01b0\u1ee3c nhi\u1ec1u kh\u00e1ch h\u00e0ng l\u1ef1a ch\u1ecdn.<\/span><\/p>\n<h2 style=\"text-align: justify;\"><strong>1. T\u1ee7 qu\u1ea7n \u00e1o nh\u00f4m k\u00ednh l\u00e0 g\u00ec?<\/strong><\/h2>\n<p style=\"text-align: justify;\"><img loading=\"lazy\" decoding=\"async\" class=\"aligncenter wp-image-2493\" src=\"https:\/\/nhatnam.org\/wp-content\/uploads\/2024\/12\/tu-ao08.jpg\" alt=\"T\u1ee7 Qu\u1ea7n \u00c1o Nh\u00f4m K\u00ednh\" width=\"1000\" height=\"750\" \/><\/p>\n<p style=\"text-align: justify;\"><span style=\"font-weight: 400;\">T\u1ee7 qu\u1ea7n \u00e1o nh\u00f4m k\u00ednh l\u00e0 m\u1ed9t s\u1ea3n ph\u1ea9m n\u1ed9i th\u1ea5t \u0111\u01b0\u1ee3c thi\u1ebft k\u1ebf v\u1edbi khung nh\u00f4m ch\u1eafc ch\u1eafn k\u1ebft h\u1ee3p v\u1edbi c\u00e1nh k\u00ednh c\u01b0\u1eddng l\u1ef1c, t\u1ea1o n\u00ean m\u1ed9t kh\u00f4ng gian l\u01b0u tr\u1eef ti\u1ec7n l\u1ee3i v\u00e0 \u0111\u1eb3ng c\u1ea5p. Kh\u00f4ng ch\u1ec9 b\u1edfi c\u00f4ng n\u0103ng ch\u1ee9a \u0111\u1ef1ng qu\u1ea7n \u00e1o, t\u1ee7 qu\u1ea7n \u00e1o nh\u00f4m k\u00ednh c\u00f2n l\u00e0 \u0111i\u1ec3m nh\u1ea5n th\u00fa v\u1ecb trong trang tr\u00ed n\u1ed9i th\u1ea5t ph\u00f2ng ng\u1ee7.<\/span><\/p>\n<h2 style=\"text-align: justify;\"><strong>2. \u01afu nh\u01b0\u1ee3c \u0111i\u1ec3m c\u1ee7a t\u1ee7 qu\u1ea7n \u00e1o nh\u00f4m k\u00ednh<\/strong><\/h2>\n<p style=\"text-align: justify;\"><strong>\u01afu \u0111i\u1ec3m:<\/strong><\/p>\n<ul style=\"text-align: justify;\">\n<li style=\"font-weight: 400;\" aria-level=\"1\"><span style=\"font-weight: 400;\">\u0110\u1ed9 b\u1ec1n cao: V\u1edbi v\u1eadt li\u1ec7u ch\u00ednh l\u00e0 nh\u00f4m v\u00e0 k\u00ednh c\u01b0\u1eddng l\u1ef1c, t\u1ee7 \u00e1o b\u1eb1ng nh\u00f4m k\u00ednh c\u00f3 kh\u1ea3 n\u0103ng ch\u1ecbu l\u1ef1c t\u1ed1t v\u00e0 kh\u00f4ng b\u1ecb bi\u1ebfn d\u1ea1ng hay h\u1ecfng h\u00f3c d\u1ec5 d\u00e0ng. \u0110i\u1ec1u n\u00e0y gi\u00fap t\u1ee7 c\u00f3 tu\u1ed5i th\u1ecd cao v\u00e0 lu\u00f4n gi\u1eef \u0111\u01b0\u1ee3c v\u1ebb \u0111\u1eb9p v\u00e0 t\u00ednh ch\u1ea5t s\u1eed d\u1ee5ng qua th\u1eddi gian.<\/span><\/li>\n<li style=\"font-weight: 400;\" aria-level=\"1\"><span style=\"font-weight: 400;\">Kh\u1ea3 n\u0103ng ch\u1ed1ng \u1ea9m v\u00e0 m\u1ed1i m\u1ecdt: Nh\u00f4m v\u00e0 k\u00ednh l\u00e0 hai v\u1eadt li\u1ec7u kh\u00f4ng b\u1ecb \u1ea3nh h\u01b0\u1edfng b\u1edfi \u0111\u1ed9 \u1ea9m, t\u1eeb \u0111\u00f3 gi\u00fap t\u1ee7 \u00e1o b\u1eb1ng nh\u00f4m k\u00ednh kh\u00f4ng b\u1ecb \u1ea9m m\u1ed1c ho\u1eb7c t\u1ea5n c\u00f4ng b\u1edfi m\u1ed1i m\u1ecdt, \u0111\u1ea3m b\u1ea3o s\u1ef1 an to\u00e0n cho qu\u1ea7n \u00e1o b\u00ean trong.<\/span><\/li>\n<li style=\"font-weight: 400;\" aria-level=\"1\"><span style=\"font-weight: 400;\">Th\u1ea9m m\u1ef9 cao: Thi\u1ebft k\u1ebf m\u1ea3ng nh\u00f4m k\u1ebft h\u1ee3p v\u1edbi c\u00e1nh k\u00ednh t\u1ea1o n\u00ean v\u1ebb \u0111\u1eb9p hi\u1ec7n \u0111\u1ea1i v\u00e0 sang tr\u1ecdng cho kh\u00f4ng gian ph\u00f2ng ng\u1ee7. T\u1ee7 \u00e1o b\u1eb1ng nh\u00f4m k\u00ednh kh\u00f4ng ch\u1ec9 l\u00e0 n\u01a1i l\u01b0u tr\u1eef th\u00f4ng minh m\u00e0 c\u00f2n l\u00e0 \u0111i\u1ec3m nh\u1ea5n trang tr\u00ed \u1ea5n t\u01b0\u1ee3ng.<\/span><\/li>\n<li style=\"font-weight: 400;\" aria-level=\"1\"><span style=\"font-weight: 400;\">D\u1ec5 d\u00e0ng v\u1ec7 sinh v\u00e0 b\u1ea3o qu\u1ea3n: B\u1ec1 m\u1eb7t nh\u00f4m v\u00e0 k\u00ednh d\u1ec5 d\u00e0ng lau ch\u00f9i, v\u1ec7 sinh, gi\u00fap t\u1ee7 lu\u00f4n gi\u1eef \u0111\u01b0\u1ee3c v\u1ebb m\u1edbi v\u00e0 s\u1ea1ch s\u1ebd. \u0110i\u1ec1u n\u00e0y ti\u1ebft ki\u1ec7m th\u1eddi gian v\u00e0 c\u00f4ng s\u1ee9c cho vi\u1ec7c b\u1ea3o d\u01b0\u1ee1ng h\u00e0ng ng\u00e0y.<\/span><\/li>\n<li style=\"font-weight: 400;\" aria-level=\"1\"><span style=\"font-weight: 400;\">T\u00ednh linh ho\u1ea1t trong thi\u1ebft k\u1ebf: T\u00f9y thu\u1ed9c v\u00e0o nhu c\u1ea7u v\u00e0 kh\u00f4ng gian s\u1eed d\u1ee5ng, t\u1ee7 \u00e1o b\u1eb1ng nh\u00f4m k\u00ednh c\u00f3 th\u1ec3 \u0111\u01b0\u1ee3c thi\u1ebft k\u1ebf v\u00e0 t\u00f9y ch\u1ec9nh theo y\u00eau c\u1ea7u ri\u00eang c\u1ee7a t\u1eebng kh\u00e1ch h\u00e0ng, t\u1eeb s\u1ed1 l\u01b0\u1ee3ng ng\u0103n \u0111\u1ebfn k\u00edch th\u01b0\u1edbc v\u00e0 ki\u1ec3u d\u00e1ng.<\/span><\/li>\n<\/ul>\n<p style=\"text-align: justify;\"><strong>Nh\u01b0\u1ee3c \u0111i\u1ec3m:<\/strong><\/p>\n<ul style=\"text-align: justify;\">\n<li style=\"font-weight: 400;\" aria-level=\"1\"><span style=\"font-weight: 400;\">Khi s\u1eed d\u1ee5ng d\u1ec5 ph\u00e1t ra ti\u1ebfng \u1ed3n v\u00e0 \u00e2m thanh\u00a0<\/span><\/li>\n<li style=\"font-weight: 400;\" aria-level=\"1\"><span style=\"font-weight: 400;\">D\u1ec5 b\u00e1m b\u1ee5i: B\u1ec1 m\u1eb7t k\u00ednh d\u1ec5 b\u00e1m b\u1ee5i \u0111\u00f2i h\u1ecfi vi\u1ec7c v\u1ec7 sinh v\u00e0 b\u1ea3o d\u01b0\u1ee1ng th\u01b0\u1eddng xuy\u00ean.<\/span><\/li>\n<\/ul>\n<h2 style=\"text-align: justify;\"><strong>3. Ph\u00e2n lo\u1ea1i t\u1ee7 qu\u1ea7n \u00e1o nh\u00f4m k\u00ednh<\/strong><\/h2>\n<p style=\"text-align: justify;\"><img loading=\"lazy\" decoding=\"async\" class=\"aligncenter wp-image-2272\" src=\"https:\/\/nhatnam.org\/wp-content\/uploads\/2024\/12\/z6148419871030_81632b03cb63cff489ea575e82822cd7-300x240.jpg\" alt=\"\" width=\"1000\" height=\"801\" \/><\/p>\n<p style=\"text-align: justify;\"><span style=\"font-weight: 400;\">T\u1ee7 qu\u1ea7n \u00e1o nh\u00f4m k\u00ednh c\u00f3 th\u1ec3 \u0111\u01b0\u1ee3c ph\u00e2n lo\u1ea1i d\u1ef1a tr\u00ean nhi\u1ec1u ti\u00eau ch\u00ed kh\u00e1c nhau\u00a0 bao g\u1ed3m k\u00edch th\u01b0\u1edbc, ki\u1ec3u d\u00e1ng, c\u00e1ch l\u1eafp \u0111\u1eb7t v\u00e0 m\u1ee5c \u0111\u00edch s\u1eed d\u1ee5ng.<\/span><\/p>\n<p style=\"text-align: justify;\"><strong>Theo k\u00edch th\u01b0\u1edbc:<\/strong><\/p>\n<ul style=\"text-align: justify;\">\n<li style=\"font-weight: 400;\" aria-level=\"2\"><span style=\"font-weight: 400;\">T\u1ee7 qu\u1ea7n \u00e1o nh\u00f4m k\u00ednh c\u00f3 k\u00edch th\u01b0\u1edbc ti\u00eau chu\u1ea9n: Bao g\u1ed3m c\u00e1c k\u00edch th\u01b0\u1edbc ph\u1ed5 bi\u1ebfn nh\u01b0 t\u1ee7 \u0111\u1ee9ng, t\u1ee7 g\u00f3c, v\u00e0 t\u1ee7 \u00e2m t\u01b0\u1eddng c\u00f3 k\u00edch th\u01b0\u1edbc ti\u00eau chu\u1ea9n.<\/span><\/li>\n<li style=\"font-weight: 400;\" aria-level=\"2\"><span style=\"font-weight: 400;\">T\u1ee7 qu\u1ea7n \u00e1o nh\u00f4m k\u00ednh t\u00f9y ch\u1ec9nh: C\u00e1c s\u1ea3n ph\u1ea9m \u0111\u01b0\u1ee3c t\u00f9y ch\u1ec9nh theo y\u00eau c\u1ea7u c\u1ee7a kh\u00e1ch h\u00e0ng, c\u00f3 th\u1ec3 \u0111i\u1ec1u ch\u1ec9nh k\u00edch th\u01b0\u1edbc, s\u1ed1 ng\u0103n v\u00e0 chi\u1ec1u cao t\u00f9y thu\u1ed9c v\u00e0o kh\u00f4ng gian s\u1eed d\u1ee5ng.<\/span><\/li>\n<\/ul>\n<p style=\"text-align: justify;\"><strong>Theo ki\u1ec3u d\u00e1ng:<\/strong><\/p>\n<ul style=\"text-align: justify;\">\n<li style=\"font-weight: 400;\" aria-level=\"2\"><span style=\"font-weight: 400;\">T\u1ee7 c\u00e1nh m\u1edf: C\u00f3 c\u00e1nh m\u1edf ra hai b\u00ean ho\u1eb7c m\u1ed9t b\u00ean, gi\u00fap ti\u1ebft ki\u1ec7m kh\u00f4ng gian.<\/span><\/li>\n<li style=\"font-weight: 400;\" aria-level=\"2\"><span style=\"font-weight: 400;\">T\u1ee7 tr\u01b0\u1ee3t: C\u00f3 c\u00e1nh tr\u01b0\u1ee3t ngang ho\u1eb7c d\u1ecdc, ti\u1ec7n l\u1ee3i cho kh\u00f4ng gian h\u1eb9p.<\/span><\/li>\n<li style=\"font-weight: 400;\" aria-level=\"2\"><span style=\"font-weight: 400;\">T\u1ee7 \u0111a n\u0103ng: K\u1ebft h\u1ee3p c\u00e1c t\u00ednh n\u0103ng nh\u01b0 k\u1ec7 \u0111\u1ef1ng gi\u00e0y d\u00e9p, ng\u0103n treo qu\u1ea7n \u00e1o v\u00e0 ng\u0103n k\u00e9o \u0111\u1ec3 t\u1ed1i \u01b0u h\u00f3a kh\u00f4ng gian l\u01b0u tr\u1eef.<\/span><\/li>\n<\/ul>\n<p style=\"text-align: justify;\"><strong>Theo c\u00e1ch l\u1eafp \u0111\u1eb7t:<\/strong><\/p>\n<ul style=\"text-align: justify;\">\n<li style=\"font-weight: 400;\" aria-level=\"2\"><span style=\"font-weight: 400;\">T\u1ee7 \u0111\u1ee9ng: \u0110\u1eb7t tr\u00ean s\u00e0n nh\u00e0, ph\u00f9 h\u1ee3p cho kh\u00f4ng gian r\u1ed9ng r\u00e3i v\u00e0 cao.<\/span><\/li>\n<li style=\"font-weight: 400;\" aria-level=\"2\"><span style=\"font-weight: 400;\">T\u1ee7 treo t\u01b0\u1eddng: L\u1eafp \u0111\u1eb7t tr\u00ean t\u01b0\u1eddng, gi\u00fap ti\u1ebft ki\u1ec7m di\u1ec7n t\u00edch s\u00e0n v\u00e0 t\u1ea1o c\u1ea3m gi\u00e1c ph\u00f2ng ng\u1ee7 r\u1ed9ng r\u00e3i h\u01a1n.<\/span><\/li>\n<li style=\"font-weight: 400;\" aria-level=\"2\"><span style=\"font-weight: 400;\">T\u1ee7 \u00e2m t\u01b0\u1eddng: L\u00e0m s\u00e2u v\u00e0o t\u01b0\u1eddng, t\u1ea1o ra v\u1ebb \u0111\u1eb9p g\u1ecdn g\u00e0ng v\u00e0 hi\u1ec7n \u0111\u1ea1i cho kh\u00f4ng gian.<\/span><\/li>\n<\/ul>\n<h2 style=\"text-align: justify;\"><strong>4. C\u00e1c d\u00f2ng t\u1ee7 qu\u1ea7n \u00e1o nh\u00f4m k\u00ednh t\u1ea1i Nh\u1ea5t Nam<\/strong><\/h2>\n<p style=\"text-align: justify;\"><span style=\"font-weight: 400;\">Nh\u1ea5t Nam cung c\u1ea5p m\u1ed9t lo\u1ea1t c\u00e1c m\u1eabu t\u1ee7 qu\u1ea7n \u00e1o nh\u00f4m c\u00e1nh k\u00ednh \u0111a d\u1ea1ng v\u1ec1 ki\u1ec3u d\u00e1ng, k\u00edch th\u01b0\u1edbc v\u00e0 m\u00e0u s\u1eafc, \u0111\u1ea3m b\u1ea3o \u0111\u00e1p \u1ee9ng m\u1ecdi nhu c\u1ea7u c\u1ee7a kh\u00e1ch h\u00e0ng v\u1edbi ch\u1ea5t l\u01b0\u1ee3ng cao v\u00e0 gi\u00e1 c\u1ea3 h\u1ee3p l\u00fd nh\u1ea5t.<\/span><\/p>\n<h3 style=\"text-align: justify;\"><strong>T\u1ee7 qu\u1ea7n \u00e1o nh\u00f4m k\u00ednh m\u00e0u<\/strong><\/h3>\n<p style=\"text-align: justify;\"><span style=\"font-weight: 400;\">D\u00f2ng t\u1ee7 qu\u1ea7n \u00e1o nh\u00f4m k\u00ednh m\u00e0u th\u01b0\u1eddng c\u00f3 m\u1eabu m\u00e3 \u0111a d\u1ea1ng v\u00e0 t\u00ednh th\u1ea9m m\u1ef9 cao. V\u1edbi thi\u1ebft k\u1ebf\u00a0 khung nh\u00f4m ch\u1eafc ch\u1eafn v\u00e0 k\u00ednh s\u01a1n m\u00e0u, t\u1ea1o ra v\u1ebb \u0111\u1eb9p sang tr\u1ecdng v\u00e0 \u0111\u1ed9c \u0111\u00e1o. T\u1ee7 nh\u00f4m k\u00ednh \u0111\u1ef1ng qu\u1ea7n \u00e1o n\u00e0y kh\u00f4ng ch\u1ec9 \u0111\u1ea3m b\u1ea3o \u0111\u1ed9 b\u1ec1n v\u00e0 ti\u1ec7n \u00edch m\u00e0 c\u00f2n n\u1ed5i b\u1eadt h\u01a1n so v\u1edbi c\u00e1c d\u00f2ng t\u1ee7 nh\u00f4m kh\u00e1c.<\/span><\/p>\n<h3 style=\"text-align: justify;\"><strong>T\u1ee7 qu\u1ea7n \u00e1o c\u00e1nh k\u00ednh<\/strong><\/h3>\n<p style=\"text-align: justify;\"><span style=\"font-weight: 400;\">\u0110\u00e2y l\u00e0 d\u00f2ng t\u1ee7 qu\u1ea7n \u00e1o \u0111\u01b0\u1ee3c thi\u1ebft k\u1ebf v\u1edbi c\u00e1nh t\u1ee7 l\u00e0m t\u1eeb k\u00ednh c\u01b0\u1eddng l\u1ef1c, t\u1ea1o \u0111i\u1ec3m nh\u1ea5n \u0111\u1ed9c \u0111\u00e1o v\u00e0 hi\u1ec7n \u0111\u1ea1i cho kh\u00f4ng gian ph\u00f2ng ng\u1ee7. T\u1ee7 qu\u1ea7n \u00e1o c\u00e1nh k\u00ednh th\u01b0\u1eddng c\u00f3 thi\u1ebft k\u1ebf m\u1edf r\u1ed9ng kh\u00f4ng gian v\u00e0 t\u1ea1o c\u1ea3m gi\u00e1c th\u00f4ng tho\u00e1ng cho c\u0103n ph\u00f2ng.<\/span><\/p>\n<h3 style=\"text-align: justify;\"><strong>T\u1ee7 qu\u1ea7n \u00e1o nh\u00f4m gi\u1ea3 g\u1ed7<\/strong><\/h3>\n<p style=\"text-align: justify;\"><span style=\"font-weight: 400;\">D\u00f2ng t\u1ee7 qu\u1ea7n \u00e1o nh\u00f4m \u0111\u01b0\u1ee3c gia c\u00f4ng v\u00e0 l\u1eafp \u0111\u1eb7t t\u1eeb nh\u00f4m nh\u1eadp kh\u1ea9u cao c\u1ea5p v\u1edbi l\u1edbp ho\u00e0n thi\u1ec7n gi\u1ea3 g\u1ed7, mang l\u1ea1i v\u1ebb \u0111\u1eb9p t\u1ef1 nhi\u00ean v\u00e0 \u1ea5m \u00e1p c\u1ee7a g\u1ed7 t\u1ef1 nhi\u00ean nh\u01b0ng v\u1eabn gi\u1eef \u0111\u01b0\u1ee3c \u01b0u \u0111i\u1ec3m v\u1ec1 \u0111\u1ed9 b\u1ec1n v\u00e0 t\u00ednh th\u1ea9m m\u1ef9 c\u1ee7a nh\u00f4m k\u00ednh. \u0110i\u1ec1u n\u00e0y gi\u00fap t\u1ee7 qu\u1ea7n \u00e1o nh\u00f4m gi\u1ea3 g\u1ed7\u00a0 ph\u00f9 h\u1ee3p v\u1edbi nhi\u1ec1u phong c\u00e1ch trang tr\u00ed n\u1ed9i th\u1ea5t ph\u00f2ng ng\u1ee7.<\/span><\/p>\n<h2 style=\"text-align: justify;\"><strong>5. Kinh nghi\u1ec7m ch\u1ecdn t\u1ee7 nh\u00f4m k\u00ednh \u0111\u1ef1ng qu\u1ea7n \u00e1o<\/strong><\/h2>\n<ul style=\"text-align: justify;\">\n<li style=\"font-weight: 400;\" aria-level=\"1\"><span style=\"font-weight: 400;\">X\u00e1c \u0111\u1ecbnh nhu c\u1ea7u v\u00e0 kh\u00f4ng gian b\u1ea1n c\u00f3 \u0111\u1ec3 l\u1ef1a ch\u1ecdn k\u00edch th\u01b0\u1edbc ph\u00f9 h\u1ee3p.<\/span><\/li>\n<li style=\"font-weight: 400;\" aria-level=\"1\"><span style=\"font-weight: 400;\">T\u00ecm hi\u1ec3u v\u1ec1 ch\u1ea5t li\u1ec7u v\u00e0 \u0111\u1ed9 b\u1ec1n c\u1ee7a s\u1ea3n ph\u1ea9m.<\/span><\/li>\n<li style=\"font-weight: 400;\" aria-level=\"1\"><span style=\"font-weight: 400;\">Xem x\u00e9t v\u1ec1 t\u00ednh th\u1ea9m m\u1ef9 v\u00e0 t\u00ednh ti\u1ec7n \u00edch c\u1ee7a t\u1ee7.<\/span><\/li>\n<li style=\"font-weight: 400;\" aria-level=\"1\"><span style=\"font-weight: 400;\">Khi ch\u1ecdn lo\u1ea1i t\u1ee7 nh\u00f4m k\u00ednh cho ph\u00f2ng ng\u1ee7, h\u1ea1n ch\u1ebf s\u1eed d\u1ee5ng lo\u1ea1i c\u00f3 k\u00ednh g\u01b0\u01a1ng soi \u0111\u1ec3 tr\u00e1nh t\u1ea1o ra s\u1ef1 ph\u1ea3n chi\u1ebfu qu\u00e1 m\u1ee9c trong kh\u00f4ng gian nh\u1ecf g\u00e2y c\u1ea3m gi\u00e1c c\u0103ng th\u1eb3ng.<\/span><\/li>\n<li style=\"font-weight: 400;\" aria-level=\"1\"><span style=\"font-weight: 400;\">\u0110\u1ed1i v\u1edbi t\u1ee7 nh\u00f4m gi\u1ea3 g\u1ed7, \u0111\u1ec3 t\u1ea1o \u0111i\u1ec3m nh\u1ea5n sang tr\u1ecdng v\u00e0 ti\u1ec7n l\u1ee3i, b\u1ea1n c\u00f3 th\u1ec3 y\u00eau c\u1ea7u \u0111\u01a1n v\u1ecb l\u1eafp \u0111\u1eb7t th\u00eam \u0111\u00e8n tr\u00ean tr\u1ea7n t\u1ee7. \u0110i\u1ec1u n\u00e0y kh\u00f4ng ch\u1ec9 l\u00e0m cho vi\u1ec7c s\u1eed d\u1ee5ng t\u1ee7 tr\u1edf n\u00ean thu\u1eadn ti\u1ec7n h\u01a1n m\u00e0 c\u00f2n t\u1ea1o ra m\u1ed9t m\u1eabu t\u1ee7 sang tr\u1ecdng h\u01a1n.<\/span><\/li>\n<\/ul>\n<h2 style=\"text-align: justify;\"><strong>6. T\u1ee7 qu\u1ea7n \u00e1o nh\u00f4m k\u00ednh gi\u00e1 bao nhi\u00eau ?\u00a0<\/strong><\/h2>\n<p style=\"text-align: justify;\"><span style=\"font-weight: 400;\">Gi\u00e1 c\u1ee7a t\u1ee7 qu\u1ea7n \u00e1o nh\u00f4m k\u00ednh c\u00f3 th\u1ec3 bi\u1ebfn \u0111\u1ed9ng t\u00f9y thu\u1ed9c v\u00e0o nhi\u1ec1u y\u1ebfu t\u1ed1 nh\u01b0 k\u00edch th\u01b0\u1edbc, thi\u1ebft k\u1ebf, ch\u1ea5t li\u1ec7u v\u00e0 th\u01b0\u01a1ng hi\u1ec7u s\u1ea3n ph\u1ea9m. T\u00f9y v\u00e0o nhu c\u1ea7u v\u00e0 ng\u00e2n s\u00e1ch c\u1ee7a m\u1ed7i gia \u0111\u00ecnh m\u00e0 gi\u00e1 c\u1ea3 s\u1ebd kh\u00e1c nhau.\u00a0<\/span><\/p>\n<p style=\"text-align: justify;\"><span style=\"font-weight: 400;\">\u0110\u1ec3 c\u00f3 th\u00f4ng tin ch\u00ednh x\u00e1c v\u1ec1 gi\u00e1 c\u1ea3, Qu\u00fd Kh\u00e1ch vui l\u00f2ng li\u00ean h\u1ec7 v\u1edbi N\u1ed9i Th\u1ea5t Nh\u1ea5t Nam \u0111\u1ec3 \u0111\u01b0\u1ee3c h\u1ed7 tr\u1ee3 v\u00e0 t\u01b0 v\u1ea5n mi\u1ec5n ph\u00ed.<\/span><\/p>\n<h2 style=\"text-align: justify;\"><strong>7. M\u1ed9t s\u1ed1 lo\u1ea1i t\u1ee7 \u00e1o nh\u00f4m k\u00ednh ph\u1ed5 bi\u1ebfn tr\u00ean th\u1ecb tr\u01b0\u1eddng<\/strong><\/h2>\n<figure id=\"attachment_2843\" aria-describedby=\"caption-attachment-2843\" style=\"width: 1000px\" class=\"wp-caption aligncenter\"><img loading=\"lazy\" decoding=\"async\" class=\"wp-image-2843\" src=\"https:\/\/nhatnam.org\/wp-content\/uploads\/2024\/12\/Tu-quan-ao-nhom-300x169.jpg\" alt=\"T\u1ee7 Qu\u1ea7n \u00c1o Nh\u00f4m K\u00ednh\" width=\"1000\" height=\"563\" \/><figcaption id=\"caption-attachment-2843\" class=\"wp-caption-text\">M\u1eabu t\u1ee7 qu\u1ea7n \u00e1o nh\u00f4m 2 c\u00e1nh<\/figcaption><\/figure>\n<figure id=\"attachment_2488\" aria-describedby=\"caption-attachment-2488\" style=\"width: 1000px\" class=\"wp-caption aligncenter\"><img loading=\"lazy\" decoding=\"async\" class=\"wp-image-2488\" src=\"https:\/\/nhatnam.org\/wp-content\/uploads\/2024\/12\/tu-ao03-300x225.jpg\" alt=\"T\u1ee7 Qu\u1ea7n \u00c1o Nh\u00f4m K\u00ednh\" width=\"1000\" height=\"750\" \/><figcaption id=\"caption-attachment-2488\" class=\"wp-caption-text\">M\u1eabu t\u1ee7 qu\u1ea7n \u00e1o nh\u00f4m k\u00ednh \u0111a n\u0103ng<\/figcaption><\/figure>\n<figure id=\"attachment_2277\" aria-describedby=\"caption-attachment-2277\" style=\"width: 1000px\" class=\"wp-caption aligncenter\"><img loading=\"lazy\" decoding=\"async\" class=\"wp-image-2277\" src=\"https:\/\/nhatnam.org\/wp-content\/uploads\/2024\/12\/z6148420055648_7dc09e19cfcb5bb49e12c000ef78c220-300x300.jpg\" alt=\"T\u1ee7 Qu\u1ea7n \u00c1o Nh\u00f4m K\u00ednh\" width=\"1000\" height=\"1000\" \/><figcaption id=\"caption-attachment-2277\" class=\"wp-caption-text\">M\u1eabu t\u1ee7 qu\u1ea7n \u00e1o nh\u00f4m k\u00ednh \u0111a bu\u1ed3ng<\/figcaption><\/figure>\n<figure id=\"attachment_2492\" aria-describedby=\"caption-attachment-2492\" style=\"width: 1000px\" class=\"wp-caption aligncenter\"><img loading=\"lazy\" decoding=\"async\" class=\"wp-image-2492\" src=\"https:\/\/nhatnam.org\/wp-content\/uploads\/2024\/12\/tu-ao07-300x225.jpg\" alt=\"T\u1ee7 Qu\u1ea7n \u00c1o Nh\u00f4m K\u00ednh\" width=\"1000\" height=\"750\" \/><figcaption id=\"caption-attachment-2492\" class=\"wp-caption-text\">M\u1eabu t\u1ee7 qu\u1ea7n \u00e1o nh\u00f4m k\u00ednh ch\u1eef U<\/figcaption><\/figure>\n","protected":false},"excerpt":{"rendered":"<p style=\"text-align: justify;\"><span style=\"font-weight: 400;\">T\u1ee7 qu\u1ea7n \u00e1o nh\u00f4m k\u00ednh kh\u00f4ng ch\u1ec9 l\u00e0 m\u1ed9t gi\u1ea3i ph\u00e1p l\u01b0u tr\u1eef th\u00f4ng minh m\u00e0 c\u00f2n l\u00e0 \u0111i\u1ec3m nh\u1ea5n quan tr\u1ecdng trong trang tr\u00ed n\u1ed9i th\u1ea5t hi\u1ec7n \u0111\u1ea1i. V\u1edbi thi\u1ebft k\u1ebf \u0111a d\u1ea1ng m\u1eabu m\u00e3 v\u00e0 \u0111\u1ed9 b\u1ec1n cao, t\u1ee7 qu\u1ea7n \u00e1o nh\u00f4m k\u00ednh ng\u00e0y c\u00e0ng \u0111\u01b0\u1ee3c nhi\u1ec1u kh\u00e1ch h\u00e0ng l\u1ef1a ch\u1ecdn.<\/span><\/p>\n","protected":false},"featured_media":1399,"comment_status":"open","ping_status":"closed","template":"","meta":{"_acf_changed":false,"_gspb_post_css":""},"book-author":[],"product_brand":[],"product_cat":[104,105,106,108],"product_tag":[],"class_list":{"0":"post-1400","1":"product","2":"type-product","3":"status-publish","4":"has-post-thumbnail","6":"product_cat-noi-that-phong-ngu","7":"product_cat-tu-ao-canh-kinh-cua-lua","8":"product_cat-tu-ao-canh-kinh-cua-mo","9":"product_cat-tu-quan-ao-nhom-hop-kim","11":"first","12":"instock","13":"shipping-taxable","14":"product-type-simple"},"acf":[],"_links":{"self":[{"href":"https:\/\/nhatnam.libion.me\/index.php\/wp-json\/wp\/v2\/product\/1400","targetHints":{"allow":["GET"]}}],"collection":[{"href":"https:\/\/nhatnam.libion.me\/index.php\/wp-json\/wp\/v2\/product"}],"about":[{"href":"https:\/\/nhatnam.libion.me\/index.php\/wp-json\/wp\/v2\/types\/product"}],"replies":[{"embeddable":true,"href":"https:\/\/nhatnam.libion.me\/index.php\/wp-json\/wp\/v2\/comments?post=1400"}],"wp:featuredmedia":[{"embeddable":true,"href":"https:\/\/nhatnam.libion.me\/index.php\/wp-json\/wp\/v2\/media\/1399"}],"wp:attachment":[{"href":"https:\/\/nhatnam.libion.me\/index.php\/wp-json\/wp\/v2\/media?parent=1400"}],"wp:term":[{"taxonomy":"book-author","embeddable":true,"href":"https:\/\/nhatnam.libion.me\/index.php\/wp-json\/wp\/v2\/book-author?post=1400"},{"taxonomy":"product_brand","embeddable":true,"href":"https:\/\/nhatnam.libion.me\/index.php\/wp-json\/wp\/v2\/product_brand?post=1400"},{"taxonomy":"product_cat","embeddable":true,"href":"https:\/\/nhatnam.libion.me\/index.php\/wp-json\/wp\/v2\/product_cat?post=1400"},{"taxonomy":"product_tag","embeddable":true,"href":"https:\/\/nhatnam.libion.me\/index.php\/wp-json\/wp\/v2\/product_tag?post=1400"}],"curies":[{"name":"wp","href":"https:\/\/api.w.org\/{rel}","templated":true}]}}