{"id":1349,"date":"2026-04-07T10:06:00","date_gmt":"2026-04-07T10:06:00","guid":{"rendered":"https:\/\/nhatnam.libion.me\/index.php\/product\/tu-quan-ao-treo-tuong\/"},"modified":"2026-04-07T10:06:01","modified_gmt":"2026-04-07T10:06:01","slug":"tu-quan-ao-treo-tuong","status":"publish","type":"product","link":"https:\/\/nhatnam.libion.me\/index.php\/product\/tu-quan-ao-treo-tuong\/","title":{"rendered":"T\u1ee7 Qu\u1ea7n \u00c1o Treo T\u01b0\u1eddng"},"content":{"rendered":"<p style=\"text-align: justify;\"><span style=\"font-weight: 400;\">T\u1ee7 qu\u1ea7n \u00e1o treo t\u01b0\u1eddng hi\u1ec7n nay l\u00e0 l\u1ef1a ch\u1ecdn l\u01b0u tr\u1eef ph\u1ed5 bi\u1ebfn, hi\u1ec7u qu\u1ea3 v\u00e0 ti\u1ebft ki\u1ec7m kh\u00f4ng gian. V\u1edbi thi\u1ebft k\u1ebf linh ho\u1ea1t v\u00e0 \u0111a d\u1ea1ng, ch\u00fang \u0111\u00e1p \u1ee9ng m\u1ecdi nhu c\u1ea7u trong vi\u1ec7c t\u1ed5 ch\u1ee9c kh\u00f4ng gian l\u01b0u tr\u1eef.<\/span><\/p>\n<h2 style=\"text-align: justify;\"><strong>1. Th\u1ebf n\u00e0o l\u00e0 t\u1ee7 qu\u1ea7n \u00e1o treo t\u01b0\u1eddng?<\/strong><\/h2>\n<p><img loading=\"lazy\" decoding=\"async\" class=\"aligncenter wp-image-2862\" src=\"https:\/\/nhatnam.org\/wp-content\/uploads\/2024\/12\/tu-ao-omega-1-300x300.jpg\" alt=\"\" width=\"1200\" height=\"1200\" \/><\/p>\n<p style=\"text-align: justify;\"><span style=\"font-weight: 400;\">T\u1ee7 qu\u1ea7n \u00e1o treo t\u01b0\u1eddng l\u00e0 m\u1ed9t gi\u1ea3i ph\u00e1p th\u00f4ng minh \u0111\u1ec3 ti\u1ebft ki\u1ec7m di\u1ec7n t\u00edch s\u00e0n v\u00e0 t\u1ed5 ch\u1ee9c kh\u00f4ng gian l\u01b0u tr\u1eef qu\u1ea7n \u00e1o v\u00e0 ph\u1ee5 ki\u1ec7n. \u0110\u01b0\u1ee3c l\u1eafp \u0111\u1eb7t tr\u1ef1c ti\u1ebfp l\u00ean t\u01b0\u1eddng, t\u1ee7 n\u00e0y th\u01b0\u1eddng \u0111\u01b0\u1ee3c trang b\u1ecb b\u1ed9 gi\u00e1 \u0111\u1ee1, m\u00f3c ho\u1eb7c c\u01a1 c\u1ea5u treo kh\u00e1c, t\u00f9y thu\u1ed9c v\u00e0o thi\u1ebft k\u1ebf. V\u1edbi c\u00e1c c\u00e1nh c\u1eeda ho\u1eb7c r\u00e8m che, t\u1ee7 qu\u1ea7n \u00e1o treo t\u01b0\u1eddng kh\u00f4ng ch\u1ec9 t\u1ed1i \u01b0u h\u00f3a kh\u00f4ng gian m\u00e0 c\u00f2n t\u1ea1o \u0111i\u1ec3m nh\u1ea5n th\u1ea9m m\u1ef9. B\u00ean trong, c\u00e1c ng\u0103n k\u1ec7 gi\u00fap s\u1eafp x\u1ebfp qu\u1ea7n \u00e1o, gi\u00e0y d\u00e9p, t\u00fai x\u00e1ch v\u00e0 ph\u1ee5 ki\u1ec7n m\u1ed9t c\u00e1ch g\u1ecdn g\u00e0ng.<\/span><\/p>\n<h2 style=\"text-align: justify;\"><strong>2. L\u1ee3i \u00edch c\u1ee7a t\u1ee7 \u00e1o treo t\u01b0\u1eddng<\/strong><\/h2>\n<ul style=\"text-align: justify;\">\n<li style=\"font-weight: 400;\" aria-level=\"1\"><span style=\"font-weight: 400;\">Ti\u1ebft ki\u1ec7m kh\u00f4ng gian: T\u1ea1o ra kh\u00f4ng gian l\u01b0u tr\u1eef m\u00e0 kh\u00f4ng chi\u1ebfm di\u1ec7n t\u00edch s\u00e0n.<\/span><\/li>\n<li style=\"font-weight: 400;\" aria-level=\"1\"><span style=\"font-weight: 400;\">T\u1ea1o s\u1ef1 ng\u0103n n\u1eafp: Gi\u00fap t\u1ed5 ch\u1ee9c kh\u00f4ng gian ng\u1ee7 m\u1ed9t c\u00e1ch g\u1ecdn g\u00e0ng v\u00e0 hi\u1ec7u qu\u1ea3.<\/span><\/li>\n<li style=\"font-weight: 400;\" aria-level=\"1\"><span style=\"font-weight: 400;\">Th\u1ec3 hi\u1ec7n phong c\u00e1ch v\u00e0 c\u00e1 t\u00ednh: L\u00e0 m\u1ed9t ph\u1ea7n c\u1ee7a trang tr\u00ed n\u1ed9i th\u1ea5t, t\u1ee7 qu\u1ea7n \u00e1o treo t\u01b0\u1eddng c\u00f3 th\u1ec3 th\u1ec3 hi\u1ec7n phong c\u00e1ch, c\u00e1 t\u00ednh v\u00e0 s\u1ef1 tinh t\u1ebf c\u1ee7a ch\u1ee7 nh\u00e2n c\u0103n ph\u00f2ng.<\/span><\/li>\n<li style=\"font-weight: 400;\" aria-level=\"1\"><span style=\"font-weight: 400;\">\u0110a d\u1ea1ng v\u1ec1 thi\u1ebft k\u1ebf: C\u00f3 th\u1ec3 \u0111i\u1ec1u ch\u1ec9nh \u0111\u1ec3 ph\u00f9 h\u1ee3p v\u1edbi m\u1ecdi h\u00ecnh d\u1ea1ng c\u1ee7a c\u0103n ph\u00f2ng v\u00e0 m\u1ecdi phong c\u00e1ch thi\u1ebft k\u1ebf kh\u00e1c nhau.<\/span><\/li>\n<li style=\"font-weight: 400;\" aria-level=\"1\"><span style=\"font-weight: 400;\">Thu\u1eadn l\u1ee3i trong v\u1ec7 sinh v\u00e0 d\u1ecdn d\u1eb9p: D\u1ec5 d\u00e0ng lau ch\u00f9i v\u00e0 b\u1ea3o d\u01b0\u1ee1ng, gi\u00fap duy tr\u00ec s\u1ef1 s\u1ea1ch s\u1ebd v\u00e0 ng\u0103n n\u1eafp.<\/span><\/li>\n<li style=\"font-weight: 400;\" aria-level=\"1\"><span style=\"font-weight: 400;\">T\u0103ng t\u00ednh th\u1ea9m m\u1ef9: Kh\u00f4ng ch\u1ec9 l\u00e0 m\u1ed9t ph\u1ea7n c\u1ee7a l\u01b0u tr\u1eef, m\u00e0 c\u00f2n l\u00e0 n\u01a1i \u0111\u1ec3 trang tr\u00ed, t\u1ea1o \u0111i\u1ec3m nh\u1ea5n th\u1ea9m m\u1ef9 cho c\u0103n ph\u00f2ng.<\/span><\/li>\n<li style=\"font-weight: 400;\" aria-level=\"1\"><span style=\"font-weight: 400;\">Ph\u00f9 h\u1ee3p v\u1edbi m\u1ecdi kh\u00f4ng gian: \u0110\u1ed1i v\u1edbi c\u00e1c c\u0103n h\u1ed9 nh\u1ecf, t\u1ee7 \u00e1o treo t\u01b0\u1eddng l\u00e0 gi\u1ea3i ph\u00e1p t\u1ed1i \u01b0u \u0111\u1ec3 t\u1eadn d\u1ee5ng kh\u00f4ng gian h\u1ea1n ch\u1ebf, mang l\u1ea1i kh\u00f4ng gian s\u1ed1ng tho\u1ea3i m\u00e1i m\u00e0 kh\u00f4ng c\u1ea7n ph\u1ea3i lo l\u1eafng v\u1ec1 vi\u1ec7c ph\u1ed1i h\u1ee3p v\u1edbi di\u1ec7n t\u00edch nh\u1ecf.<\/span><\/li>\n<\/ul>\n<h2 style=\"text-align: justify;\"><strong>3. Ph\u00e2n lo\u1ea1i t\u1ee7 qu\u1ea7n \u00e1o treo t\u01b0\u1eddng<\/strong><\/h2>\n<figure id=\"attachment_2852\" aria-describedby=\"caption-attachment-2852\" style=\"width: 1200px\" class=\"wp-caption aligncenter\"><img loading=\"lazy\" decoding=\"async\" class=\"wp-image-2852 size-full\" src=\"https:\/\/nhatnam.org\/wp-content\/uploads\/2024\/12\/1-1.jpg\" alt=\"\" width=\"1200\" height=\"630\" \/><figcaption id=\"caption-attachment-2852\" class=\"wp-caption-text\">M\u1eabu t\u1ee7 \u00e1o treo t\u01b0\u1eddng kh\u00f4ng c\u00e1nh<\/figcaption><\/figure>\n<p style=\"text-align: justify;\"><span style=\"font-weight: 400;\">T\u1ee7 qu\u1ea7n \u00e1o treo t\u01b0\u1eddng c\u00f3 th\u1ec3 \u0111\u01b0\u1ee3c ph\u00e2n lo\u1ea1i d\u1ef1a tr\u00ean nhi\u1ec1u y\u1ebfu t\u1ed1 kh\u00e1c nhau<\/span><span style=\"font-weight: 400;\">: bao g\u1ed3m: V\u1eadt li\u1ec7u, thi\u1ebft k\u1ebf, ch\u1ee9c n\u0103ng\u2026 Theo ch\u1ea5t li\u1ec7u th\u00ec t\u1ee7 qu\u1ea7n \u00e1o treo t\u01b0\u1eddng g\u1ed3m nh\u1eefng lo\u1ea1i sau:<\/span><\/p>\n<h3 style=\"text-align: justify;\"><span style=\"font-weight: 400;\">T\u1ee7 \u00e1o treo t\u01b0\u1eddng b\u1eb1ng nh\u1ef1a<\/span><\/h3>\n<p style=\"text-align: justify;\"><span style=\"font-weight: 400;\">T\u1ee7 qu\u1ea7n \u00e1o nh\u1ef1a treo t\u01b0\u1eddng \u0111\u01b0\u1ee3c nhi\u1ec1u ng\u01b0\u1eddi y\u00eau th\u00edch v\u00ec t\u00ednh linh ho\u1ea1t v\u00e0 ti\u1ec7n l\u1ee3i c\u1ee7a ch\u1ea5t li\u1ec7u n\u00e0y. V\u1eadt li\u1ec7u l\u00e0m b\u1eb1ng nh\u1ef1a kh\u00e1 nh\u1eb9 v\u00e0 gi\u00e1 th\u00e0nh ph\u1ea3i ch\u0103ng, \u0111\u1ed3ng th\u1eddi c\u00f3 th\u1ec3 d\u1ec5 d\u00e0ng di chuy\u1ec3n khi c\u1ea7n thi\u1ebft. C\u00e1c lo\u1ea1i nh\u1ef1a cao c\u1ea5p nh\u01b0 nh\u1ef1a \u0110\u00e0i Loan, nh\u1ef1a PVC, hay nh\u1ef1a Picomat th\u01b0\u1eddng \u0111\u01b0\u1ee3c \u01b0a chu\u1ed9ng v\u00ec kh\u1ea3 n\u0103ng ch\u1ed1ng \u1ea9m v\u00e0 m\u1ed1i m\u1ecdt hi\u1ec7u qu\u1ea3.<\/span><\/p>\n<p style=\"text-align: justify;\"><span style=\"font-weight: 400;\">Tuy nhi\u00ean, t\u1ee7 qu\u1ea7n \u00e1o nh\u1ef1a treo t\u01b0\u1eddng th\u01b0\u1eddng ch\u1ec9 ph\u00f9 h\u1ee3p cho vi\u1ec7c s\u1eed d\u1ee5ng trong th\u1eddi gian ng\u1eafn, kh\u00f4ng c\u00f3 \u0111\u1ed9 b\u1ec1n cao nh\u01b0 c\u00e1c ch\u1ea5t li\u1ec7u kh\u00e1c. \u0110i\u1ec1u n\u00e0y c\u1ea7n \u0111\u01b0\u1ee3c l\u01b0u \u00fd khi l\u1ef1a ch\u1ecdn s\u1ea3n ph\u1ea9m \u0111\u1ec3 \u0111\u1ea3m b\u1ea3o ph\u00f9 h\u1ee3p v\u1edbi nhu c\u1ea7u v\u00e0 m\u1ee5c \u0111\u00edch s\u1eed d\u1ee5ng c\u1ee7a ng\u01b0\u1eddi d\u00f9ng.<\/span><\/p>\n<h3 style=\"text-align: justify;\"><span style=\"font-weight: 400;\">T\u1ee7 \u00e1o treo t\u01b0\u1eddng b\u1eb1ng g\u1ed7 MDF<\/span><\/h3>\n<p style=\"text-align: justify;\"><span style=\"font-weight: 400;\">S\u1eed d\u1ee5ng g\u1ed7 c\u00f4ng nghi\u1ec7p ch\u1ea5t l\u01b0\u1ee3ng cao, th\u01b0\u1eddng l\u00e0 g\u1ed7 MDF, t\u1ee7 qu\u1ea7n \u00e1o n\u00e0y kh\u00f4ng ch\u1ec9 mang l\u1ea1i v\u1ebb \u0111\u1eb9p t\u1ef1 nhi\u00ean m\u00e0 c\u00f2n t\u1ea1o c\u1ea3m gi\u00e1c \u1ea5m \u00e1p cho c\u0103n ph\u00f2ng. V\u1edbi kh\u1ea3 n\u0103ng treo tr\u00ean t\u01b0\u1eddng, t\u1ee7 gi\u00fap t\u1ed1i \u01b0u h\u00f3a di\u1ec7n t\u00edch s\u00e0n v\u00e0 t\u1ea1o ra kh\u00f4ng gian tho\u1ea3i m\u00e1i h\u01a1n. B\u00ean trong, b\u1ea1n c\u00f3 th\u1ec3 t\u1eadn d\u1ee5ng c\u00e1c ng\u0103n k\u1ec7 v\u00e0 thanh treo \u0111\u1ec3 s\u1eafp x\u1ebfp qu\u1ea7n \u00e1o v\u00e0 ph\u1ee5 ki\u1ec7n m\u1ed9t c\u00e1ch g\u1ecdn g\u00e0ng v\u00e0 ti\u1ec7n l\u1ee3i.<\/span><\/p>\n<h3 style=\"text-align: justify;\"><span style=\"font-weight: 400;\">T\u1ee7 \u00e1o treo t\u01b0\u1eddng b\u1eb1ng nh\u00f4m<\/span><\/h3>\n<p style=\"text-align: justify;\"><span style=\"font-weight: 400;\">\u0110\u01b0\u1ee3c l\u00e0m t\u1eeb nh\u00f4m ch\u1ea5t l\u01b0\u1ee3ng, mang l\u1ea1i \u0111\u1ed9 b\u1ec1n v\u00e0 \u1ed5n \u0111\u1ecbnh cao. Thi\u1ebft k\u1ebf treo tr\u00ean t\u01b0\u1eddng kh\u00f4ng ch\u1ec9 t\u1ed1i \u01b0u h\u00f3a di\u1ec7n t\u00edch s\u00e0n m\u00e0 c\u00f2n t\u1ea1o \u0111i\u1ec3m nh\u1ea5n hi\u1ec7n \u0111\u1ea1i v\u00e0 sang tr\u1ecdng cho c\u0103n ph\u00f2ng. B\u00ean trong, kh\u00f4ng gian \u0111\u01b0\u1ee3c t\u1ed5 ch\u1ee9c m\u1ed9t c\u00e1ch th\u00f4ng minh v\u00e0 s\u1eafp x\u1ebfp g\u1ecdn g\u00e0ng v\u1edbi c\u00e1c ng\u0103n k\u1ec7 v\u00e0 thanh treo, gi\u00fap t\u1ed1i \u01b0u h\u00f3a s\u1ef1 ti\u1ec7n \u00edch v\u00e0 t\u1ea1o n\u00ean m\u1ed9t phong c\u00e1ch s\u1ed1ng hi\u1ec7n \u0111\u1ea1i v\u00e0 tinh t\u1ebf.<\/span><\/p>\n<h3 style=\"text-align: justify;\"><span style=\"font-weight: 400;\">T\u1ee7 \u00e1o treo t\u01b0\u1eddng b\u1eb1ng k\u00ednh<\/span><\/h3>\n<p style=\"text-align: justify;\"><span style=\"font-weight: 400;\">T\u1ee7 qu\u1ea7n \u00e1o treo t\u01b0\u1eddng b\u1eb1ng k\u00ednh l\u00e0 s\u1ef1 l\u1ef1a ch\u1ecdn tinh t\u1ebf k\u1ebft h\u1ee3p gi\u1eefa hi\u1ec7n \u0111\u1ea1i v\u00e0 th\u1ea9m m\u1ef9. V\u1edbi ch\u1ea5t li\u1ec7u k\u00ednh trong su\u1ed1t ho\u1eb7c k\u00ednh m\u1edd, t\u1ee7 n\u00e0y t\u1ea1o ra kh\u00f4ng gian m\u1edf v\u00e0 c\u1ea3m gi\u00e1c tho\u00e1ng \u0111\u00e3ng. Thi\u1ebft k\u1ebf treo tr\u00ean t\u01b0\u1eddng kh\u00f4ng ch\u1ec9 gi\u00fap ti\u1ebft ki\u1ec7m di\u1ec7n t\u00edch s\u00e0n m\u00e0 c\u00f2n mang l\u1ea1i v\u1ebb \u0111\u1eb9p sang tr\u1ecdng v\u00e0 hi\u1ec7n \u0111\u1ea1i cho c\u0103n ph\u00f2ng.<\/span><\/p>\n<h2 style=\"text-align: justify;\"><strong>4. C\u00e1ch ch\u1ecdn t\u1ee7 qu\u1ea7n \u00e1o treo t\u01b0\u1eddng ph\u00f9 h\u1ee3p<\/strong><\/h2>\n<p><img loading=\"lazy\" decoding=\"async\" class=\"aligncenter wp-image-2317\" src=\"https:\/\/nhatnam.org\/wp-content\/uploads\/2024\/12\/z6148420925112_221ff016049e26d598e797a5989888cf-240x300.jpg\" alt=\"\" width=\"1200\" height=\"1500\" \/><\/p>\n<p style=\"text-align: justify;\"><span style=\"font-weight: 400;\">N\u1ebfu b\u1ea1n \u0111ang ph\u00e2n v\u00e2n kh\u00f4ng bi\u1ebft l\u00e0m th\u1ebf n\u00e0o \u0111\u1ec3 ch\u1ecdn m\u1ed9t chi\u1ebfc t\u1ee7 qu\u1ea7n \u00e1o treo t\u01b0\u1eddng ph\u00f9 h\u1ee3p, h\u00e3y \u00e1p d\u1ee5ng m\u1ed9t s\u1ed1 g\u1ee3i \u00fd d\u01b0\u1edbi \u0111\u00e2y ngay nh\u00e9:<\/span><\/p>\n<p style=\"text-align: justify;\"><span style=\"font-weight: 400;\">Khi ch\u1ecdn ch\u1ea5t li\u1ec7u cho t\u1ee7 qu\u1ea7n \u00e1o treo t\u01b0\u1eddng, h\u00e3y c\u00e2n nh\u1eafc phong c\u00e1ch v\u00e0 s\u1edf th\u00edch c\u00e1 nh\u00e2n. C\u00f3 nhi\u1ec1u l\u1ef1a ch\u1ecdn nh\u01b0 g\u1ed7 t\u1ef1 nhi\u00ean, g\u1ed7 c\u00f4ng nghi\u1ec7p, kim lo\u1ea1i, nh\u1ef1a, v\u00e0 th\u1eadm ch\u00ed k\u00ednh. Ch\u1ecdn ch\u1ea5t li\u1ec7u ph\u00f9 h\u1ee3p \u0111\u1ec3 t\u1ea1o \u0111i\u1ec3m nh\u1ea5n v\u00e0 th\u1ec3 hi\u1ec7n phong c\u00e1ch ri\u00eang c\u1ee7a b\u1ea1n.<\/span><\/p>\n<p style=\"text-align: justify;\"><span style=\"font-weight: 400;\">L\u1ef1a ch\u1ecdn k\u00edch th\u01b0\u1edbc ph\u00f9 h\u1ee3p: \u0110\u1eebng ch\u1ecdn m\u1ed9t m\u1eabu t\u1ee7 qu\u00e1 l\u1edbn cho m\u1ed9t c\u0103n ph\u00f2ng c\u00f3 di\u1ec7n t\u00edch nh\u1ecf. Vi\u1ec7c l\u1ef1a ch\u1ecdn k\u00edch th\u01b0\u1edbc t\u1ee7 ph\u1ea3i ph\u00f9 h\u1ee3p v\u1edbi kh\u00f4ng gian l\u00e0 r\u1ea5t quan tr\u1ecdng. H\u00e3y n\u1eafm r\u00f5 k\u00edch th\u01b0\u1edbc c\u1ee7a n\u01a1i \u0111\u1eb7t t\u1ee7 tr\u01b0\u1edbc t\u1eeb \u0111\u00f3 \u0111\u01b0a ra l\u1ef1a ch\u1ecdn sao cho h\u1ee3p l\u00fd nh\u1ea5t.\u00a0<\/span><\/p>\n<p style=\"text-align: justify;\"><span style=\"font-weight: 400;\">L\u1ef1a ch\u1ecdn thi\u1ebft k\u1ebf : Ch\u1ecdn thi\u1ebft k\u1ebf t\u1ee7 ph\u1ea3i ph\u00f9 h\u1ee3p \u0111\u1ec3 ti\u1ebft ki\u1ec7m kh\u00f4ng gian hi\u1ec7u qu\u1ea3 nh\u1ea5t. V\u00e0 x\u00e1c \u0111\u1ecbnh phong c\u00e1ch m\u00e0 b\u1ea1n mu\u1ed1n trang tr\u00ed: c\u1ed5 \u0111i\u1ec3n, hi\u1ec7n \u0111\u1ea1i hay t\u1ed1i gi\u1ea3n.<\/span><\/p>\n<p style=\"text-align: justify;\"><span style=\"font-weight: 400;\">M\u00e0u s\u1eafc: N\u00ean ch\u1ecdn t\u1ee7 c\u00f3 gam m\u00e0u s\u00e1ng \u0111\u1ec3 t\u1ea1o c\u1ea3m gi\u00e1c r\u1ed9ng r\u00e3i, tho\u1ea3i m\u00e1i cho c\u0103n ph\u00f2ng.<\/span><\/p>\n<p style=\"text-align: justify;\"><span style=\"font-weight: 400;\">Ngo\u00e0i ra, Phong th\u1ee7y c\u0169ng l\u00e0 m\u1ed9t y\u1ebfu t\u1ed1 quan tr\u1ecdng khi ch\u1ecdn v\u1ecb tr\u00ed \u0111\u1eb7t t\u1ee7. H\u00e3y tr\u00e1nh \u0111\u1eb7t t\u1ee7 qu\u1ea7n \u00e1o treo t\u01b0\u1eddng h\u01b0\u1edbng v\u1ec1 c\u1eeda ra v\u00e0o ho\u1eb7c h\u01b0\u1edbng nh\u00e0 v\u1ec7 sinh nh\u00e9.<\/span><\/p>\n<h2 style=\"text-align: justify;\"><strong>5. N\u1ed9i Th\u1ea5t Nh\u1ea5t Nam &#8211; \u0111\u01a1n v\u1ecb thi\u1ebft k\u1ebf thi c\u00f4ng t\u1ee7 qu\u1ea7n \u00e1o uy t\u00edn, ch\u1ea5t l\u01b0\u1ee3ng<\/strong><\/h2>\n<p style=\"text-align: justify;\"><span style=\"font-weight: 400;\">N\u1ed9i th\u1ea5t Nh\u1ea5t Nam l\u00e0 \u0111\u1ecba ch\u1ec9 uy t\u00edn t\u1ea1i TP.HCM, chuy\u00ean thi\u1ebft k\u1ebf v\u00e0 thi c\u00f4ng t\u1ee7 qu\u1ea7n \u00e1o treo t\u01b0\u1eddng v\u1edbi ch\u1ea5t l\u01b0\u1ee3ng \u0111\u1ec9nh cao v\u1edbi gi\u00e1 c\u1ea3 ph\u1ea3i ch\u0103ng.<\/span><\/p>\n<p style=\"text-align: justify;\"><span style=\"font-weight: 400;\">V\u1edbi \u0111\u1ed9i ng\u0169 nh\u00e2n vi\u00ean tay ngh\u1ec1 cao, ch\u00fang t\u00f4i cam k\u1ebft mang \u0111\u1ebfn cho b\u1ea1n m\u1ed7i s\u1ea3n ph\u1ea9m thi c\u00f4ng v\u1edbi ch\u1ea5t l\u01b0\u1ee3ng t\u1ed1t nh\u1ea5t, \u0111\u1ed3ng th\u1eddi gi\u1eef m\u1ee9c gi\u00e1 c\u1ea1nh tranh t\u1ea1i x\u01b0\u1edfng, gi\u00fap b\u1ea1n ti\u1ebft ki\u1ec7m chi ph\u00ed so v\u1edbi c\u00e1c \u0111\u1ecba ch\u1ec9 kh\u00e1c.<\/span><\/p>\n<p style=\"text-align: justify;\"><span style=\"font-weight: 400;\">Ngo\u00e0i t\u1ee7 qu\u1ea7n \u00e1o, Nh\u1ea5t Nam c\u00f2n cung c\u1ea5p m\u1ed9t lo\u1ea1t c\u00e1c s\u1ea3n ph\u1ea9m n\u1ed9i th\u1ea5t nh\u01b0 t\u1ee7 b\u1ebfp, t\u1ee7 lavabo,&#8230; \u0111\u01b0\u1ee3c thi\u1ebft k\u1ebf ch\u00ednh x\u00e1c \u0111\u1ebfn 99% so v\u1edbi m\u1eabu \u0111\u1ed3 th\u1ef1c t\u1ebf.<\/span><\/p>\n<p style=\"text-align: justify;\"><span style=\"font-weight: 400;\">H\u00e3y li\u00ean h\u1ec7 ngay v\u1edbi Nh\u1ea5t Nam\u00a0 \u0111\u1ec3 nh\u1eadn \u0111\u01b0\u1ee3c \u01b0u \u0111\u00e3i v\u00e0 t\u01b0 v\u1ea5n mi\u1ec5n ph\u00ed cho m\u1eabu n\u1ed9i th\u1ea5t ph\u00f9 h\u1ee3p nh\u1ea5t v\u1edbi kh\u00f4ng gian c\u1ee7a b\u1ea1n.<\/span><\/p>\n","protected":false},"excerpt":{"rendered":"<p><span style=\"font-weight: 400;\">T\u1ee7 qu\u1ea7n \u00e1o treo t\u01b0\u1eddng hi\u1ec7n nay l\u00e0 l\u1ef1a ch\u1ecdn l\u01b0u tr\u1eef ph\u1ed5 bi\u1ebfn, hi\u1ec7u qu\u1ea3 v\u00e0 ti\u1ebft ki\u1ec7m kh\u00f4ng gian. V\u1edbi thi\u1ebft k\u1ebf linh ho\u1ea1t v\u00e0 \u0111a d\u1ea1ng, ch\u00fang \u0111\u00e1p \u1ee9ng m\u1ecdi nhu c\u1ea7u trong vi\u1ec7c t\u1ed5 ch\u1ee9c kh\u00f4ng gian l\u01b0u tr\u1eef.<\/span><\/p>\n","protected":false},"featured_media":1300,"comment_status":"open","ping_status":"closed","template":"","meta":{"_acf_changed":false,"_gspb_post_css":""},"book-author":[],"product_brand":[],"product_cat":[104,105,106,107,108],"product_tag":[],"class_list":{"0":"post-1349","1":"product","2":"type-product","3":"status-publish","4":"has-post-thumbnail","6":"product_cat-noi-that-phong-ngu","7":"product_cat-tu-ao-canh-kinh-cua-lua","8":"product_cat-tu-ao-canh-kinh-cua-mo","9":"product_cat-tu-quan-ao-go-mdf","10":"product_cat-tu-quan-ao-nhom-hop-kim","12":"first","13":"instock","14":"shipping-taxable","15":"product-type-simple"},"acf":[],"_links":{"self":[{"href":"https:\/\/nhatnam.libion.me\/index.php\/wp-json\/wp\/v2\/product\/1349","targetHints":{"allow":["GET"]}}],"collection":[{"href":"https:\/\/nhatnam.libion.me\/index.php\/wp-json\/wp\/v2\/product"}],"about":[{"href":"https:\/\/nhatnam.libion.me\/index.php\/wp-json\/wp\/v2\/types\/product"}],"replies":[{"embeddable":true,"href":"https:\/\/nhatnam.libion.me\/index.php\/wp-json\/wp\/v2\/comments?post=1349"}],"wp:featuredmedia":[{"embeddable":true,"href":"https:\/\/nhatnam.libion.me\/index.php\/wp-json\/wp\/v2\/media\/1300"}],"wp:attachment":[{"href":"https:\/\/nhatnam.libion.me\/index.php\/wp-json\/wp\/v2\/media?parent=1349"}],"wp:term":[{"taxonomy":"book-author","embeddable":true,"href":"https:\/\/nhatnam.libion.me\/index.php\/wp-json\/wp\/v2\/book-author?post=1349"},{"taxonomy":"product_brand","embeddable":true,"href":"https:\/\/nhatnam.libion.me\/index.php\/wp-json\/wp\/v2\/product_brand?post=1349"},{"taxonomy":"product_cat","embeddable":true,"href":"https:\/\/nhatnam.libion.me\/index.php\/wp-json\/wp\/v2\/product_cat?post=1349"},{"taxonomy":"product_tag","embeddable":true,"href":"https:\/\/nhatnam.libion.me\/index.php\/wp-json\/wp\/v2\/product_tag?post=1349"}],"curies":[{"name":"wp","href":"https:\/\/api.w.org\/{rel}","templated":true}]}}