{"id":1335,"date":"2026-04-07T10:05:53","date_gmt":"2026-04-07T10:05:53","guid":{"rendered":"https:\/\/nhatnam.libion.me\/index.php\/product\/tu-bep-nhom-canh-kinh-cuong-luc\/"},"modified":"2026-04-07T10:05:53","modified_gmt":"2026-04-07T10:05:53","slug":"tu-bep-nhom-canh-kinh-cuong-luc","status":"publish","type":"product","link":"https:\/\/nhatnam.libion.me\/index.php\/product\/tu-bep-nhom-canh-kinh-cuong-luc\/","title":{"rendered":"T\u1ee7 B\u1ebfp Nh\u00f4m C\u00e1nh K\u00ednh C\u01b0\u1eddng L\u1ef1c"},"content":{"rendered":"<p style=\"text-align: justify;\">T\u1ee7 b\u1ebfp nh\u00f4m c\u00e1nh k\u00ednh c\u01b0\u1eddng l\u1ef1c l\u00e0 l\u1ef1a ch\u1ecdn l\u00fd t\u01b0\u1edfng cho nh\u1eefng ai t\u00ecm ki\u1ebfm s\u1ef1 b\u1ec1n b\u1ec9 v\u00e0 v\u1ebb \u0111\u1eb9p tinh t\u1ebf cho gian b\u1ebfp. V\u1edbi khung nh\u00f4m ch\u1eafc ch\u1eafn k\u1ebft h\u1ee3p k\u00ednh c\u01b0\u1eddng l\u1ef1c ch\u1ed1ng tr\u1ea7y x\u01b0\u1edbc v\u00e0 ch\u1ecbu l\u1ef1c t\u1ed1t, s\u1ea3n ph\u1ea9m \u0111\u1ea3m b\u1ea3o t\u00ednh an to\u00e0n v\u00e0 \u0111\u1ed9 b\u1ec1n cao trong qu\u00e1 tr\u00ecnh s\u1eed d\u1ee5ng. T\u1ee7 b\u1ebfp nh\u00f4m c\u00e1nh k\u00ednh c\u01b0\u1eddng l\u1ef1c kh\u00f4ng ch\u1ec9 \u0111a d\u1ea1ng v\u1ec1 ki\u1ec3u d\u00e1ng, m\u00e0u s\u1eafc m\u00e0 c\u00f2n ph\u00f9 h\u1ee3p v\u1edbi nhi\u1ec1u phong c\u00e1ch thi\u1ebft k\u1ebf n\u1ed9i th\u1ea5t, t\u1eeb hi\u1ec7n \u0111\u1ea1i \u0111\u1ebfn t\u1ed1i gi\u1ea3n, mang \u0111\u1ebfn kh\u00f4ng gian b\u1ebfp sang tr\u1ecdng v\u00e0 ti\u1ec7n nghi v\u01b0\u1ee3t tr\u1ed9i.<\/p>\n<h2 style=\"text-align: justify;\"><strong>1. M\u1ed9t s\u1ed1 \u0111\u1eb7c \u0111i\u1ec3m c\u1ee7a t\u1ee7 b\u1ebfp nh\u00f4m c\u00e1nh k\u00ednh c\u01b0\u1eddng l\u1ef1c\u00a0\u00a0<\/strong><\/h2>\n<p><img loading=\"lazy\" decoding=\"async\" class=\"aligncenter wp-image-2603\" src=\"https:\/\/nhatnam.org\/wp-content\/uploads\/2024\/12\/image1-3-300x200.png\" alt=\"T\u1ee7 B\u1ebfp Nh\u00f4m C\u00e1nh K\u00ednh C\u01b0\u1eddng L\u1ef1c\" width=\"1200\" height=\"801\" \/><\/p>\n<p style=\"text-align: justify;\"><span style=\"font-weight: 300;\">T\u1ee7 b\u1ebfp nh\u00f4m c\u00e1nh k\u00ednh c\u01b0\u1eddng l\u1ef1c \u0111\u01b0\u1ee3c l\u00e0m t\u1eeb nh\u00f4m v\u1edbi nh\u1eefng ch\u1ea5t li\u1ec7u tuy nh\u1eb9 nh\u01b0ng v\u00f4 c\u00f9ng ch\u1eafc ch\u1eafn, gi\u00fap t\u0103ng \u0111\u1ed9 b\u1ec1n cho t\u1ee7 v\u00e0 \u0111\u1ea3m b\u1ea3o s\u1ef1 \u1ed5n \u0111\u1ecbnh c\u1ee7a t\u1ee7 trong su\u1ed1t qu\u00e1 tr\u00ecnh s\u1eed d\u1ee5ng, \u0111\u1ea3m b\u1ea3o s\u1ef1 an to\u00e0n cho kh\u00e1ch h\u00e0ng. Kh\u00f4ng nh\u1eefng v\u1eady, t\u1ea5t c\u1ea3 c\u00e1c c\u00e1nh t\u1ee7 \u0111\u01b0\u1ee3c l\u00e0m t\u1eeb k\u00ednh c\u01b0\u1eddng l\u1ef1c tr\u00e1nh \u0111\u01b0\u1ee3c m\u1ed9t s\u1ed1 t\u00e1c \u0111\u1ed9ng m\u1ea1nh t\u1eeb b\u00ean ngo\u00e0i, t\u1ea1o s\u1ef1 an to\u00e0n v\u00e0 ti\u1ec7n \u00edch cho kh\u00e1ch h\u00e0ng s\u1eed d\u1ee5ng. T\u1ee7 b\u1ebfp nh\u00f4m k\u00ednh \u0111\u01b0\u1ee3c thi\u1ebft k\u1ebf sang tr\u1ecdng, r\u1ea5t d\u1ec5 lau ch\u00f9i v\u00e0 v\u1ec7 sinh, kh\u00f4ng b\u1ecb bi\u1ebfn d\u1ea1ng trong m\u1ecdi \u0111i\u1ec1u ki\u1ec7n t\u1ef1 nhi\u00ean c\u1ee7a m\u00f4i tr\u01b0\u1eddng.<\/span><\/p>\n<h2 style=\"text-align: justify;\"><strong>2. \u01afu v\u00e0 nh\u01b0\u1ee3c \u0111i\u1ec3m c\u1ee7a t\u1ee7 b\u1ebfp nh\u00f4m k\u00ednh<\/strong><\/h2>\n<p><img loading=\"lazy\" decoding=\"async\" class=\"aligncenter wp-image-2605\" src=\"https:\/\/nhatnam.org\/wp-content\/uploads\/2024\/12\/image3-1-300x199.png\" alt=\"T\u1ee7 b\u1ebfp nh\u00f4m c\u00e1nh k\u00ednh c\u01b0\u1eddng l\u1ef1c\" width=\"1200\" height=\"797\" \/><\/p>\n<p style=\"text-align: justify;\"><span style=\"font-weight: 300;\">T\u1ee7 b\u1ebfp nh\u00f4m c\u00e1nh k\u00ednh c\u01b0\u1eddng l\u1ef1c hi\u1ec7n nay \u0111\u01b0\u1ee3c r\u1ea5t nhi\u1ec1u ng\u01b0\u1eddi \u01b0a chu\u1ed9ng v\u00e0 l\u1ef1a ch\u1ecdn s\u1eed d\u1ee5ng. Nh\u1eefng \u01b0u \u0111i\u1ec3m v\u00e0 nh\u01b0\u1ee3c \u0111i\u1ec3m c\u1ee7a t\u1ee7 b\u1ebfp nh\u00f4m c\u00e1nh k\u00ednh\u00a0<\/span><\/p>\n<h3 style=\"text-align: justify;\"><strong>2.1 \u01afu \u0111i\u1ec3m<\/strong><\/h3>\n<ul style=\"text-align: justify;\">\n<li style=\"font-weight: 300;\" aria-level=\"1\"><span style=\"font-weight: 300;\">\u0110a d\u1ea1ng v\u1ec1 m\u1eabu m\u00e3, ki\u1ec3u d\u00e1ng: c\u00f3 th\u1ec3 n\u00f3i t\u1ee7 b\u1ebfp nh\u00f4m c\u00e1nh k\u00ednh c\u01b0\u1eddng l\u1ef1c r\u1ea5t \u0111a d\u1ea1ng, t\u1eeb t\u1ee7 b\u1ebfp nh\u00f4m k\u00ednh \u0111\u01a1n gi\u1ea3n \u0111\u1ebfn t\u1ee7 b\u1ebfp hi\u1ec7n \u0111\u1ea1i. t\u1eeb ki\u1ec3u c\u00e1nh m\u1edf truy\u1ec1n th\u1ed1ng \u0111\u1ebfn ki\u1ec3u c\u00e1nh tr\u01b0\u1ee3t hi\u1ec7n \u0111\u1ea1i, t\u1ea1o n\u00ean s\u1ef1 linh ho\u1ea1t v\u00e0 ph\u00f9 h\u1ee3p v\u1edbi m\u1ecdi kh\u00f4ng gian b\u1ebfp.<\/span><\/li>\n<li style=\"font-weight: 300;\" aria-level=\"1\"><span style=\"font-weight: 300;\">T\u00ednh th\u1ea9m m\u1ef9 cao: tr\u01b0\u1edbc \u0111\u00e2y t\u1ee7 b\u1ebfp ch\u1ec9 d\u00f9ng \u0111\u1ec3 \u0111\u1ef1ng nh\u1eefng s\u1ea3n ph\u1ea9m trong nh\u00e0 b\u1ebfp, nh\u01b0ng hi\u1ec7n nay t\u1ee7 b\u1ebfp c\u00f2n l\u00e0 n\u01a1i t\u1ea1o \u0111i\u1ec3m nh\u1ea5n cho kh\u00f4ng gian b\u1ebfp, \u0111em l\u1ea1i t\u00ednh th\u1ea9m m\u1ef9 kh\u00e1 cao. V\u1edbi c\u00e1nh k\u00ednh trong su\u1ed1t s\u1ebd t\u1ea1o n\u00ean m\u1ed9t kh\u00f4ng gian h\u1ebft s\u1ee9c r\u1ed9ng r\u00e3i v\u00e0 s\u00e1ng s\u1ee7a h\u01a1n.<\/span><\/li>\n<li style=\"font-weight: 300;\" aria-level=\"1\"><span style=\"font-weight: 300;\">B\u1ec1n b\u1ec9 v\u00e0 d\u1ec5 b\u1ea3o d\u01b0\u1ee1ng: Nh\u00f4m l\u00e0 lo\u1ea1i v\u1eadt li\u1ec7u c\u1ef1c k\u1ef3 ch\u1eafc ch\u1eafn v\u00e0 ch\u1ecbu l\u1ef1c kh\u00e1 t\u1ed1t, s\u1ef1 k\u1ebft ho\u00e0n h\u1ea3o gi\u1eefa v\u1eadt li\u1ec7u nh\u00f4m v\u00e0 k\u00ednh c\u01b0\u1eddng l\u1ef1c t\u1ea1o cho t\u1ee7 b\u1ebfp nh\u00ecn r\u1ea5t ch\u1eafc ch\u1eafn, ch\u1ecbu \u0111\u01b0\u1ee3c va \u0111\u1eadp cao. B\u00ean c\u1ea1nh \u0111\u00f3 t\u1ee7 nh\u00f4m c\u00e1nh k\u00ednh c\u00f3 tu\u1ed5i th\u1ecd kh\u00e1 cao v\u00e0 \u00edt b\u1ecb h\u1ecfng do c\u00e1c t\u00e1c \u0111\u1ed9ng t\u1eeb thi\u00ean nhi\u00ean b\u00ean ngo\u00e0i.<\/span><\/li>\n<\/ul>\n<h3 style=\"text-align: justify;\"><strong>2.2 Nh\u01b0\u1ee3c \u0111i\u1ec3m<\/strong><\/h3>\n<ul style=\"text-align: justify;\">\n<li style=\"font-weight: 300;\" aria-level=\"1\"><span style=\"font-weight: 300;\">Gi\u00e1 t\u1ee7 b\u1ebfp nh\u00f4m k\u00ednh kh\u00e1 cao so v\u1edbi c\u00e1c lo\u1ea1i t\u1ee7 b\u1ebfp kh\u00e1c do c\u00f4ng ngh\u1ec7 v\u00e0 ch\u1ea5t l\u01b0\u1ee3ng s\u1ea3n xu\u1ea5t cao. Nh\u01b0ng khi ch\u1ecdn t\u1ee7 nh\u00f4m k\u00ednh gi\u00e1 r\u1ebb th\u00ec ch\u1ea5t l\u01b0\u1ee3ng c\u0169ng s\u1ebd kh\u00f4ng ho\u00e0n to\u00e0n t\u1ed1t, kh\u00f4ng \u0111\u1ea3m b\u1ea3o \u0111\u01b0\u1ee3c t\u00ednh an to\u00e0n.<\/span><\/li>\n<li style=\"font-weight: 300;\" aria-level=\"1\"><span style=\"font-weight: 300;\">Kh\u1ea3 n\u0103ng tr\u01b0ng b\u00e0y b\u1ecb h\u1ea1n ch\u1ebf, m\u1ed9t ph\u1ea7n l\u00e0 do c\u00e1nh k\u00ednh trong su\u1ed1t n\u00ean khi tr\u01b0ng b\u00e0y kh\u00f4ng \u0111\u1eb9p, b\u1eeba b\u1ed9n c\u0169ng g\u00e2y ra s\u1ef1 m\u1ea5t th\u1ea9m m\u1ef9 cho kh\u00f4ng gian nh\u00e0 b\u1ebfp c\u1ee7a b\u1ea1n.<\/span><\/li>\n<li style=\"font-weight: 300;\" aria-level=\"1\"><span style=\"font-weight: 300;\">D\u1ec5 b\u1ecb v\u1ee1 v\u00e0 tr\u1ea7y x\u01b0\u1edbc, trong qu\u00e1 tr\u00ecnh s\u1eed d\u1ee5ng c\u00e1c b\u1ec1 m\u1eb7t k\u00ednh r\u1ea5t d\u1ec5 b\u1ecb tr\u1ea7y x\u01b0\u1edbc, m\u1eb7c d\u00f9 k\u00ednh c\u01b0\u1eddng l\u1ef1c c\u00f3 kh\u1ea3 n\u0103ng ch\u1ecbu l\u1ef1c kh\u00e1c t\u1ed1t, nh\u01b0ng n\u00f3 v\u1eabn d\u1ec5 b\u1ecb v\u1ee1 khi ch\u1ecbu s\u1ee9c \u00e9p qu\u00e1 m\u1ea1nh .<\/span><\/li>\n<\/ul>\n<h2 style=\"text-align: justify;\"><strong>3. C\u00e1c lo\u1ea1i t\u1ee7 b\u1ebfp nh\u00f4m c\u00e1nh k\u00ednh c\u01b0\u1eddng l\u1ef1c<\/strong><\/h2>\n<p style=\"text-align: justify;\"><span style=\"font-weight: 300;\">B\u1ea1n \u0111ang t\u00ecm ki\u1ebfm t\u1ee7 b\u1ebfp nh\u00f4m k\u00ednh nh\u1ecf cho ng\u00f4i nh\u00e0 c\u1ee7a m\u00ecnh. D\u01b0\u1edbi \u0111\u00e2y l\u00e0 m\u1ed9t s\u1ed1 lo\u1ea1i c\u01a1 b\u1ea3n:<\/span><\/p>\n<h3 style=\"text-align: justify;\"><strong>3.1 T\u1ee7 b\u1ebfp nh\u00f4m k\u00ednh treo t\u01b0\u1eddng<\/strong><\/h3>\n<p><img loading=\"lazy\" decoding=\"async\" class=\"aligncenter wp-image-2606\" src=\"https:\/\/nhatnam.org\/wp-content\/uploads\/2024\/12\/image4-2-300x199.png\" alt=\"T\u1ee7 b\u1ebfp nh\u00f4m c\u00e1nh k\u00ednh c\u01b0\u1eddng l\u1ef1c\" width=\"1200\" height=\"797\" \/><\/p>\n<p style=\"text-align: justify;\"><span style=\"font-weight: 300;\">\u0110\u00e2y ch\u00ednh l\u00e0 s\u1ef1 l\u1ef1a ch\u1ecdn ph\u1ed5 bi\u1ebfn nh\u1ea5t cho m\u1ecdi kh\u00f4ng gian b\u1ebfp c\u1ee7a m\u1ecdi ng\u01b0\u1eddi. Ch\u00fang \u0111\u01b0\u1ee3c l\u1eafp tr\u1ef1c ti\u1ebfp l\u00ean t\u01b0\u1eddng, gi\u00fap h\u1ea1n ch\u1ebf v\u00e0 ti\u1ebft ki\u1ec7m \u0111\u01b0\u1ee3c kh\u00f4ng gian s\u00e0n. t\u1ea1o \u0111\u01b0\u1ee3c kh\u00f4ng gian b\u1ebfp r\u1ed9ng r\u00e3i. S\u1ef1 k\u1ebft h\u1ee3p gi\u1eefa nh\u1eefng chi\u1ebfc c\u00e1nh b\u1eb1ng k\u00ednh s\u1ebd gi\u00fap cho ph\u1ea7n th\u1ea9m m\u1ef9 t\u0103ng th\u00eam m\u1ed9t ph\u1ea7n n\u1ebfu nh\u01b0 bi\u1ebft c\u00e1ch s\u1eafp x\u1ebfp b\u1eaft m\u1eaft.<\/span><\/p>\n<h3 style=\"text-align: justify;\"><strong>3.2 T\u1ee7 b\u1ebfp nh\u00f4m k\u00ednh v\u00e2n g\u1ed7\u00a0<\/strong><\/h3>\n<p><img loading=\"lazy\" decoding=\"async\" class=\"aligncenter wp-image-2621\" src=\"https:\/\/nhatnam.org\/wp-content\/uploads\/2024\/12\/image6-1-300x225.jpg\" alt=\"T\u1ee7 b\u1ebfp nh\u00f4m c\u00e1nh k\u00ednh c\u01b0\u1eddng l\u1ef1c\" width=\"1200\" height=\"900\" \/><\/p>\n<p style=\"text-align: justify;\"><span style=\"font-weight: 300;\">Th\u00f4ng qua r\u1ea5t nhi\u1ec1u lo\u1ea1i nh\u00f4m th\u00ec m\u1ed9t s\u1ed1 lo\u1ea1i nh\u00f4m c\u0169ng c\u00f3 m\u00e0u v\u00e2n g\u1ed7 nh\u01b0ng gi\u00e1 th\u00e0nh l\u1ea1i r\u1ebb h\u01a1n r\u1ea5t nhi\u1ec1u. <\/span><span style=\"font-weight: 300;\">V\u1edbi v\u1ebb ngo\u00e0i \u0111\u1eb9p m\u1eaft v\u00e0 \u0111a d\u1ea1ng v\u1ec1 m\u00e0u s\u1eafc v\u00e0 hoa v\u0103n, t\u1ee7 b\u1ebfp nh\u00f4m k\u00ednh v\u00e2n g\u1ed7 kh\u00f4ng ch\u1ec9 l\u00e0m m\u1edbi kh\u00f4ng gian b\u1ebfp m\u00e0 c\u00f2n t\u1ea1o \u0111i\u1ec3m nh\u1ea5n \u0111\u1eb7c bi\u1ec7t v\u00e0 \u1ea5n t\u01b0\u1ee3ng cho c\u0103n b\u1ebfp c\u1ee7a b\u1ea1n. \u0110\u1ed3ng th\u1eddi, s\u1ef1 k\u1ebft h\u1ee3p n\u00e0y c\u0169ng mang l\u1ea1i t\u00ednh b\u1ec1n b\u1ec9 v\u00e0 d\u1ec5 d\u00e0ng v\u1ec7 sinh nh\u1edd v\u00e0o \u0111\u1eb7c t\u00ednh kh\u00f4ng b\u1ecb \u1ea9m m\u1ed1c c\u1ee7a nh\u00f4m v\u00e0 k\u00ednh. T\u1ee7 b\u1ebfp nh\u00f4m k\u00ednh v\u00e2n g\u1ed7 kh\u00f4ng ch\u1ec9 l\u00e0 m\u1ed9t s\u1ea3n ph\u1ea9m n\u1ed9i th\u1ea5t m\u00e0 c\u00f2n l\u00e0 bi\u1ec3u t\u01b0\u1ee3ng c\u1ee7a s\u1ef1 ti\u1ec7n nghi v\u00e0 phong c\u00e1ch cho kh\u00f4ng gian s\u1ed1ng hi\u1ec7n \u0111\u1ea1i<\/span><span style=\"font-weight: 300;\">.<\/span><\/p>\n<h3 style=\"text-align: justify;\"><strong>3.3 T\u1ee7 b\u1ebfp nh\u00f4m k\u00ednh cao c\u1ea5p<\/strong><\/h3>\n<p><img loading=\"lazy\" decoding=\"async\" class=\"aligncenter wp-image-2592\" src=\"https:\/\/nhatnam.org\/wp-content\/uploads\/2024\/12\/image1-1-300x225.png\" alt=\"T\u1ee7 b\u1ebfp nh\u00f4m c\u00e1nh k\u00ednh c\u01b0\u1eddng l\u1ef1c\" width=\"1200\" height=\"899\" \/><\/p>\n<p style=\"text-align: justify;\"><span style=\"font-weight: 300;\">\u0110\u00fang v\u1edbi c\u00e1i t\u00ean c\u1ee7a n\u00f3 th\u00ec \u0111\u00e2y l\u00e0 s\u1ef1 k\u1ebft h\u1ee3p ho\u00e0n h\u1ea3o gi\u1eefa t\u00ednh th\u1ea9m m\u1ef9 v\u00e0 t\u00ednh ti\u1ec7n \u00edch. V\u1edbi l\u1edbp s\u01a1n t\u0129nh \u0111i\u1ec7n, B<\/span><span style=\"font-weight: 300;\">\u1ec1 m\u1eb7t c\u1ee7a t\u1ee7 b\u1ebfp tr\u1edf n\u00ean m\u1ecbn m\u00e0ng v\u00e0 b\u1ec1n b\u1ec9 h\u01a1n, \u0111\u1ed3ng th\u1eddi t\u1ea1o ra hi\u1ec7u \u1ee9ng s\u1eafc n\u00e9t v\u00e0 b\u00f3ng b\u1ea9y. Ch\u1ea5t li\u1ec7u nh\u00f4m k\u1ebft h\u1ee3p v\u1edbi k\u00ednh trong su\u1ed1t t\u1ea1o n\u00ean v\u1ebb \u0111\u1eb9p hi\u1ec7n \u0111\u1ea1i v\u00e0 sang tr\u1ecdng, mang l\u1ea1i kh\u00f4ng gian b\u1ebfp s\u1ef1 tinh t\u1ebf v\u00e0 \u0111\u1eb3ng c\u1ea5p. \u0110\u1ed3ng th\u1eddi, t\u00ednh ch\u1ea5t kh\u00f4ng b\u00e1m b\u1ea9n v\u00e0 d\u1ec5 v\u1ec7 sinh c\u1ee7a s\u01a1n t\u0129nh \u0111i\u1ec7n gi\u00fap t\u1ee7 b\u1ebfp lu\u00f4n gi\u1eef \u0111\u01b0\u1ee3c v\u1ebb \u0111\u1eb9p m\u1edbi m\u1ebb v\u00e0 s\u1ea1ch s\u1ebd, \u0111\u1ea3m b\u1ea3o s\u1ef1 tho\u1ea3i m\u00e1i v\u00e0 ti\u1ec7n l\u1ee3i cho ng\u01b0\u1eddi s\u1eed d\u1ee5ng.<\/span><\/p>\n<h2 style=\"text-align: justify;\"><strong>4. Ph\u00e2n lo\u1ea1i theo thi\u1ebft k\u1ebf t\u1ee7 b\u1ebfp nh\u00f4m c\u00e1nh k\u00ednh c\u01b0\u1eddng l\u1ef1c<\/strong><\/h2>\n<h3 style=\"text-align: justify;\"><strong>4.1 T\u1ee7 b\u1ebfp khung nh\u00f4m c\u00e1nh k\u00ednh c\u01b0\u1eddng l\u1ef1c<\/strong><\/h3>\n<p><img loading=\"lazy\" decoding=\"async\" class=\"aligncenter wp-image-2387\" src=\"https:\/\/nhatnam.org\/wp-content\/uploads\/2024\/12\/z6148408813997_8623ea09dace5ce331fa124441fffa72-300x225.jpg\" alt=\"T\u1ee7 b\u1ebfp nh\u00f4m c\u00e1nh k\u00ednh c\u01b0\u1eddng l\u1ef1c\" width=\"1200\" height=\"899\" \/><\/p>\n<p style=\"text-align: justify;\"><span style=\"font-weight: 300;\">S\u1ef1 k\u1ebft h\u1ee3p ho\u00e0n h\u1ea3o gi\u1eefa khung nh\u00f4m, t\u1ea5m alu v\u00e0 k\u00ednh an to\u00e0n trong t\u1ee7 nh\u00f4m k\u00ednh \u0111\u1ea3m b\u1ea3o \u0111\u1ed9 b\u1ec1n cao v\u00e0 kh\u1ea3 n\u0103ng ch\u1ed1ng oxi h\u00f3a, \u0103n m\u00f2n t\u1ed1t. V\u1edbi ch\u1ea5t li\u1ec7u ch\u1ecdn l\u1ecdc, s\u1ea3n ph\u1ea9m mang l\u1ea1i s\u1ef1 tin t\u01b0\u1edfng v\u00e0 an t\u00e2m cho ng\u01b0\u1eddi s\u1eed d\u1ee5ng. \u0110\u1eb7c bi\u1ec7t, s\u1ef1 \u0111a d\u1ea1ng trong l\u1ef1a ch\u1ecdn m\u00e0u s\u1eafc nh\u01b0 m\u00e0u tr\u00e0, xanh bi\u1ec3n, \u0111\u1ecf \u0111\u00f4&#8230; gi\u00fap b\u1ea1n d\u1ec5 d\u00e0ng t\u1ea1o \u0111i\u1ec3m nh\u1ea5n v\u00e0 phong c\u00e1ch ri\u00eang cho kh\u00f4ng gian s\u1ed1ng c\u1ee7a m\u00ecnh. \u0110\u1ebfn v\u1edbi ch\u00fang t\u00f4i \u0111\u1ec3 kh\u00e1m ph\u00e1 b\u1ed9 s\u01b0u t\u1eadp t\u1ee7 nh\u00f4m k\u00ednh \u0111a d\u1ea1ng v\u00e0 ch\u1ea5t l\u01b0\u1ee3ng!<\/span><\/p>\n<h3 style=\"text-align: justify;\"><strong>4.2 T\u1ee7 b\u1ebfp nh\u00f4m n\u1ed9i th\u1ea5t Omega<\/strong><\/h3>\n<p><img loading=\"lazy\" decoding=\"async\" class=\"aligncenter wp-image-2418\" src=\"https:\/\/nhatnam.org\/wp-content\/uploads\/2024\/12\/mau-tu-nhom-gia-go-3-300x224.jpg\" alt=\"T\u1ee7 b\u1ebfp nh\u00f4m c\u00e1nh k\u00ednh c\u01b0\u1eddng l\u1ef1c\" width=\"1200\" height=\"896\" \/><\/p>\n<p style=\"text-align: justify;\"><span style=\"font-weight: 300;\">D\u00f2ng s\u1ea3n ph\u1ea9m t\u1ee7 b\u1ebfp gi\u1ea3 g\u1ed7, hay c\u00f2n \u0111\u01b0\u1ee3c bi\u1ebft \u0111\u1ebfn v\u1edbi t\u00ean g\u1ecdi &#8220;t\u1ee7 nh\u00f4m Omega&#8221;, \u0111\u00e3 xu\u1ea5t hi\u1ec7n v\u00e0i n\u0103m tr\u1edf l\u1ea1i \u0111\u00e2y tr\u00ean th\u1ecb tr\u01b0\u1eddng, mang l\u1ea1i s\u1ef1 sang tr\u1ecdng v\u00e0 hi\u1ec7n \u0111\u1ea1i v\u1edbi ngu\u1ed3n g\u1ed1c xu\u1ea5t x\u1ee9 t\u1eeb Ch\u00e2u \u00c2u. So v\u1edbi t\u1ee7 b\u1ebfp g\u1ed7, t\u1ee7 nh\u00f4m Omega kh\u00f4ng ch\u1ec9 c\u00f3 gi\u00e1 th\u00e0nh r\u1ebb h\u01a1n m\u00e0 c\u00f2n \u0111\u1ea3m b\u1ea3o \u0111\u1ed9 b\u1ec1n v\u00e0 ch\u1ea5t l\u01b0\u1ee3ng cao h\u01a1n. Tuy nhi\u00ean, so v\u1edbi t\u1ee7 nh\u00f4m k\u00ednh v\u00e2n g\u1ed7 s\u01a1n t\u0129nh \u0111i\u1ec7n, t\u1ee7 nh\u00f4m Omega c\u00f3 gi\u00e1 th\u00e0nh cao h\u01a1n m\u1ed9t ch\u00fat nh\u01b0ng l\u1ea1i mang l\u1ea1i s\u1ef1 b\u1ec1n b\u1ec9 v\u00e0 \u0111\u1ed9 ch\u1eafc ch\u1eafn \u0111\u00e1ng tin c\u1eady.<\/span><\/p>\n<h3 style=\"text-align: justify;\"><strong>4.3 T\u1ee7 b\u1ebfp nh\u00f4m s\u01a1n t\u0129nh \u0111i\u1ec7n<\/strong><\/h3>\n<p><img loading=\"lazy\" decoding=\"async\" class=\"aligncenter wp-image-2388\" src=\"https:\/\/nhatnam.org\/wp-content\/uploads\/2024\/12\/z6148408814130_29b1dfeb5ddab31f2ea4dee5e215e134-300x225.jpg\" alt=\"T\u1ee7 b\u1ebfp nh\u00f4m c\u00e1nh k\u00ednh c\u01b0\u1eddng l\u1ef1c\" width=\"1200\" height=\"901\" \/><\/p>\n<p style=\"text-align: justify;\"><span style=\"font-weight: 300;\">T\u1ee7 b\u1ebfp nh\u00f4m c\u00e1nh k\u00ednh s\u01a1n t\u0129nh \u0111i\u1ec7n l\u00e0 s\u1ef1 k\u1ebft h\u1ee3p ho\u00e0n h\u1ea3o gi\u1eefa khung nh\u00f4m phun s\u01a1n t\u0129nh \u0111i\u1ec7n v\u00e0 c\u00e1c t\u1ea5m nh\u00f4m ch\u1eafc ch\u1eafn. V\u1edbi gi\u00e1 c\u1ea3 ph\u1ea3i ch\u0103ng, s\u1ea3n ph\u1ea9m n\u00e0y l\u00e0 l\u1ef1a ch\u1ecdn l\u00fd t\u01b0\u1edfng cho nh\u1eefng kh\u00e1ch h\u00e0ng c\u00f3 ng\u00e2n s\u00e1ch h\u1ea1n ch\u1ebf nh\u01b0ng v\u1eabn mu\u1ed1n t\u1eadn h\u01b0\u1edfng s\u1ef1 ti\u1ec7n nghi v\u00e0 \u0111\u1eb3ng c\u1ea5p c\u1ee7a t\u1ee7 v\u00e0 k\u1ec7 b\u1ebfp nh\u00f4m k\u00ednh.<\/span><\/p>\n<h3 style=\"text-align: justify;\"><strong>4.4 T\u1ee7 b\u1ebfp h\u1ee3p kim nh\u00f4m<\/strong><\/h3>\n<p><img loading=\"lazy\" decoding=\"async\" class=\"aligncenter wp-image-2384\" src=\"https:\/\/nhatnam.org\/wp-content\/uploads\/2024\/12\/z6148408648396_59894e0627e9c17fb82c0ade163d5c38-300x135.jpg\" alt=\"T\u1ee7 b\u1ebfp nh\u00f4m c\u00e1nh k\u00ednh c\u01b0\u1eddng l\u1ef1c\" width=\"1200\" height=\"540\" \/><\/p>\n<p style=\"text-align: justify;\"><span style=\"font-weight: 300;\">T\u1ee7 b\u1ebfp h\u1ee3p kim nh\u00f4m c\u00e1nh k\u00ednh \u00e0 l\u1ef1a ch\u1ecdn cao c\u1ea5p v\u00e0 \u0111\u1eb3ng c\u1ea5p nh\u1ea5t trong c\u00e1c lo\u1ea1i t\u1ee7 b\u1ebfp nh\u00f4m k\u00ednh. V\u1edbi kh\u1ea3 n\u0103ng ch\u1ed1ng n\u01b0\u1edbc l\u00ean \u0111\u1ebfn 100% v\u00e0 \u0111\u1ed9 b\u1ec1n r\u1ea5t cao, s\u1ea3n ph\u1ea9m n\u00e0y mang l\u1ea1i s\u1ef1 tin t\u01b0\u1edfng v\u00e0 an t\u00e2m cho ng\u01b0\u1eddi s\u1eed d\u1ee5ng. V\u1edbi v\u1ebb ngo\u00e0i sang tr\u1ecdng v\u00e0 \u0111\u1eb3ng c\u1ea5p, t\u1ee7 b\u1ebfp h\u1ee3p kim nh\u00f4m s\u1ebd l\u00e0 \u0111i\u1ec3m nh\u1ea5n \u1ea5n t\u01b0\u1ee3ng cho c\u0103n b\u1ebfp c\u1ee7a b\u1ea1n, t\u1ea1o n\u00ean kh\u00f4ng gian s\u1ed1ng \u0111\u1eb3ng c\u1ea5p v\u00e0 hi\u1ec7n \u0111\u1ea1i. \u0110\u1eebng ng\u1ea7n ng\u1ea1i li\u00ean h\u1ec7 v\u1edbi ch\u00fang t\u00f4i ngay \u0111\u1ec3 \u0111\u01b0\u1ee3c t\u01b0 v\u1ea5n v\u00e0 l\u1eafp \u0111\u1eb7t t\u1ee7 b\u1ebfp h\u1ee3p kim nh\u00f4m ch\u1ea5t l\u01b0\u1ee3ng nh\u1ea5t!<\/span><\/p>\n<h2 style=\"text-align: justify;\"><strong>5. B\u00e1o gi\u00e1 t\u1ee7 b\u1ebfp nh\u00f4m c\u00e1nh k\u00ednh c\u01b0\u1eddng l\u1ef1c m\u1edbi nh\u1ea5t<\/strong><\/h2>\n<p style=\"text-align: justify;\"><span style=\"font-weight: 300;\">V\u1edbi \u0111a d\u1ea1ng m\u1ee9c gi\u00e1 v\u00e0 c\u00e1c y\u1ebfu t\u1ed1 nh\u01b0 h\u1ec7 nh\u00f4m, \u0111\u1ed9 d\u00e0y k\u00ednh, t\u1ee7 b\u1ebfp nh\u00f4m k\u00ednh \u0111\u00e1p \u1ee9ng nhu c\u1ea7u c\u1ee7a m\u1ecdi kh\u00e1ch h\u00e0ng. \u0110\u1eebng ch\u1ea7n ch\u1eeb, h\u00e3y g\u1ecdi ngay v\u00e0o s\u1ed1 hotline c\u1ee7a N\u1ed9i Th\u1ea5t Nh\u1ea5t Nam \u0111\u1ec3 nh\u1eadn \u0111\u01b0\u1ee3c nh\u1eefng \u01b0u \u0111\u00e3i \u0111\u1eb7c bi\u1ec7t nh\u1ea5t trong n\u0103m cho d\u1ef1 \u00e1n l\u1eafp \u0111\u1eb7t t\u1ee7 b\u1ebfp c\u1ee7a b\u1ea1n. Ch\u00fang t\u00f4i cam k\u1ebft mang \u0111\u1ebfn s\u1ef1 h\u00e0i l\u00f2ng v\u00e0 ti\u1ec7n \u00edch t\u1ed1i \u0111a cho kh\u00e1ch h\u00e0ng!<\/span><\/p>\n","protected":false},"excerpt":{"rendered":"<p style=\"text-align: justify;\">T\u1ee7 b\u1ebfp nh\u00f4m c\u00e1nh k\u00ednh c\u01b0\u1eddng l\u1ef1c l\u00e0 l\u1ef1a ch\u1ecdn l\u00fd t\u01b0\u1edfng cho nh\u1eefng ai t\u00ecm ki\u1ebfm s\u1ef1 b\u1ec1n b\u1ec9 v\u00e0 v\u1ebb \u0111\u1eb9p tinh t\u1ebf cho gian b\u1ebfp. V\u1edbi khung nh\u00f4m ch\u1eafc ch\u1eafn k\u1ebft h\u1ee3p k\u00ednh c\u01b0\u1eddng l\u1ef1c ch\u1ed1ng tr\u1ea7y x\u01b0\u1edbc v\u00e0 ch\u1ecbu l\u1ef1c t\u1ed1t, s\u1ea3n ph\u1ea9m \u0111\u1ea3m b\u1ea3o t\u00ednh an to\u00e0n v\u00e0 \u0111\u1ed9 b\u1ec1n cao trong qu\u00e1 tr\u00ecnh s\u1eed d\u1ee5ng. T\u1ee7 b\u1ebfp nh\u00f4m c\u00e1nh k\u00ednh c\u01b0\u1eddng l\u1ef1c kh\u00f4ng ch\u1ec9 \u0111a d\u1ea1ng v\u1ec1 ki\u1ec3u d\u00e1ng, m\u00e0u s\u1eafc m\u00e0 c\u00f2n ph\u00f9 h\u1ee3p v\u1edbi nhi\u1ec1u phong c\u00e1ch thi\u1ebft k\u1ebf n\u1ed9i th\u1ea5t, t\u1eeb hi\u1ec7n \u0111\u1ea1i \u0111\u1ebfn t\u1ed1i gi\u1ea3n, mang \u0111\u1ebfn kh\u00f4ng gian b\u1ebfp sang tr\u1ecdng v\u00e0 ti\u1ec7n nghi v\u01b0\u1ee3t tr\u1ed9i.<\/p>\n","protected":false},"featured_media":1245,"comment_status":"open","ping_status":"closed","template":"","meta":{"_acf_changed":false,"_gspb_post_css":""},"book-author":[],"product_brand":[],"product_cat":[113,117],"product_tag":[],"class_list":{"0":"post-1335","1":"product","2":"type-product","3":"status-publish","4":"has-post-thumbnail","6":"product_cat-tu-bep-nhom","7":"product_cat-tu-bep-nhom-canh-kinh","9":"first","10":"instock","11":"shipping-taxable","12":"product-type-simple"},"acf":[],"_links":{"self":[{"href":"https:\/\/nhatnam.libion.me\/index.php\/wp-json\/wp\/v2\/product\/1335","targetHints":{"allow":["GET"]}}],"collection":[{"href":"https:\/\/nhatnam.libion.me\/index.php\/wp-json\/wp\/v2\/product"}],"about":[{"href":"https:\/\/nhatnam.libion.me\/index.php\/wp-json\/wp\/v2\/types\/product"}],"replies":[{"embeddable":true,"href":"https:\/\/nhatnam.libion.me\/index.php\/wp-json\/wp\/v2\/comments?post=1335"}],"wp:featuredmedia":[{"embeddable":true,"href":"https:\/\/nhatnam.libion.me\/index.php\/wp-json\/wp\/v2\/media\/1245"}],"wp:attachment":[{"href":"https:\/\/nhatnam.libion.me\/index.php\/wp-json\/wp\/v2\/media?parent=1335"}],"wp:term":[{"taxonomy":"book-author","embeddable":true,"href":"https:\/\/nhatnam.libion.me\/index.php\/wp-json\/wp\/v2\/book-author?post=1335"},{"taxonomy":"product_brand","embeddable":true,"href":"https:\/\/nhatnam.libion.me\/index.php\/wp-json\/wp\/v2\/product_brand?post=1335"},{"taxonomy":"product_cat","embeddable":true,"href":"https:\/\/nhatnam.libion.me\/index.php\/wp-json\/wp\/v2\/product_cat?post=1335"},{"taxonomy":"product_tag","embeddable":true,"href":"https:\/\/nhatnam.libion.me\/index.php\/wp-json\/wp\/v2\/product_tag?post=1335"}],"curies":[{"name":"wp","href":"https:\/\/api.w.org\/{rel}","templated":true}]}}