{"id":1319,"date":"2026-04-07T10:04:42","date_gmt":"2026-04-07T10:04:42","guid":{"rendered":"https:\/\/nhatnam.libion.me\/index.php\/product\/tu-bep-inox-canh-kinh-he-chong-bam-van-tay\/"},"modified":"2026-04-07T10:04:48","modified_gmt":"2026-04-07T10:04:48","slug":"tu-bep-inox-canh-kinh-he-chong-bam-van-tay","status":"publish","type":"product","link":"https:\/\/nhatnam.libion.me\/index.php\/product\/tu-bep-inox-canh-kinh-he-chong-bam-van-tay\/","title":{"rendered":"T\u1ee7 B\u1ebfp Inox C\u00e1nh K\u00ednh H\u1ec7 Ch\u1ed1ng B\u00e1m V\u00e2n Tay"},"content":{"rendered":"<p style=\"text-align: justify;\">T\u1ee7 b\u1ebfp inox c\u00e1nh k\u00ednh h\u1ec7 ch\u1ed1ng b\u00e1m v\u00e2n tay l\u00e0 gi\u1ea3i ph\u00e1p l\u00fd t\u01b0\u1edfng cho kh\u00f4ng gian b\u1ebfp hi\u1ec7n \u0111\u1ea1i. V\u1edbi kh\u1ea3 n\u0103ng ch\u1ed1ng b\u00e1m v\u00e2n tay, d\u1ea7u m\u1ee1 v\u00e0 b\u1ee5i b\u1ea9n, s\u1ea3n ph\u1ea9m n\u00e0y kh\u00f4ng ch\u1ec9 gi\u00fap gi\u1eef b\u1ec1 m\u1eb7t lu\u00f4n s\u1ea1ch s\u1ebd m\u00e0 c\u00f2n n\u00e2ng cao t\u00ednh th\u1ea9m m\u1ef9 cho c\u0103n b\u1ebfp.<\/p>\n<h2 style=\"text-align: justify;\"><b>1. T\u1ee7 b\u1ebfp inox c\u00e1nh k\u00ednh h\u1ec7 ch\u1ed1ng v\u00e2n tay l\u00e0 g\u00ec?<\/b><\/h2>\n<p><img loading=\"lazy\" decoding=\"async\" class=\"aligncenter wp-image-2587\" src=\"https:\/\/nhatnam.org\/wp-content\/uploads\/2024\/12\/image2-300x225.png\" alt=\"T\u1ee7 B\u1ebfp Inox C\u00e1nh K\u00ednh H\u1ec7 Ch\u1ed1ng B\u00e1m V\u00e2n Tay\" width=\"1200\" height=\"900\" \/><\/p>\n<p style=\"text-align: justify;\"><span style=\"font-weight: 400;\">T\u1ee7 b\u1ebfp inox c\u00e1nh k\u00ednh h\u1ec7 ch\u1ed1ng v\u00e2n tay l\u00e0 lo\u1ea1i t\u1ee7 \u0111\u01b0\u1ee3c l\u00e0m t\u1eeb ch\u1ea5t li\u1ec7u inox <\/span><span style=\"font-weight: 400;\">v\u00f4 c\u00f9ng \u0111\u1eb7c bi\u1ec7t c\u00f3 t\u00ednh n\u0103ng ch\u1ed1ng b\u00e1m m\u1ed3 h\u00f4i <\/span><span style=\"font-weight: 400;\">\u0111i\u1ec1u n\u00e0y \u0111\u1ea3m b\u1ea3o r\u1eb1ng b\u1ec1 m\u1eb7t c\u1ee7a t\u1ee7 kh\u00f4ng b\u1ecb d\u00ednh v\u00e0 hi\u1ec3n th\u1ecb d\u1ea5u v\u00e2n tay sau khi s\u1eed d\u1ee5ng, gi\u1eef cho t\u1ee7 lu\u00f4n s\u1ea1ch s\u1ebd v\u00e0 b\u1ec1n b\u1ec9.<\/span><\/p>\n<p>[block id=&#8221;7478&#8243;]<\/p>\n<h2 style=\"text-align: justify;\"><b>2. C\u1ea5u t\u1ea1o c\u1ee7a t\u1ee7 b\u1ebfp inox c\u00e1nh k\u00ednh h\u1ec7 ch\u1ed1ng v\u00e2n tay<\/b><\/h2>\n<p><img loading=\"lazy\" decoding=\"async\" class=\"aligncenter wp-image-2590\" src=\"https:\/\/nhatnam.org\/wp-content\/uploads\/2024\/12\/image5-300x225.png\" alt=\"T\u1ee7 B\u1ebfp Inox C\u00e1nh K\u00ednh H\u1ec7 Ch\u1ed1ng B\u00e1m V\u00e2n Tay\" width=\"1200\" height=\"900\" \/><\/p>\n<p style=\"text-align: justify;\"><span style=\"font-weight: 400;\">C\u1ea5u t\u1ea1o c\u1ee7a t\u1ee7 b\u1ebfp inox c\u00e1nh k\u00ednh h\u1ec7 ch\u1ed1ng b\u00e1m v\u00e2n tay th\u01b0\u1eddng bao g\u1ed3m c\u00e1c y\u1ebfu t\u1ed1 sau:<\/span><\/p>\n<ul style=\"text-align: justify;\">\n<li style=\"font-weight: 400;\" aria-level=\"1\"><span style=\"font-weight: 400;\">T\u1ea5m inox ch\u1ed1ng v\u00e2n tay: T\u1ee7 b\u1ebfp \u0111\u01b0\u1ee3c l\u00e0m t\u1eeb inox 304 ho\u1eb7c inox 316, l\u00e0 lo\u1ea1i v\u1eadt li\u1ec7u kh\u00f4ng g\u1ec9 c\u00f3 kh\u1ea3 n\u0103ng ch\u1ed1ng b\u00e1m v\u00e2n tay v\u00e0 d\u1ec5 d\u00e0ng lau ch\u00f9i.<\/span><\/li>\n<li style=\"font-weight: 400;\" aria-level=\"1\"><span style=\"font-weight: 400;\">L\u1edbp ph\u1ee7 ch\u1ed1ng b\u00e1m v\u00e2n tay: B\u1ec1 m\u1eb7t c\u1ee7a t\u1ee7 b\u1ebfp inox th\u01b0\u1eddng \u0111\u01b0\u1ee3c ph\u1ee7 m\u1ed9t l\u1edbp ch\u1ea5t li\u1ec7u \u0111\u1eb7c bi\u1ec7t, gi\u00fap ng\u0103n ch\u1eb7n v\u00e2n tay v\u00e0 d\u1ea5u v\u1ebft b\u00e1m, \u0111\u1ed3ng th\u1eddi b\u1ea3o v\u1ec7 b\u1ec1 m\u1eb7t kh\u1ecfi m\u00e0i m\u00f2n v\u00e0 \u1ed1 b\u1ea9n.<\/span><\/li>\n<li style=\"font-weight: 400;\" aria-level=\"1\"><span style=\"font-weight: 400;\">Khung c\u1ea5u tr\u00fac: Th\u01b0\u1eddng \u0111\u01b0\u1ee3c l\u00e0m t\u1eeb th\u00e9p v\u00e0 \u0111\u01b0\u1ee3c gia c\u00f4ng ch\u00ednh x\u00e1c \u0111\u1ec3 t\u1ea1o ra khung c\u1ea5u tr\u00fac ch\u1eafc ch\u1eafn v\u00e0 \u1ed5n \u0111\u1ecbnh cho t\u1ee7.<\/span><\/li>\n<li style=\"font-weight: 400;\" aria-level=\"1\"><span style=\"font-weight: 400;\">C\u00e1nh c\u1eeda: T\u1ee7 b\u1ebfp inox c\u00e1nh k\u00ednh h\u1ec7 ch\u1ed1ng v\u00e2n tay th\u01b0\u1eddng c\u00f3 c\u00e1c c\u00e1nh c\u1eeda m\u1edf v\u00e0 \u0111\u00f3ng b\u1eb1ng t\u1ea5m inox, \u0111\u01b0\u1ee3c thi\u1ebft k\u1ebf \u0111\u1ec3 m\u1edf ra ho\u1eb7c \u0111\u00f3ng l\u1ea1i m\u1ed9t c\u00e1ch d\u1ec5 d\u00e0ng\u00a0<\/span><\/li>\n<li style=\"font-weight: 400;\" aria-level=\"1\"><span style=\"font-weight: 400;\">Thi\u1ebft k\u1ebf b\u1ec1 m\u1eb7t m\u1ecbn m\u00e0ng: B\u1ec1 m\u1eb7t c\u1ee7a t\u1ee7 inox \u0111\u01b0\u1ee3c gia c\u00f4ng m\u1ecbn m\u00e0ng v\u00e0 kh\u00f4ng c\u00f3 c\u00e1c khe h\u1edf, gi\u00fap ng\u0103n ch\u1eb7n b\u1ee5i b\u1ea9n v\u00e0 d\u1ea5u v\u00e2n tay d\u1ec5 d\u00e0ng b\u00e1m v\u00e0o.<\/span><\/li>\n<li style=\"font-weight: 400;\" aria-level=\"1\"><span style=\"font-weight: 400;\">Tay n\u1eafm v\u00e0 ph\u1ee5 ki\u1ec7n ch\u1ed1ng v\u00e2n tay: C\u00e1c ph\u1ee5 ki\u1ec7n nh\u01b0 tay n\u1eafm v\u00e0 c\u00e1nh t\u1ee7 \u0111\u01b0\u1ee3c thi\u1ebft k\u1ebf sao cho kh\u00f4ng g\u00e2y ra d\u1ea5u v\u00e2n tay khi s\u1eed d\u1ee5ng, t\u0103ng t\u00ednh th\u1ea9m m\u1ef9 v\u00e0 s\u1ef1 ti\u1ec7n d\u1ee5ng cho t\u1ee7 b\u1ebfp.<\/span><\/li>\n<li style=\"font-weight: 400;\" aria-level=\"1\"><span style=\"font-weight: 400;\">Ph\u1ee5 ki\u1ec7n v\u00e0 b\u1ed9 ch\u00e2n \u0111\u1ebf: Bao g\u1ed3m c\u00e1c ph\u1ee5 ki\u1ec7n nh\u01b0 tay n\u1eafm c\u1eeda, ray tr\u01b0\u1ee3t, b\u1ea3n l\u1ec1, kh\u00f3a c\u1eeda, v.v., gi\u00fap t\u0103ng t\u00ednh ti\u1ec7n \u00edch v\u00e0 s\u1eed d\u1ee5ng d\u1ec5 d\u00e0ng c\u1ee7a t\u1ee7. B\u1ed9 ch\u00e2n \u0111\u1ebf gi\u00fap n\u00e2ng t\u1ee7 l\u00ean kh\u1ecfi m\u1eb7t \u0111\u1ea5t, tr\u00e1nh ti\u1ebfp x\u00fac tr\u1ef1c ti\u1ebfp v\u1edbi n\u01b0\u1edbc v\u00e0 b\u1ee5i b\u1ea9n.<\/span><\/li>\n<li style=\"font-weight: 400;\" aria-level=\"1\"><span style=\"font-weight: 400;\">\u0110\u1ec7m cao su: \u0110\u01b0\u1ee3c s\u1eed d\u1ee5ng \u0111\u1ec3 gi\u1ea3m ti\u1ebfng \u1ed3n v\u00e0 l\u00e0m gi\u1ea3m va \u0111\u1eadp khi \u0111\u00f3ng m\u1edf c\u00e1nh c\u1eeda.<\/span><\/li>\n<li style=\"font-weight: 400;\" aria-level=\"1\"><span style=\"font-weight: 400;\">C\u00e1c b\u1ed9 ph\u1eadn k\u1ebft n\u1ed1i: G\u1ed3m bulong, \u1ed1c v\u00edt v\u00e0 c\u00e1c lo\u1ea1i ph\u1ee5 ki\u1ec7n kh\u00e1c \u0111\u01b0\u1ee3c s\u1eed d\u1ee5ng \u0111\u1ec3 l\u1eafp r\u00e1p v\u00e0 k\u1ebft n\u1ed1i c\u00e1c th\u00e0nh ph\u1ea7n c\u1ee7a t\u1ee7 v\u1edbi nhau m\u1ed9t c\u00e1ch ch\u1eafc ch\u1eafn.<\/span><\/li>\n<\/ul>\n<p style=\"text-align: justify;\"><span style=\"font-weight: 400;\">Nh\u1eefng y\u1ebfu t\u1ed1 tr\u00ean c\u00f9ng nhau t\u1ea1o n\u00ean m\u1ed9t c\u1ea5u tr\u00fac t\u1ee7 b\u1ebfp inox c\u00e1nh k\u00ednh h\u1ec7 ch\u1ed1ng b\u00e1m v\u00e2n tay, mang l\u1ea1i s\u1ef1 ti\u1ec7n \u00edch v\u00e0 th\u1ea9m m\u1ef9 cho kh\u00f4ng gian b\u1ebfp.<\/span><\/p>\n<p>[block id=&#8221;7478&#8243;]<\/p>\n<h2 style=\"text-align: justify;\"><b>3. L\u00fd do n\u00ean l\u1ef1a ch\u1ecdn t\u1ee7 b\u1ebfp inox c\u00e1nh k\u00ednh h\u1ec7 ch\u1ed1ng v\u00e2n tay<\/b><\/h2>\n<p><img loading=\"lazy\" decoding=\"async\" class=\"aligncenter wp-image-2589\" src=\"https:\/\/nhatnam.org\/wp-content\/uploads\/2024\/12\/image4-1-300x167.png\" alt=\"T\u1ee7 B\u1ebfp Inox C\u00e1nh K\u00ednh H\u1ec7 Ch\u1ed1ng B\u00e1m V\u00e2n Tay\" width=\"1200\" height=\"667\" \/><\/p>\n<ul style=\"text-align: justify;\">\n<li style=\"font-weight: 400;\" aria-level=\"1\"><span style=\"font-weight: 400;\">\u0110\u1ed9 b\u1ec1n cao: T\u1ee7 b\u1ebfp Inox ch\u1ed1ng v\u00e2n tay \u0111\u01b0\u1ee3c gia c\u00f4ng b\u1eb1ng c\u00f4ng ngh\u1ec7 m\u1ea1 m\u00e0u PVD ph\u1ee7 Nano, t\u1ea1o ra l\u1edbp m\u00e0n b\u1ea3o v\u1ec7 gi\u00fap t\u0103ng \u0111\u1ed9 b\u1ec1n \u0111\u00e1ng k\u1ec3.\u00a0<\/span><\/li>\n<li style=\"font-weight: 400;\" aria-level=\"1\"><span style=\"font-weight: 400;\">T\u00ednh th\u1ea9m m\u1ef9 cao: T\u1ee7 b\u1ebfp inox ch\u1ed1ng v\u00e2n tay mang l\u1ea1i v\u1ebb \u0111\u1eb9p hi\u1ec7n \u0111\u1ea1i v\u00e0 s\u00e1ng b\u00f3ng<\/span><\/li>\n<li style=\"font-weight: 400;\" aria-level=\"1\"><span style=\"font-weight: 400;\">D\u1ec5 v\u1ec7 sinh v\u00e0 duy tr\u00ec: Inox ch\u1ed1ng v\u00e2n tay kh\u00f4ng ch\u1ec9 ch\u1ed1ng th\u1ea5m h\u00fat m\u1ed3 h\u00f4i, d\u1ea7u m\u1ee1 v\u00e0 b\u1ee5i b\u1ea9n m\u00e0 c\u00f2n gi\u1eef b\u1ec1 m\u1eb7t lu\u00f4n s\u00e1ng b\u00f3ng v\u00e0 s\u1ea1ch s\u1ebd. Vi\u1ec7c v\u1ec7 sinh v\u00e0 b\u1ea3o d\u01b0\u1ee1ng tr\u1edf n\u00ean d\u1ec5 d\u00e0ng v\u00e0 nhanh ch\u00f3ng, gi\u00fap ti\u1ebft ki\u1ec7m th\u1eddi gian v\u00e0 chi ph\u00ed.<\/span><\/li>\n<li style=\"font-weight: 400;\" aria-level=\"1\"><span style=\"font-weight: 400;\">An to\u00e0n v\u00e0 th\u00e2n thi\u1ec7n v\u1edbi m\u00f4i tr\u01b0\u1eddng: V\u1eadt li\u1ec7u inox m\u1ea1 m\u00e0u ch\u1ed1ng v\u00e2n tay kh\u00f4ng ch\u1ec9 an to\u00e0n v\u00e0 kh\u00f4ng \u0111\u1ed9c h\u1ea1i m\u00e0 c\u00f2n ch\u1ed1ng n\u1ea5m m\u1ed1c v\u00e0 th\u00e2n thi\u1ec7n v\u1edbi m\u00f4i tr\u01b0\u1eddng.<\/span><\/li>\n<li style=\"font-weight: 400;\" aria-level=\"1\"><span style=\"font-weight: 400;\">Ti\u1ebft ki\u1ec7m th\u1eddi gian v\u00e0 chi ph\u00ed: \u0110\u1ed9 b\u1ec1n cao v\u00e0 t\u00ednh th\u1ea9m m\u1ef9 t\u1ed1t c\u1ee7a inox ch\u1ed1ng v\u00e2n tay gi\u00fap ti\u1ebft ki\u1ec7m th\u1eddi gian v\u00e0 chi ph\u00ed b\u1ea3o d\u01b0\u1ee1ng, l\u00e0m s\u1ea1ch v\u00e0 duy tr\u00ec s\u1ea3n ph\u1ea9m.<\/span><\/li>\n<li style=\"font-weight: 400;\" aria-level=\"1\"><span style=\"font-weight: 400;\">\u0110a d\u1ea1ng m\u00e0u s\u1eafc v\u00e0 phi\u00ean b\u1ea3n: C\u00f3 nhi\u1ec1u m\u00e0u s\u1eafc v\u00e0 phi\u00ean b\u1ea3n \u0111\u1ec3 l\u1ef1a ch\u1ecdn, t\u1eeb inox m\u1ea1 m\u00e0u x\u00e1m, xanh, \u0111\u1ecf, v\u00e0ng \u0111\u1ebfn c\u00e1c lo\u1ea1i inox x\u01b0\u1edbc, m\u1edd, s\u1ecdc, t\u1ea1o ra s\u1ef1 linh ho\u1ea1t v\u00e0 phong ph\u00fa trong thi\u1ebft k\u1ebf kh\u00f4ng gian b\u1ebfp.<\/span><\/li>\n<\/ul>\n<h2 style=\"text-align: justify;\"><b>4. B\u1ea3ng gi\u00e1 t\u1ee7 b\u1ebfp Inox c\u00e1nh k\u00ednh h\u1ec7 ch\u1ed1ng v\u00e2n tay<\/b><\/h2>\n<p style=\"text-align: justify;\"><span style=\"font-weight: 400;\">B\u00ean c\u1ea1nh m\u1eabu m\u00e3, ch\u1ea5t l\u01b0\u1ee3ng s\u1ea3n ph\u1ea9m th\u00ec m\u1ee9c gi\u00e1 c\u1ee7a t\u1ee7 b\u1ebfp inox c\u0169ng l\u00e0 m\u1ed1i quan t\u00e2m h\u00e0ng \u0111\u1ea7u c\u1ee7a h\u1ea7u h\u1ebft gia ch\u1ee7. Tuy nhi\u00ean, tr\u00ean th\u1ef1c t\u1ebf, gi\u00e1 c\u1ee7a t\u1ee7 b\u1ebfp s\u1ebd kh\u00f4ng c\u1ed1 \u0111\u1ecbnh. N\u00f3 ph\u1ee5 thu\u1ed9c ph\u1ea7n l\u1edbn v\u00e0o nhu c\u1ea7u s\u1eed d\u1ee5ng c\u1ee7a m\u1ed7i kh\u00e1ch h\u00e0ng.<\/span><\/p>\n<p style=\"text-align: justify;\"><span style=\"font-weight: 400;\">H\u00e3y li\u00ean h\u1ec7 v\u1edbi Nh\u1ea5t Nam ngay \u0111\u1ec3 nh\u1eadn \u0111\u01b0\u1ee3c b\u00e1o gi\u00e1 chi ti\u1ebft v\u00e0 \u01b0u \u0111\u00e3i nh\u1ea5t nh\u00e9 !<\/span><\/p>\n<p>[block id=&#8221;7478&#8243;]<\/p>\n<h2 style=\"text-align: justify;\"><b>5. M\u1ed9t s\u1ed1 m\u1eabu t\u1ee7 b\u1ebfp Inox c\u00e1nh k\u00ednh<\/b><\/h2>\n<p style=\"text-align: justify;\"><span style=\"font-weight: 400;\">C\u00f3 nhi\u1ec1u lo\u1ea1i t\u1ee7 b\u1ebfp ch\u1ed1ng b\u00e1m v\u00e2n tay c\u00f3 s\u1eb5n tr\u00ean th\u1ecb tr\u01b0\u1eddng, t\u1eeb c\u00e1c m\u1eabu thi\u1ebft k\u1ebf hi\u1ec7n \u0111\u1ea1i \u0111\u1ebfn c\u1ed5 \u0111i\u1ec3n, \u0111\u00e1p \u1ee9ng nhu c\u1ea7u v\u00e0 phong c\u00e1ch s\u1ed1ng c\u1ee7a m\u1ecdi gia \u0111\u00ecnh.<\/span><\/p>\n<figure id=\"attachment_2592\" aria-describedby=\"caption-attachment-2592\" style=\"width: 1200px\" class=\"wp-caption aligncenter\"><img loading=\"lazy\" decoding=\"async\" class=\"wp-image-2592\" src=\"https:\/\/nhatnam.org\/wp-content\/uploads\/2024\/12\/image1-1-300x225.png\" alt=\"T\u1ee7 B\u1ebfp Inox C\u00e1nh K\u00ednh H\u1ec7 Ch\u1ed1ng B\u00e1m V\u00e2n Tay\" width=\"1200\" height=\"899\" \/><figcaption id=\"caption-attachment-2592\" class=\"wp-caption-text\">T\u1ee7 b\u1ebfp inox c\u00e1nh k\u00ednh<\/figcaption><\/figure>\n<figure id=\"attachment_2591\" aria-describedby=\"caption-attachment-2591\" style=\"width: 1200px\" class=\"wp-caption aligncenter\"><img loading=\"lazy\" decoding=\"async\" class=\"wp-image-2591\" src=\"https:\/\/nhatnam.org\/wp-content\/uploads\/2024\/12\/image6-300x169.png\" alt=\"T\u1ee7 B\u1ebfp Inox C\u00e1nh K\u00ednh H\u1ec7 Ch\u1ed1ng B\u00e1m V\u00e2n Tay\" width=\"1200\" height=\"675\" \/><figcaption id=\"caption-attachment-2591\" class=\"wp-caption-text\">T\u1ee7 b\u1ebfp inox c\u00e1nh nh\u1ef1a PVC ph\u1ee7 Laminate<\/figcaption><\/figure>\n<figure id=\"attachment_2588\" aria-describedby=\"caption-attachment-2588\" style=\"width: 1200px\" class=\"wp-caption aligncenter\"><img loading=\"lazy\" decoding=\"async\" class=\"wp-image-2588\" src=\"https:\/\/nhatnam.org\/wp-content\/uploads\/2024\/12\/image3-300x169.jpg\" alt=\"T\u1ee7 B\u1ebfp Inox C\u00e1nh K\u00ednh H\u1ec7 Ch\u1ed1ng B\u00e1m V\u00e2n Tay\" width=\"1200\" height=\"675\" \/><figcaption id=\"caption-attachment-2588\" class=\"wp-caption-text\">T\u1ee7 b\u1ebfp Inox c\u00f3 b\u00e0n b\u00e0n \u0111\u1ea3o<\/figcaption><\/figure>\n<figure id=\"attachment_7321\" aria-describedby=\"caption-attachment-7321\" style=\"width: 1200px\" class=\"wp-caption aligncenter\"><img loading=\"lazy\" decoding=\"async\" class=\"wp-image-7321\" src=\"https:\/\/nhatnam.org\/wp-content\/uploads\/2025\/07\/tu_bep_Nhat_Nam5.jpg\" alt=\"T\u1ee7 B\u1ebfp Inox C\u00e1nh K\u00ednh H\u1ec7 Ch\u1ed1ng B\u00e1m V\u00e2n Tay\" width=\"1200\" height=\"900\" \/><figcaption id=\"caption-attachment-7321\" class=\"wp-caption-text\">M\u1eabu t\u1ee7 b\u1ebfp Inox 304 c\u00e1nh k\u00ednh m\u00e0u xanh tay n\u1eafm CNC tr\u00e0n vi\u1ec1n \u0111\u1eb9p<\/figcaption><\/figure>\n<figure id=\"attachment_7328\" aria-describedby=\"caption-attachment-7328\" style=\"width: 1200px\" class=\"wp-caption aligncenter\"><img loading=\"lazy\" decoding=\"async\" class=\"wp-image-7328\" src=\"https:\/\/nhatnam.org\/wp-content\/uploads\/2025\/07\/tu_bep_Nhat_Nam12.jpg\" alt=\"T\u1ee7 B\u1ebfp Inox C\u00e1nh K\u00ednh H\u1ec7 Ch\u1ed1ng B\u00e1m V\u00e2n Tay\" width=\"1200\" height=\"900\" \/><figcaption id=\"caption-attachment-7328\" class=\"wp-caption-text\">M\u1eabu t\u1ee7 b\u1ebfp b\u1eb1ng Inox h\u00ecnh ch\u1eef I k\u1ebft h\u1ee3p t\u1ee7 r\u01b0\u1ee3u<\/figcaption><\/figure>\n<figure id=\"attachment_7318\" aria-describedby=\"caption-attachment-7318\" style=\"width: 1200px\" class=\"wp-caption aligncenter\"><img loading=\"lazy\" decoding=\"async\" class=\"wp-image-7318\" src=\"https:\/\/nhatnam.org\/wp-content\/uploads\/2025\/07\/tu_bep_Nhat_Nam2.jpg\" alt=\"T\u1ee7 B\u1ebfp Inox C\u00e1nh K\u00ednh H\u1ec7 Ch\u1ed1ng B\u00e1m V\u00e2n Tay\" width=\"1200\" height=\"900\" \/><figcaption id=\"caption-attachment-7318\" class=\"wp-caption-text\">M\u1eabu t\u1ee7 b\u1ebfp Inox c\u00e1nh k\u00ednh \u0111\u1eb9p, hi\u1ec7n \u0111\u1ea1i<\/figcaption><\/figure>\n<p>T\u1ee7 b\u1ebfp inox c\u00e1nh k\u00ednh h\u1ec7 ch\u1ed1ng b\u00e1m v\u00e2n tay kh\u00f4ng ch\u1ec9 mang \u0111\u1ebfn s\u1ef1 ti\u1ec7n \u00edch m\u00e0 c\u00f2n l\u00e0 \u0111i\u1ec3m nh\u1ea5n th\u1ea9m m\u1ef9 ho\u00e0n h\u1ea3o cho kh\u00f4ng gian b\u1ebfp hi\u1ec7n \u0111\u1ea1i.<\/p>\n<p>V\u1edbi nhi\u1ec1u n\u0103m kinh nghi\u1ec7m trong l\u0129nh v\u1ef1c thi\u1ebft k\u1ebf v\u00e0 thi c\u00f4ng t\u1ee7 b\u1ebfp inox c\u00e1nh k\u00ednh, N\u1ed9i th\u1ea5t Nh\u1ea5t Nam t\u1ef1 h\u00e0o l\u00e0 \u0111\u1ecba ch\u1ec9 \u0111\u00e1ng tin c\u1eady \u0111\u01b0\u1ee3c nhi\u1ec1u gia \u0111\u00ecnh l\u1ef1a ch\u1ecdn. Ch\u00fang t\u00f4i cam k\u1ebft mang \u0111\u1ebfn nh\u1eefng s\u1ea3n ph\u1ea9m ch\u1ea5t l\u01b0\u1ee3ng cao, tinh t\u1ebf trong t\u1eebng chi ti\u1ebft, \u0111\u1ea3m b\u1ea3o kh\u00f4ng gian b\u1ebfp c\u1ee7a b\u1ea1n lu\u00f4n \u0111\u1eb9p v\u00e0 ti\u1ec7n nghi.<\/p>\n<p>H\u00e3y \u0111\u1ec3 N\u1ed9i Th\u1ea5t Nh\u1ea5t Nam \u0111\u1ed3ng h\u00e0nh c\u00f9ng b\u1ea1n t\u1ea1o d\u1ef1ng m\u1ed9t c\u0103n b\u1ebfp ho\u00e0n h\u1ea3o, \u0111\u00e1p \u1ee9ng m\u1ecdi nhu c\u1ea7u v\u00e0 s\u1edf th\u00edch c\u1ee7a gia \u0111\u00ecnh b\u1ea1n!<\/p>\n<p>[block id=&#8221;7478&#8243;]<\/p>\n","protected":false},"excerpt":{"rendered":"<p style=\"text-align: justify;\">T\u1ee7 b\u1ebfp inox c\u00e1nh k\u00ednh h\u1ec7 ch\u1ed1ng b\u00e1m v\u00e2n tay l\u00e0 gi\u1ea3i ph\u00e1p l\u00fd t\u01b0\u1edfng cho kh\u00f4ng gian b\u1ebfp hi\u1ec7n \u0111\u1ea1i. V\u1edbi kh\u1ea3 n\u0103ng ch\u1ed1ng b\u00e1m v\u00e2n tay, d\u1ea7u m\u1ee1 v\u00e0 b\u1ee5i b\u1ea9n, s\u1ea3n ph\u1ea9m n\u00e0y kh\u00f4ng ch\u1ec9 gi\u00fap gi\u1eef b\u1ec1 m\u1eb7t lu\u00f4n s\u1ea1ch s\u1ebd m\u00e0 c\u00f2n n\u00e2ng cao t\u00ednh th\u1ea9m m\u1ef9 cho c\u0103n b\u1ebfp.<\/p>\n","protected":false},"featured_media":1207,"comment_status":"open","ping_status":"closed","template":"","meta":{"_acf_changed":false,"_gspb_post_css":""},"book-author":[],"product_brand":[],"product_cat":[109,112],"product_tag":[],"class_list":{"0":"post-1319","1":"product","2":"type-product","3":"status-publish","4":"has-post-thumbnail","6":"product_cat-tu-bep-inox","7":"product_cat-tu-bep-inox-canh-kinh","9":"first","10":"instock","11":"shipping-taxable","12":"product-type-simple"},"acf":[],"_links":{"self":[{"href":"https:\/\/nhatnam.libion.me\/index.php\/wp-json\/wp\/v2\/product\/1319","targetHints":{"allow":["GET"]}}],"collection":[{"href":"https:\/\/nhatnam.libion.me\/index.php\/wp-json\/wp\/v2\/product"}],"about":[{"href":"https:\/\/nhatnam.libion.me\/index.php\/wp-json\/wp\/v2\/types\/product"}],"replies":[{"embeddable":true,"href":"https:\/\/nhatnam.libion.me\/index.php\/wp-json\/wp\/v2\/comments?post=1319"}],"wp:featuredmedia":[{"embeddable":true,"href":"https:\/\/nhatnam.libion.me\/index.php\/wp-json\/wp\/v2\/media\/1207"}],"wp:attachment":[{"href":"https:\/\/nhatnam.libion.me\/index.php\/wp-json\/wp\/v2\/media?parent=1319"}],"wp:term":[{"taxonomy":"book-author","embeddable":true,"href":"https:\/\/nhatnam.libion.me\/index.php\/wp-json\/wp\/v2\/book-author?post=1319"},{"taxonomy":"product_brand","embeddable":true,"href":"https:\/\/nhatnam.libion.me\/index.php\/wp-json\/wp\/v2\/product_brand?post=1319"},{"taxonomy":"product_cat","embeddable":true,"href":"https:\/\/nhatnam.libion.me\/index.php\/wp-json\/wp\/v2\/product_cat?post=1319"},{"taxonomy":"product_tag","embeddable":true,"href":"https:\/\/nhatnam.libion.me\/index.php\/wp-json\/wp\/v2\/product_tag?post=1319"}],"curies":[{"name":"wp","href":"https:\/\/api.w.org\/{rel}","templated":true}]}}