{"id":1310,"date":"2026-04-07T10:04:23","date_gmt":"2026-04-07T10:04:23","guid":{"rendered":"https:\/\/nhatnam.libion.me\/index.php\/product\/tu-bep-inox-caro-1-lop-he-module\/"},"modified":"2026-04-07T10:04:23","modified_gmt":"2026-04-07T10:04:23","slug":"tu-bep-inox-caro-1-lop-he-module","status":"publish","type":"product","link":"https:\/\/nhatnam.libion.me\/index.php\/product\/tu-bep-inox-caro-1-lop-he-module\/","title":{"rendered":"T\u1ee7 B\u1ebfp Inox Caro 1 L\u1edbp H\u1ec7 Module"},"content":{"rendered":"<p style=\"text-align: justify;\"><span style=\"font-weight: 400;\">T\u1ee7 b\u1ebfp inox caro 1 l\u1edbp h\u1ec7 module l\u00e0 gi\u1ea3i ph\u00e1p l\u00fd t\u01b0\u1edfng cho kh\u00f4ng gian b\u1ebfp hi\u1ec7n \u0111\u1ea1i. V\u1edbi ch\u1ea5t li\u1ec7u inox ch\u1ea5t l\u01b0\u1ee3ng cao, s\u1ea3n ph\u1ea9m \u0111\u1ea3m b\u1ea3o kh\u1ea3 n\u0103ng ch\u1ed1ng \u0103n m\u00f2n, ch\u1ecbu l\u1ef1c t\u1ed1t v\u00e0 \u0111\u1ed9 b\u1ec1n d\u00e0i l\u00e2u. H\u1ec7 module linh ho\u1ea1t cho ph\u00e9p l\u1eafp \u0111\u1eb7t v\u00e0 thay \u0111\u1ed5i d\u1ec5 d\u00e0ng, \u0111\u00e1p \u1ee9ng m\u1ecdi nhu c\u1ea7u s\u1eed d\u1ee5ng. Thi\u1ebft k\u1ebf g\u1ecdn g\u00e0ng, hi\u1ec7n \u0111\u1ea1i kh\u00f4ng ch\u1ec9 t\u1ed1i \u01b0u h\u00f3a kh\u00f4ng gian m\u00e0 c\u00f2n mang l\u1ea1i s\u1ef1 ti\u1ec7n l\u1ee3i v\u00e0 v\u1ebb \u0111\u1eb9p th\u1ea9m m\u1ef9, gi\u00fap c\u0103n b\u1ebfp c\u1ee7a b\u1ea1n lu\u00f4n ng\u0103n n\u1eafp v\u00e0 \u1ea5n t\u01b0\u1ee3ng.<\/span><\/p>\n<p style=\"text-align: justify;\"><span style=\"font-weight: 400;\">B\u1ea1n \u0111ang mu\u1ed1n c\u1ea3i t\u1ea1o c\u0103n b\u1ebfp c\u1ee7a m\u00ecnh? B\u1ea1n bi\u1ebft v\u1ec1 t\u1ee7 b\u1ebfp inox caro 1 l\u1edbp h\u1ec7 module ch\u01b0a? H\u00e3y c\u00f9ng N\u1ed9i Th\u1ea5t Nh\u1ea5t Nam t\u00ecm hi\u1ec3u nh\u00e9.<\/span><\/p>\n<h2 style=\"text-align: justify;\"><b>1. T\u1ee7 b\u1ebfp Inox Caro 1 l\u1edbp h\u1ec7 module l\u00e0 g\u00ec?<\/b><b style=\"font-size: 16px;\"> \u00a0<\/b><b><img loading=\"lazy\" decoding=\"async\" class=\"aligncenter wp-image-2870\" src=\"https:\/\/nhatnam.org\/wp-content\/uploads\/2024\/12\/image3-3-300x300.jpg\" alt=\" T\u1ee7 B\u1ebfp Inox Caro 1 L\u1edbp H\u1ec7 Module\" width=\"1200\" height=\"1200\" \/><\/b><\/h2>\n<p style=\"text-align: justify;\"><span style=\"font-weight: 400;\">T\u1ee7 b\u1ebfp inox caro 1 l\u1edbp h\u1ec7 module l\u00e0 m\u1ed9t s\u1ea3n ph\u1ea9m n\u1ed9i th\u1ea5t t\u1ee7 b\u1ebfp inox ch\u1ea5t l\u01b0\u1ee3ng cao, s\u1eed d\u1ee5ng ch\u1ea5t li\u1ec7u inox 304 v\u1edbi l\u1edbp v\u00e2n caro \u0111\u01b0\u1ee3c t\u1ea1o th\u00e0nh tr\u00ean m\u1ed9t t\u1ea5m inox duy nh\u1ea5t. \u0110\u00e2y l\u00e0 m\u1ed9t s\u1ef1 k\u1ebft h\u1ee3p gi\u1eefa t\u00ednh n\u0103ng ti\u1ec7n \u00edch v\u00e0 v\u1ebb \u0111\u1eb9p th\u1ea9m m\u1ef9, \u0111\u1eb7c bi\u1ec7t ph\u00f9 h\u1ee3p cho kh\u00f4ng gian b\u1ebfp hi\u1ec7n \u0111\u1ea1i.<\/span><\/p>\n<h2 style=\"text-align: justify;\"><b>2. C\u1ea5u t\u1ea1o c\u1ee7a t\u1ee7 b\u1ebfp Inox Caro 1 l\u1edbp h\u1ec7 module<\/b><\/h2>\n<h2 style=\"text-align: justify;\"><b><img loading=\"lazy\" decoding=\"async\" class=\"aligncenter wp-image-2872\" src=\"https:\/\/nhatnam.org\/wp-content\/uploads\/2024\/12\/image5-2-300x225.jpg\" alt=\"Inox caro 1 l\u1edbp h\u1ec7 module\" width=\"1200\" height=\"899\" \/><\/b><\/h2>\n<ul style=\"text-align: justify;\">\n<li style=\"font-weight: 400;\" aria-level=\"1\"><span style=\"font-weight: 400;\">Khung t\u1ee7 Inox: Ch\u1ebf t\u1ea1o t\u1eeb inox 304\u00a0 kh\u00f4ng g\u1ec9, <\/span><span style=\"font-weight: 400;\">c\u00f3 \u0111\u1ed9 b\u1ec1n cao, kh\u00f4ng cong v\u00eanh m\u1ed1i m\u1ecdt, <\/span><span style=\"font-weight: 400;\">khung t\u1ee7 gi\u1eef cho to\u00e0n b\u1ed9 s\u1ea3n ph\u1ea9m ch\u1eafc ch\u1eafn v\u00e0 b\u1ec1n b\u1ec9.<\/span><\/li>\n<li style=\"font-weight: 400;\" aria-level=\"1\"><span style=\"font-weight: 400;\">M\u1eb7t b\u00e0n c\u1ee7a t\u1ee7 b\u1ebfp inox caro 1 l\u1edbp: B\u1ec1 m\u1eb7t c\u1ee7a t\u1ee7 b\u1ebfp \u0111\u01b0\u1ee3c l\u00e0m t\u1eeb m\u1ed9t t\u1ea5m <\/span><span style=\"font-weight: 400;\">inox s\u1ea7n caro ph\u1ee7 l\u1edbp ch\u1ed1ng x\u01b0\u1edbc \u0111\u1eb7c bi\u1ec7t, v\u1ec7 sinh lau ch\u00f9i m\u1eb7t r\u1ea5t d\u1ec5 d\u00e0ng v\u00e0 \u0111\u01a1n gi\u1ea3n.<\/span><\/li>\n<li style=\"font-weight: 400;\" aria-level=\"1\"><span style=\"font-weight: 400;\">H\u1ec7 Module: T\u1ee7 \u0111\u01b0\u1ee3c thi\u1ebft k\u1ebf theo h\u1ec7 module, c\u00f3 ngh\u0129a l\u00e0 n\u00f3 \u0111\u01b0\u1ee3c chia th\u00e0nh c\u00e1c ph\u1ea7n nh\u1ecf, m\u1ed7i ph\u1ea7n th\u01b0\u1eddng c\u00f3 ch\u1ee9c n\u0103ng ri\u00eang bi\u1ec7t nh\u01b0 khoang \u0111\u1ec3 \u0111\u1ef1ng \u0111\u1ed3, k\u1ec7 \u0111\u1ec3 \u0111\u1ef1ng b\u00e1t \u0111\u0129a, gi\u1eef n\u1ed3i, v\u00e0 c\u00e1c module kh\u00e1c.<\/span><\/li>\n<li style=\"font-weight: 400;\" aria-level=\"1\"><span style=\"font-weight: 400;\">C\u00e1nh T\u1ee7 Inox: C\u00e1nh t\u1ee7 c\u00f3 th\u1ec3 \u0111\u01b0\u1ee3c thi\u1ebft k\u1ebf v\u1edbi c\u01a1 c\u1ea5u m\u1edf \u0111\u00f3ng th\u00f4ng minh v\u00e0 \u0111a d\u1ea1ng, gi\u00fap t\u1ed1i \u01b0u h\u00f3a kh\u00f4ng gian s\u1eed d\u1ee5ng.<\/span><\/li>\n<\/ul>\n<h2 style=\"text-align: justify;\"><b>3. \u01afu v\u00e0 nh\u01b0\u1ee3c \u0111i\u1ec3m c\u1ee7a t\u1ee7 b\u1ebfp Inox Caro 1 l\u1edbp H\u1ec7 Module<\/b><\/h2>\n<h2 style=\"text-align: justify;\"><b><img loading=\"lazy\" decoding=\"async\" class=\"aligncenter wp-image-2874\" src=\"https:\/\/nhatnam.org\/wp-content\/uploads\/2024\/12\/image7-2-300x212.jpg\" alt=\" T\u1ee7 B\u1ebfp Inox Caro 1 L\u1edbp H\u1ec7 Module\" width=\"1200\" height=\"848\" \/><\/b><\/h2>\n<p style=\"text-align: justify;\"><span style=\"font-weight: 400;\">\u01afu \u0111i\u1ec3m:<\/span><\/p>\n<ul style=\"text-align: justify;\">\n<li style=\"font-weight: 400;\" aria-level=\"1\"><span style=\"font-weight: 400;\">Th\u1ea9m m\u1ef9 cao: T\u1ee7 b\u1ebfp inox caro 1 l\u1edbp h\u1ec7 module mang l\u1ea1i v\u1ebb \u0111\u1eb9p hi\u1ec7n \u0111\u1ea1i v\u00e0 sang tr\u1ecdng, nh\u1edd l\u1edbp v\u00e2n caro \u0111\u1ed9c \u0111\u00e1o tr\u00ean b\u1ec1 m\u1eb7t inox.<\/span><\/li>\n<li style=\"font-weight: 400;\" aria-level=\"1\"><span style=\"font-weight: 400;\">Ti\u1ec7n \u00edch h\u1ec7 module: S\u1eed d\u1ee5ng h\u1ec7 module gi\u00fap t\u1ed1i \u01b0u h\u00f3a kh\u00f4ng gian v\u00e0 s\u1eafp x\u1ebfp c\u00e1c module theo nhu c\u1ea7u s\u1eed d\u1ee5ng ri\u00eang bi\u1ec7t, t\u1eeb vi\u1ec7c l\u01b0u tr\u1eef \u0111\u1ebfn s\u1eafp x\u1ebfp \u0111\u1ed3 d\u00f9ng trong b\u1ebfp.<\/span><\/li>\n<li style=\"font-weight: 400;\" aria-level=\"1\"><span style=\"font-weight: 400;\">B\u1ec1n b\u1ec9 v\u00e0 d\u1ec5 v\u1ec7 sinh: Ch\u1ea5t li\u1ec7u inox kh\u00f4ng g\u1ec9 gi\u00fap t\u1ee7 b\u1ec1n b\u1ec9, d\u1ec5 d\u00e0ng v\u1ec7 sinh v\u00e0 ch\u1ed1ng l\u1ea1i s\u1ef1 \u0103n m\u00f2n, \u0111\u1ea3m b\u1ea3o \u0111\u1ed9 b\u1ec1n v\u00e0 s\u1ef1 s\u1ea1ch s\u1ebd trong th\u1eddi gian d\u00e0i.<\/span><\/li>\n<\/ul>\n<p style=\"text-align: justify;\"><span style=\"font-weight: 400;\">Nh\u01b0\u1ee3c \u0111i\u1ec3m:<\/span><\/p>\n<ul style=\"text-align: justify;\">\n<li style=\"font-weight: 400;\" aria-level=\"1\"><span style=\"font-weight: 400;\">D\u1ec5 b\u00e1m v\u00e2n tay v\u00e0 b\u1ee5i b\u1ea9n: B\u1ec1 m\u1eb7t inox c\u1ee7a t\u1ee7 b\u1ebfp d\u1ec5 b\u00e1m v\u00e2n tay v\u00e0 b\u1ee5i b\u1ea9n, c\u1ea7n ph\u1ea3i lau ch\u00f9i th\u01b0\u1eddng xuy\u00ean \u0111\u1ec3 duy tr\u00ec v\u1ebb \u0111\u1eb9p v\u00e0 s\u1ef1 s\u1ea1ch s\u1ebd.<\/span><\/li>\n<li style=\"font-weight: 400;\" aria-level=\"1\"><span style=\"font-weight: 400;\">D\u1ec5 b\u1ecb x\u01b0\u1edbc: Inox c\u00f3 kh\u1ea3 n\u0103ng b\u1ecb x\u01b0\u1edbc khi ti\u1ebfp x\u00fac v\u1edbi c\u00e1c v\u1eadt d\u1ee5ng s\u1eafc nh\u1ecdn ho\u1eb7c ch\u1ea5t li\u1ec7u c\u1ee9ng, l\u00e0m m\u1ea5t \u0111i t\u00ednh th\u1ea9m m\u1ef9 c\u1ee7a t\u1ee7.<\/span><\/li>\n<li style=\"font-weight: 400;\" aria-level=\"1\"><span style=\"font-weight: 400;\">Gi\u00e1 c\u1ea3: T\u1ee7 b\u1ebfp Inox Caro c\u00f3 gi\u00e1 th\u00e0nh cao h\u01a1n so v\u1edbi c\u00e1c lo\u1ea1i t\u1ee7 b\u1ebfp l\u00e0m t\u1eeb v\u1eadt li\u1ec7u kh\u00e1c, l\u00e0m t\u0103ng chi ph\u00ed thi\u1ebft k\u1ebf v\u00e0 x\u00e2y d\u1ef1ng b\u1ebfp.<\/span><\/li>\n<li style=\"font-weight: 400;\" aria-level=\"1\"><span style=\"font-weight: 400;\">C\u1ea7n b\u1ea3o d\u01b0\u1ee1ng \u0111\u1eb7c bi\u1ec7t: \u0110\u1ec3 duy tr\u00ec s\u1ef1 b\u00f3ng b\u1ea9y v\u00e0 \u0111\u1eb9p m\u1eaft c\u1ee7a inox, c\u1ea7n ph\u1ea3i b\u1ea3o d\u01b0\u1ee1ng \u0111\u1eb7c bi\u1ec7t v\u00e0 s\u1eed d\u1ee5ng c\u00e1c lo\u1ea1i ch\u1ea5t t\u1ea9y r\u1eeda ph\u00f9 h\u1ee3p.<\/span><\/li>\n<li style=\"font-weight: 400;\" aria-level=\"1\"><span style=\"font-weight: 400;\">D\u1ec5 b\u00e1m v\u1ebft n\u01b0\u1edbc v\u00e0 v\u1ebft c\u1ee9ng: B\u1ec1 m\u1eb7t inox d\u1ec5 b\u00e1m v\u1ebft n\u01b0\u1edbc v\u00e0 c\u00e1c v\u1ebft c\u1ee9ng khi \u0111\u1ec3 l\u00e2u kh\u00f4ng lau ch\u00f9i, l\u00e0m gi\u1ea3m v\u1ebb \u0111\u1eb9p v\u00e0 s\u1ef1 s\u1ea1ch s\u1ebd c\u1ee7a t\u1ee7 b\u1ebfp.<\/span><\/li>\n<\/ul>\n<h2 style=\"text-align: justify;\"><b>3. B\u00e1o gi\u00e1 t\u1ee7 b\u1ebfp inox caro 1 l\u1edbp h\u1ec7 module<\/b><\/h2>\n<p style=\"text-align: justify;\"><span style=\"font-weight: 400;\">T\u1ee7 b\u1ebfp inox caro 1 l\u1edbp h\u1ec7 module \u0111ang l\u00e0 xu h\u01b0\u1edbng \u0111\u01b0\u1ee3c nhi\u1ec1u gia \u0111\u00ecnh \u01b0a chu\u1ed9ng nh\u1edd v\u00e0o s\u1ef1 b\u1ec1n b\u1ec9, ch\u1ed1ng \u0103n m\u00f2n v\u00e0 d\u1ec5 d\u00e0ng v\u1ec7 sinh. Gi\u00e1 c\u1ee7a s\u1ea3n ph\u1ea9m ph\u1ee5 thu\u1ed9c v\u00e0o k\u00edch th\u01b0\u1edbc, ki\u1ec3u d\u00e1ng thi\u1ebft k\u1ebf v\u00e0 c\u00e1c ph\u1ee5 ki\u1ec7n \u0111i k\u00e8m. V\u1edbi thi\u1ebft k\u1ebf module linh ho\u1ea1t, t\u1ee7 b\u1ebfp kh\u00f4ng ch\u1ec9 gi\u00fap t\u1ed1i \u01b0u h\u00f3a kh\u00f4ng gian m\u00e0 c\u00f2n mang l\u1ea1i s\u1ef1 ti\u1ec7n l\u1ee3i trong l\u1eafp \u0111\u1eb7t v\u00e0 s\u1eed d\u1ee5ng. \u0110\u1ec3 bi\u1ebft th\u00eam chi ti\u1ebft v\u1ec1 b\u00e1o gi\u00e1 ch\u00ednh x\u00e1c v\u00e0 nh\u1eadn t\u01b0 v\u1ea5n ph\u00f9 h\u1ee3p, qu\u00fd kh\u00e1ch vui l\u00f2ng li\u00ean h\u1ec7 v\u1edbi Nh\u1ea5t Nam \u0111\u1ec3 bi\u1ebft th\u00f4ng tin chi ti\u1ebft v\u00e0 nh\u1eadn b\u00e1o gi\u00e1 \u01b0u \u0111\u00e3i v\u1ec1 t\u1ee7 b\u1ebfp Inox Caro 1 l\u1edbp h\u1ec7 module.<\/span><\/p>\n<h2 style=\"text-align: justify;\"><b>4. M\u1ed9t s\u1ed1 m\u1eabu t\u1ee7 b\u1ebfp inox caro 1 l\u1edbp h\u1ec7 module<\/b><\/h2>\n<p style=\"text-align: justify;\"><span style=\"font-weight: 400;\">D\u01b0\u1edbi \u0111\u00e2y l\u00e0 m\u1ed9t s\u1ed1 m\u1eabu t\u1ee7 b\u1ebfp Inox Caro 1 l\u1edbp h\u1ec7 module:<\/span><\/p>\n<figure id=\"attachment_2868\" aria-describedby=\"caption-attachment-2868\" style=\"width: 1200px\" class=\"wp-caption aligncenter\"><img loading=\"lazy\" decoding=\"async\" class=\"wp-image-2868\" src=\"https:\/\/nhatnam.org\/wp-content\/uploads\/2024\/12\/image1-2-300x225.jpg\" alt=\" T\u1ee7 B\u1ebfp Inox Caro 1 L\u1edbp H\u1ec7 Module\" width=\"1200\" height=\"900\" \/><figcaption id=\"caption-attachment-2868\" class=\"wp-caption-text\">T\u1ee7 b\u1ebfp inox caro 1 l\u1edbp ch\u1eef I<\/figcaption><\/figure>\n<figure id=\"attachment_2873\" aria-describedby=\"caption-attachment-2873\" style=\"width: 1200px\" class=\"wp-caption aligncenter\"><img loading=\"lazy\" decoding=\"async\" class=\"wp-image-2873\" src=\"https:\/\/nhatnam.org\/wp-content\/uploads\/2024\/12\/image6-2-300x300.jpg\" alt=\" T\u1ee7 B\u1ebfp Inox Caro 1 L\u1edbp H\u1ec7 Module\" width=\"1200\" height=\"1200\" \/><figcaption id=\"caption-attachment-2873\" class=\"wp-caption-text\">T\u1ee7 b\u1ebfp Inox Caro 1 l\u1edbp h\u1ec7 module t\u00edch h\u1ee3p \u0111\u00e8n LED<\/figcaption><\/figure>\n<figure id=\"attachment_2245\" aria-describedby=\"caption-attachment-2245\" style=\"width: 1200px\" class=\"wp-caption aligncenter\"><img loading=\"lazy\" decoding=\"async\" class=\"wp-image-2245\" src=\"https:\/\/nhatnam.org\/wp-content\/uploads\/2024\/12\/Tu-bep-inox-nhat-nam-13.jpg\" alt=\" T\u1ee7 B\u1ebfp Inox Caro 1 L\u1edbp H\u1ec7 Module\" width=\"1200\" height=\"750\" \/><figcaption id=\"caption-attachment-2245\" class=\"wp-caption-text\">T\u1ee7 b\u1ebfp inox caro 1 l\u1edbp h\u1ec7 module kh\u00f4ng m\u1ed1i h\u00e0n<\/figcaption><\/figure>\n<p style=\"text-align: justify;\"><img loading=\"lazy\" decoding=\"async\" class=\"aligncenter wp-image-2749\" src=\"https:\/\/nhatnam.org\/wp-content\/uploads\/2024\/12\/z6154723173699_ae7130224608b29366e65e8e1486944c.jpg\" alt=\" T\u1ee7 B\u1ebfp Inox Caro 1 L\u1edbp H\u1ec7 Module\" width=\"1200\" height=\"666\" \/><\/p>\n<p style=\"text-align: justify;\"><span style=\"font-weight: 400;\">T\u1ee7 b\u1ebfp Inox Caro 1 l\u1edbp h\u1ec7 module kh\u00f4ng ch\u1ec9 l\u00e0 gi\u1ea3i ph\u00e1p thi\u1ebft k\u1ebf \u0111\u1ed9c \u0111\u00e1o m\u00e0 c\u00f2n mang l\u1ea1i s\u1ef1 ti\u1ec7n \u00edch v\u00e0 hi\u1ec7n \u0111\u1ea1i cho kh\u00f4ng gian b\u1ebfp c\u1ee7a b\u1ea1n.\u00a0<\/span><\/p>\n<p style=\"text-align: justify;\"><span style=\"font-weight: 400;\">H\u00e3y li\u00ean h\u1ec7 ngay v\u1edbi N\u1ed9i Th\u1ea5t Nh\u1ea5t Nam \u0111\u1ec3 \u0111\u01b0\u1ee3c t\u01b0 v\u1ea5n v\u00e0 l\u1ef1a ch\u1ecdn m\u1eabu t\u1ee7 ph\u00f9 h\u1ee3p cho ng\u00f4i nh\u00e0 nh\u1ecf c\u1ee7a b\u1ea1n nh\u00e9!<\/span><\/p>\n","protected":false},"excerpt":{"rendered":"<p style=\"text-align: justify;\"><span style=\"font-weight: 400;\">T\u1ee7 b\u1ebfp inox caro 1 l\u1edbp h\u1ec7 module l\u00e0 gi\u1ea3i ph\u00e1p l\u00fd t\u01b0\u1edfng cho kh\u00f4ng gian b\u1ebfp hi\u1ec7n \u0111\u1ea1i. V\u1edbi ch\u1ea5t li\u1ec7u inox ch\u1ea5t l\u01b0\u1ee3ng cao, s\u1ea3n ph\u1ea9m \u0111\u1ea3m b\u1ea3o kh\u1ea3 n\u0103ng ch\u1ed1ng \u0103n m\u00f2n, ch\u1ecbu l\u1ef1c t\u1ed1t v\u00e0 \u0111\u1ed9 b\u1ec1n d\u00e0i l\u00e2u. H\u1ec7 module linh ho\u1ea1t cho ph\u00e9p l\u1eafp \u0111\u1eb7t v\u00e0 thay \u0111\u1ed5i d\u1ec5 d\u00e0ng, \u0111\u00e1p \u1ee9ng m\u1ecdi nhu c\u1ea7u s\u1eed d\u1ee5ng. Thi\u1ebft k\u1ebf g\u1ecdn g\u00e0ng, hi\u1ec7n \u0111\u1ea1i kh\u00f4ng ch\u1ec9 t\u1ed1i \u01b0u h\u00f3a kh\u00f4ng gian m\u00e0 c\u00f2n mang l\u1ea1i s\u1ef1 ti\u1ec7n l\u1ee3i v\u00e0 v\u1ebb \u0111\u1eb9p th\u1ea9m m\u1ef9, gi\u00fap c\u0103n b\u1ebfp c\u1ee7a b\u1ea1n lu\u00f4n ng\u0103n n\u1eafp v\u00e0 \u1ea5n t\u01b0\u1ee3ng.<\/span><\/p>\n<p style=\"text-align: justify;\"><span style=\"font-weight: 400;\">B\u1ea1n \u0111ang mu\u1ed1n c\u1ea3i t\u1ea1o c\u0103n b\u1ebfp c\u1ee7a m\u00ecnh? B\u1ea1n bi\u1ebft v\u1ec1 t\u1ee7 b\u1ebfp inox caro 1 l\u1edbp h\u1ec7 module ch\u01b0a? H\u00e3y c\u00f9ng N\u1ed9i Th\u1ea5t Nh\u1ea5t Nam t\u00ecm hi\u1ec3u nh\u00e9.<\/span><\/p>\n<h2 style=\"text-align: justify;\"><\/h2>\n","protected":false},"featured_media":1182,"comment_status":"open","ping_status":"closed","template":"","meta":{"_acf_changed":false,"_gspb_post_css":""},"book-author":[],"product_brand":[],"product_cat":[109,110],"product_tag":[],"class_list":{"0":"post-1310","1":"product","2":"type-product","3":"status-publish","4":"has-post-thumbnail","6":"product_cat-tu-bep-inox","7":"product_cat-tu-bep-inox-caro-chong-bam-van-tay","9":"first","10":"instock","11":"shipping-taxable","12":"product-type-simple"},"acf":[],"_links":{"self":[{"href":"https:\/\/nhatnam.libion.me\/index.php\/wp-json\/wp\/v2\/product\/1310","targetHints":{"allow":["GET"]}}],"collection":[{"href":"https:\/\/nhatnam.libion.me\/index.php\/wp-json\/wp\/v2\/product"}],"about":[{"href":"https:\/\/nhatnam.libion.me\/index.php\/wp-json\/wp\/v2\/types\/product"}],"replies":[{"embeddable":true,"href":"https:\/\/nhatnam.libion.me\/index.php\/wp-json\/wp\/v2\/comments?post=1310"}],"wp:featuredmedia":[{"embeddable":true,"href":"https:\/\/nhatnam.libion.me\/index.php\/wp-json\/wp\/v2\/media\/1182"}],"wp:attachment":[{"href":"https:\/\/nhatnam.libion.me\/index.php\/wp-json\/wp\/v2\/media?parent=1310"}],"wp:term":[{"taxonomy":"book-author","embeddable":true,"href":"https:\/\/nhatnam.libion.me\/index.php\/wp-json\/wp\/v2\/book-author?post=1310"},{"taxonomy":"product_brand","embeddable":true,"href":"https:\/\/nhatnam.libion.me\/index.php\/wp-json\/wp\/v2\/product_brand?post=1310"},{"taxonomy":"product_cat","embeddable":true,"href":"https:\/\/nhatnam.libion.me\/index.php\/wp-json\/wp\/v2\/product_cat?post=1310"},{"taxonomy":"product_tag","embeddable":true,"href":"https:\/\/nhatnam.libion.me\/index.php\/wp-json\/wp\/v2\/product_tag?post=1310"}],"curies":[{"name":"wp","href":"https:\/\/api.w.org\/{rel}","templated":true}]}}