{"id":1309,"date":"2026-04-07T10:04:23","date_gmt":"2026-04-07T10:04:23","guid":{"rendered":"https:\/\/nhatnam.libion.me\/index.php\/product\/tu-quan-ao-nhom-kinh-xingfa\/"},"modified":"2026-04-07T10:04:23","modified_gmt":"2026-04-07T10:04:23","slug":"tu-quan-ao-nhom-kinh-xingfa","status":"publish","type":"product","link":"https:\/\/nhatnam.libion.me\/index.php\/product\/tu-quan-ao-nhom-kinh-xingfa\/","title":{"rendered":"T\u1ee7 Qu\u1ea7n \u00c1o Nh\u00f4m K\u00ednh Xingfa"},"content":{"rendered":"<p style=\"text-align: justify;\"><span style=\"font-weight: 400;\">Trong s\u1ed1 nhi\u1ec1u lo\u1ea1i t\u1ee7 kh\u00e1c nhau, t\u1ee7 qu\u1ea7n \u00e1o nh\u00f4m k\u00ednh Xingfa \u0111\u00e3 tr\u1edf th\u00e0nh m\u1ed9t l\u1ef1a ch\u1ecdn ph\u1ed5 bi\u1ebfn cho nhi\u1ec1u gia \u0111\u00ecnh. H\u00e3y c\u00f9ng kh\u00e1m ph\u00e1 nh\u1eefng \u0111i\u1ec1u \u0111\u1eb7c bi\u1ec7t v\u1ec1 s\u1ea3n ph\u1ea9m n\u00e0y v\u00e0 l\u00fd do t\u1ea1i sao n\u00f3 thu h\u00fat s\u1ef1 quan t\u00e2m c\u1ee7a nhi\u1ec1u gia \u0111\u00ecnh.<\/span><\/p>\n<h2 style=\"text-align: justify;\"><strong>1. T\u00ecm hi\u1ec3u v\u1ec1 t\u1ee7 qu\u1ea7n \u00e1o nh\u00f4m Xingfa<\/strong><\/h2>\n<p style=\"text-align: justify;\"><img loading=\"lazy\" decoding=\"async\" class=\"aligncenter wp-image-2319\" src=\"https:\/\/nhatnam.org\/wp-content\/uploads\/2024\/12\/z6148420990902_31ea01841c0b6bcbc1f76fac47b45772-300x300.jpg\" alt=\"T\u1ee7 qu\u1ea7n \u00e1o nh\u00f4m k\u00ednh Xingfa\" width=\"1200\" height=\"1200\" \/><\/p>\n<p style=\"text-align: justify;\"><span style=\"font-weight: 400;\">Nh\u00f4m Xingfa, m\u1ed9t nguy\u00ean li\u1ec7u ph\u1ed5 bi\u1ebfn trong ng\u00e0nh c\u00f4ng nghi\u1ec7p n\u1ed9i th\u1ea5t, \u0111\u01b0\u1ee3c s\u1eed d\u1ee5ng r\u1ed9ng r\u00e3i \u0111\u1ec3 t\u1ea1o ra nh\u1eefng chi\u1ebfc t\u1ee7 qu\u1ea7n \u00e1o ch\u1ea5t l\u01b0\u1ee3ng cao. V\u1edbi vi\u1ec7c k\u1ebft h\u1ee3p nh\u00f4m Xingfa v\u00e0 c\u00e1c ph\u1ee5 ki\u1ec7n \u0111i k\u00e8m nh\u01b0 \u1ed1c, v\u00edt, tay c\u1ea7m, t\u1ea1o ra nh\u1eefng s\u1ea3n ph\u1ea9m ho\u00e0n thi\u1ec7n v\u1edbi \u0111\u1ed9 b\u1ec1n v\u00e0 sang tr\u1ecdng.<\/span><\/p>\n<p style=\"text-align: justify;\"><span style=\"font-weight: 400;\">Hi\u1ec7n nay, t\u1ee7 qu\u1ea7n \u00e1o nh\u00f4m Xingfa c\u00f3 hai ngu\u1ed3n g\u1ed1c ch\u00ednh: t\u1eeb nh\u00f4m Xingfa nh\u1eadp kh\u1ea9u t\u1eeb Qu\u1ea3ng \u0110\u00f4ng v\u00e0 t\u1eeb s\u1ea3n xu\u1ea5t trong n\u01b0\u1edbc.<\/span><\/p>\n<p style=\"text-align: justify;\"><span style=\"font-weight: 400;\">S\u1ef1 \u01b0a chu\u1ed9ng c\u1ee7a d\u00f2ng s\u1ea3n ph\u1ea9m n\u00e0y kh\u00f4ng ch\u1ec9 \u0111\u1ebfn t\u1eeb nguy\u00ean li\u1ec7u ch\u1ea5t l\u01b0\u1ee3ng m\u00e0 c\u00f2n t\u1eeb nh\u1eefng t\u00ednh n\u0103ng \u01b0u vi\u1ec7t mang l\u1ea1i s\u1ef1 ti\u1ec7n l\u1ee3i cho ng\u01b0\u1eddi s\u1eed d\u1ee5ng. Khung nh\u00f4m Xingfa c\u00f3 kh\u1ea3 n\u0103ng \u0111\u1ecbnh h\u00ecnh v\u00e0 \u0111\u1ed9 c\u1ee9ng cao, \u0111\u1ed3ng th\u1eddi \u0111\u1ea3m b\u1ea3o kh\u00f4ng b\u1ecb \u0103n m\u00f2n, g\u1ec9 s\u00e9t. Ph\u1ea7n khung \u0111\u01b0\u1ee3c ph\u1ee7 s\u01a1n t\u0129nh \u0111i\u1ec7n, gi\u1eef v\u1eefng m\u00e0u s\u1eafc v\u00e0 b\u1ec1n b\u1ec9 theo th\u1eddi gian.<\/span><\/p>\n<p><strong>C\u1ea5u t\u1ea1o t\u1ee7 qu\u1ea7n \u00e1o nh\u00f4m Xingfa<\/strong><\/p>\n<p style=\"text-align: justify;\"><strong>Khung v\u00e0 th\u00f9ng t\u1ee7:<\/strong> \u0110\u01b0\u1ee3c l\u00e0m t\u1eeb khung nh\u00f4m Xingfa h\u1ec7 55 nh\u1eadp kh\u1ea9u, \u0111\u1ea3m b\u1ea3o \u0111\u1ed9 b\u1ec1n v\u00e0 ch\u1eafc ch\u1eafn. Th\u00f9ng t\u1ee7 c\u00f3 th\u1ec3 l\u1ef1a ch\u1ecdn gi\u1eefa panel nh\u00f4m ho\u1eb7c t\u1ea5m alu, gi\u00fap t\u1ed1i \u01b0u chi ph\u00ed hi\u1ec7u qu\u1ea3. C\u00e1c t\u00f9y ch\u1ecdn m\u00e0u s\u1eafc cho khung nh\u00f4m g\u1ed3m x\u00e1m, n\u00e2u caf\u00e9, \u0111en, tr\u1eafng, v\u00e0 gi\u1ea3 g\u1ed7.<\/p>\n<p style=\"text-align: justify;\"><strong>C\u00e1nh t\u1ee7:<\/strong> C\u00f3 th\u1ec3 s\u1eed d\u1ee5ng c\u00e1nh panel nh\u00f4m Xingfa ho\u1eb7c c\u00e1nh k\u00ednh khung nh\u00f4m v\u1edbi m\u00e0u s\u1eafc \u0111\u1ed3ng b\u1ed9 nh\u01b0 x\u00e1m kh\u00f3i, n\u00e2u n\u01b0\u1edbc tr\u00e0, \u0111en, v\u00e0ng gold. Ngo\u00e0i ra, c\u00e1nh g\u1ed7 c\u00f4ng nghi\u1ec7p ti\u1ec7p m\u00e0u v\u1edbi khung nh\u00f4m c\u0169ng l\u00e0 m\u1ed9t l\u1ef1a ch\u1ecdn ph\u00f9 h\u1ee3p, mang l\u1ea1i v\u1ebb \u0111\u1eb9p tinh t\u1ebf.<\/p>\n<p style=\"text-align: justify;\"><strong>Ph\u1ee5 ki\u1ec7n:<\/strong> Bao g\u1ed3m c\u00e1c chi ti\u1ebft nh\u01b0 b\u1ea3n l\u1ec1, b\u1ed9 gh\u00e9p n\u1ed1i, bo g\u00f3c, v\u00e0 tay n\u1eafm, \u0111\u01b0\u1ee3c s\u1eed d\u1ee5ng \u0111\u1ec3 l\u1eafp \u0111\u1eb7t v\u00e0 k\u1ebft n\u1ed1i c\u00e1c b\u1ed9 ph\u1eadn c\u1ee7a t\u1ee7, \u0111\u1ea3m b\u1ea3o t\u00ednh ho\u00e0n thi\u1ec7n v\u00e0 t\u00ednh th\u1ea9m m\u1ef9 cao.<\/p>\n<h2 style=\"text-align: justify;\"><strong>2. \u01afu v\u00e0 nh\u01b0\u1ee3c \u0111i\u1ec3m c\u1ee7a t\u1ee7 qu\u1ea7n \u00e1o nh\u00f4m Xingfa<\/strong><\/h2>\n<p style=\"text-align: justify;\"><strong>\u01afu \u0111i\u1ec3m:<\/strong><\/p>\n<ul style=\"text-align: justify;\">\n<li style=\"font-weight: 400;\" aria-level=\"1\"><span style=\"font-weight: 400;\">\u0110\u1ed9 b\u1ec1n cao: T\u1ee7 qu\u1ea7n \u00e1o nh\u00f4m Xingfa c\u00f3 kh\u1ea3 n\u0103ng ch\u1ecbu l\u1ef1c v\u00e0 \u0111\u1ecbnh h\u00ecnh t\u1ed1t, gi\u00fap s\u1ea3n ph\u1ea9m c\u00f3 tu\u1ed5i th\u1ecd cao v\u00e0 kh\u00f4ng b\u1ecb bi\u1ebfn d\u1ea1ng theo th\u1eddi gian.<\/span><\/li>\n<li style=\"font-weight: 400;\" aria-level=\"1\"><span style=\"font-weight: 400;\">Kh\u00e1ng m\u1ed1i m\u1ecdt v\u00e0 \u1ea9m m\u1ed1c: Ch\u1ea5t li\u1ec7u nh\u00f4m kh\u00f4ng b\u1ecb \u1ea3nh h\u01b0\u1edfng b\u1edfi m\u00f4i tr\u01b0\u1eddng \u1ea9m \u01b0\u1edbt, ch\u1ed1ng m\u1ed1i m\u1ecdt v\u00e0 n\u1ea5m m\u1ed1c.<\/span><\/li>\n<li style=\"font-weight: 400;\" aria-level=\"1\"><span style=\"font-weight: 400;\">D\u1ec5 v\u1ec7 sinh: B\u1ec1 m\u1eb7t nh\u00f4m m\u1ecbn d\u1ec5 d\u00e0ng lau ch\u00f9i, kh\u00f4ng th\u1ea5m n\u01b0\u1edbc v\u00e0 kh\u00f4ng b\u00e1m b\u1ee5i, gi\u1eef cho t\u1ee7 lu\u00f4n s\u1ea1ch s\u1ebd v\u00e0 d\u1ec5 d\u00e0ng b\u1ea3o qu\u1ea3n.<\/span><\/li>\n<li style=\"font-weight: 400;\" aria-level=\"1\"><span style=\"font-weight: 400;\">T\u00ednh th\u1ea9m m\u1ef9: Thi\u1ebft k\u1ebf hi\u1ec7n \u0111\u1ea1i, sang tr\u1ecdng c\u1ee7a t\u1ee7 qu\u1ea7n \u00e1o nh\u00f4m Xingfa t\u1ea1o \u0111i\u1ec3m nh\u1ea5n cho kh\u00f4ng gian n\u1ed9i th\u1ea5t, l\u00e0m t\u0103ng gi\u00e1 tr\u1ecb th\u1ea9m m\u1ef9 cho c\u0103n ph\u00f2ng.<\/span><\/li>\n<\/ul>\n<p style=\"text-align: justify;\"><strong>Nh\u01b0\u1ee3c \u0111i\u1ec3m:<\/strong><\/p>\n<ul style=\"text-align: justify;\">\n<li style=\"font-weight: 400;\" aria-level=\"1\"><span style=\"font-weight: 400;\">Gi\u00e1 th\u00e0nh cao: So v\u1edbi m\u1ed9t s\u1ed1 lo\u1ea1i t\u1ee7 qu\u1ea7n \u00e1o kh\u00e1c, t\u1ee7 nh\u00f4m Xingfa c\u00f3 gi\u00e1 th\u00e0nh kh\u00e1 cao, \u0111\u1eb7c bi\u1ec7t l\u00e0 c\u00e1c s\u1ea3n ph\u1ea9m nh\u1eadp kh\u1ea9u.<\/span><\/li>\n<li style=\"font-weight: 400;\" aria-level=\"1\"><span style=\"font-weight: 400;\">D\u1ec5 b\u00e1m v\u00e2n tay: B\u1ec1 m\u1eb7t nh\u00f4m c\u00f3 th\u1ec3 d\u1ec5 d\u00e0ng b\u00e1m d\u1ea5u v\u00e2n tay v\u00e0 c\u00e1c v\u1ebft b\u1ea9n, \u0111\u00f2i h\u1ecfi vi\u1ec7c v\u1ec7 sinh th\u01b0\u1eddng xuy\u00ean \u0111\u1ec3 duy tr\u00ec v\u1ebb \u0111\u1eb9p s\u00e1ng b\u00f3ng c\u1ee7a s\u1ea3n ph\u1ea9m.<\/span><\/li>\n<\/ul>\n<h2 style=\"text-align: justify;\"><strong>3. H\u01b0\u1edbng d\u1eabn l\u1ef1a ch\u1ecdn t\u1ee7 qu\u1ea7n \u00e1o Xingfa<\/strong><\/h2>\n<p style=\"text-align: justify;\"><img loading=\"lazy\" decoding=\"async\" class=\"aligncenter wp-image-2489 size-full\" src=\"https:\/\/nhatnam.org\/wp-content\/uploads\/2024\/12\/tu-ao04.jpg\" alt=\"T\u1ee7 qu\u1ea7n \u00e1o nh\u00f4m k\u00ednh Xingfa\" width=\"1280\" height=\"960\" \/><\/p>\n<p style=\"text-align: justify;\"><span style=\"font-weight: 400;\">\u0110\u1ec3 l\u1ef1a ch\u1ecdn m\u1ed9t chi\u1ebfc t\u1ee7 qu\u1ea7n \u00e1o nh\u00f4m Xingfa ph\u00f9 h\u1ee3p, b\u1ea1n c\u1ea7n xem x\u00e9t c\u00e1c y\u1ebfu t\u1ed1 sau:<\/span><\/p>\n<ul style=\"text-align: justify;\">\n<li style=\"font-weight: 400;\" aria-level=\"1\"><span style=\"font-weight: 400;\">K\u00edch th\u01b0\u1edbc v\u00e0 kh\u00f4ng gian: \u0110o v\u00e0 x\u00e1c \u0111\u1ecbnh k\u00edch th\u01b0\u1edbc kh\u00f4ng gian m\u00e0 b\u1ea1n mu\u1ed1n \u0111\u1eb7t t\u1ee7. Xem x\u00e9t s\u1ed1 l\u01b0\u1ee3ng qu\u1ea7n \u00e1o v\u00e0 v\u1eadt d\u1ee5ng c\u1ea7n l\u01b0u tr\u1eef \u0111\u1ec3 ch\u1ecdn k\u00edch th\u01b0\u1edbc ph\u00f9 h\u1ee3p.<\/span><\/li>\n<li style=\"font-weight: 400;\" aria-level=\"1\"><span style=\"font-weight: 400;\">M\u1eabu m\u00e3 v\u00e0 thi\u1ebft k\u1ebf: Xem x\u00e9t phong c\u00e1ch v\u00e0 thi\u1ebft k\u1ebf c\u1ee7a ph\u00f2ng ng\u1ee7 \u0111\u1ec3 ch\u1ecdn m\u1eabu t\u1ee7 ph\u00f9 h\u1ee3p. C\u00e2n nh\u1eafc gi\u1eefa c\u00e1c t\u00f9y ch\u1ecdn c\u00e1nh c\u1eeda, ng\u0103n k\u00e9o v\u00e0 k\u1ec7 \u0111\u1ec3 \u0111\u1ea3m b\u1ea3o s\u1ef1 ti\u1ec7n l\u1ee3i v\u00e0 ph\u00f9 h\u1ee3p v\u1edbi nhu c\u1ea7u s\u1eed d\u1ee5ng.<\/span><\/li>\n<li style=\"font-weight: 400;\" aria-level=\"1\"><span style=\"font-weight: 400;\">Ch\u1ea5t li\u1ec7u v\u00e0 \u0111\u1ed9 b\u1ec1n: Ki\u1ec3m tra ch\u1ea5t li\u1ec7u v\u00e0 \u0111\u1ed9 b\u1ec1n c\u1ee7a t\u1ee7, \u0111\u1ea3m b\u1ea3o r\u1eb1ng n\u00f3 \u0111\u01b0\u1ee3c l\u00e0m t\u1eeb nh\u00f4m v\u00e0 h\u1ee3p kim nh\u00f4m ch\u1ea5t l\u01b0\u1ee3ng cao, c\u00f3 kh\u1ea3 n\u0103ng ch\u1ecbu l\u1ef1c v\u00e0 kh\u00f4ng b\u1ecb \u1ea3nh h\u01b0\u1edfng b\u1edfi m\u00f4i tr\u01b0\u1eddng.<\/span><\/li>\n<li style=\"font-weight: 400;\" aria-level=\"1\"><span style=\"font-weight: 400;\">T\u00ednh linh ho\u1ea1t: L\u1ef1a ch\u1ecdn t\u1ee7 c\u00f3 t\u00ednh linh ho\u1ea1t cao, d\u1ec5 d\u00e0ng di chuy\u1ec3n v\u00e0 \u0111i\u1ec1u ch\u1ec9nh \u0111\u1ec3 ph\u00f9 h\u1ee3p v\u1edbi s\u1ef1 thay \u0111\u1ed5i trong kh\u00f4ng gian s\u1ed1ng c\u1ee7a b\u1ea1n.<\/span><\/li>\n<li style=\"font-weight: 400;\" aria-level=\"1\"><span style=\"font-weight: 400;\">Th\u01b0\u01a1ng hi\u1ec7u v\u00e0 uy t\u00edn: Ch\u1ecdn mua t\u1eeb c\u00e1c nh\u00e0 s\u1ea3n xu\u1ea5t c\u00f3 uy t\u00edn v\u00e0 \u0111\u00e1ng tin c\u1eady, \u0111\u1ea3m b\u1ea3o ch\u1ea5t l\u01b0\u1ee3ng s\u1ea3n ph\u1ea9m v\u00e0 d\u1ecbch v\u1ee5 sau b\u00e1n h\u00e0ng.<\/span><\/li>\n<\/ul>\n<p style=\"text-align: justify;\"><span style=\"font-weight: 400;\">H\u00e3y xem x\u00e9t k\u1ef9 l\u01b0\u1ee1ng c\u00e1c y\u1ebfu t\u1ed1 tr\u00ean tr\u01b0\u1edbc khi quy\u1ebft \u0111\u1ecbnh mua m\u1ed9t chi\u1ebfc t\u1ee7 qu\u1ea7n \u00e1o nh\u00f4m Xingfa.<\/span><\/p>\n<h2 style=\"text-align: justify;\"><strong>4. M\u1ed9t s\u1ed1 m\u1eabu t\u1ee7 qu\u1ea7n \u00e1o nh\u00f4m Xingfa t\u1ea1i Nh\u1ea5t Nam<\/strong><\/h2>\n<h3 style=\"text-align: justify;\"><img loading=\"lazy\" decoding=\"async\" class=\"aligncenter wp-image-2300\" src=\"https:\/\/nhatnam.org\/wp-content\/uploads\/2024\/12\/z6148420774186_ec67a56ddd0003149de99bd354323bcc-300x300.jpg\" alt=\"T\u1ee7 qu\u1ea7n \u00e1o nh\u00f4m k\u00ednh Xingfa\" width=\"1200\" height=\"1200\" \/><\/h3>\n<p style=\"text-align: justify;\"><img loading=\"lazy\" decoding=\"async\" class=\"aligncenter wp-image-2317\" src=\"https:\/\/nhatnam.org\/wp-content\/uploads\/2024\/12\/z6148420925112_221ff016049e26d598e797a5989888cf-240x300.jpg\" alt=\"T\u1ee7 qu\u1ea7n \u00e1o nh\u00f4m k\u00ednh Xingfa\" width=\"1200\" height=\"1500\" \/><\/p>\n<p style=\"text-align: justify;\"><img loading=\"lazy\" decoding=\"async\" class=\"aligncenter wp-image-2303\" src=\"https:\/\/nhatnam.org\/wp-content\/uploads\/2024\/12\/z6148420801816_7d1be6c93110632065f0f7696f7145ac-225x300.jpg\" alt=\"T\u1ee7 qu\u1ea7n \u00e1o nh\u00f4m k\u00ednh Xingfa\" width=\"1200\" height=\"1600\" \/><\/p>\n<p style=\"text-align: justify;\"><img loading=\"lazy\" decoding=\"async\" class=\"aligncenter wp-image-2302\" src=\"https:\/\/nhatnam.org\/wp-content\/uploads\/2024\/12\/z6148420774366_b0e2893d9f7bb8b3c105e8a7da3af437-300x300.jpg\" alt=\"T\u1ee7 qu\u1ea7n \u00e1o nh\u00f4m k\u00ednh Xingfa\" width=\"1200\" height=\"1200\" \/><\/p>\n<p style=\"text-align: justify;\"><img loading=\"lazy\" decoding=\"async\" class=\"aligncenter wp-image-2301\" src=\"https:\/\/nhatnam.org\/wp-content\/uploads\/2024\/12\/z6148420774365_63903fb9b5d45db3c424ec3fecdf2ce9-300x240.jpg\" alt=\"T\u1ee7 qu\u1ea7n \u00e1o nh\u00f4m k\u00ednh Xingfa\" width=\"1200\" height=\"961\" \/><\/p>\n<p style=\"text-align: justify;\"><span style=\"font-weight: 400;\">D\u00f2ng s\u1ea3n ph\u1ea9m t\u1ee7 qu\u1ea7n \u00e1o nh\u00f4m Xingfa kh\u00f4ng ch\u1ec9 l\u00e0 s\u1ef1 k\u1ebft h\u1ee3p ho\u00e0n h\u1ea3o gi\u1eefa t\u00ednh ti\u1ec7n nghi v\u00e0 thi\u1ebft k\u1ebf hi\u1ec7n \u0111\u1ea1i, m\u00e0 c\u00f2n l\u00e0 \u0111i\u1ec3m nh\u1ea5n tinh t\u1ebf cho kh\u00f4ng gian ph\u00f2ng ng\u1ee7 c\u1ee7a b\u1ea1n. H\u00e3y kh\u00e1m ph\u00e1 v\u00e0 ch\u1ecdn l\u1ef1a m\u1ed9t m\u1eabu t\u1ee7 ph\u00f9 h\u1ee3p v\u1edbi phong c\u00e1ch v\u00e0 nhu c\u1ea7u c\u1ee7a b\u1ea1n ngay h\u00f4m nay, \u0111\u1ec3 bi\u1ebfn kh\u00f4ng gian s\u1ed1ng c\u1ee7a b\u1ea1n th\u00e0nh m\u1ed9t \u0111i\u1ec3m nh\u1ea5n \u0111\u1eb9p v\u00e0 ti\u1ec7n nghi \u0111\u00edch th\u1ef1c. Li\u00ean h\u1ec7 v\u1edbi N\u1ed9i th\u1ea5t Nh\u1ea5t Nam \u0111\u1ec3 \u0111\u01b0\u1ee3c t\u01b0 v\u1ea5n v\u00e0 nh\u1eadn nhi\u1ec1u \u01b0u \u0111\u00e3i.<\/span><\/p>\n","protected":false},"excerpt":{"rendered":"<p>Trong s\u1ed1 nhi\u1ec1u lo\u1ea1i t\u1ee7 kh\u00e1c nhau, t\u1ee7 qu\u1ea7n \u00e1o nh\u00f4m k\u00ednh Xingfa \u0111\u00e3 tr\u1edf th\u00e0nh m\u1ed9t l\u1ef1a ch\u1ecdn ph\u1ed5 bi\u1ebfn cho nhi\u1ec1u gia \u0111\u00ecnh. H\u00e3y c\u00f9ng kh\u00e1m ph\u00e1 nh\u1eefng \u0111i\u1ec1u \u0111\u1eb7c bi\u1ec7t v\u1ec1 s\u1ea3n ph\u1ea9m n\u00e0y v\u00e0 l\u00fd do t\u1ea1i sao n\u00f3 thu h\u00fat s\u1ef1 quan t\u00e2m c\u1ee7a nhi\u1ec1u gia \u0111\u00ecnh. 1. T\u00ecm hi\u1ec3u [&hellip;]<\/p>\n","protected":false},"featured_media":1171,"comment_status":"open","ping_status":"closed","template":"","meta":{"_acf_changed":false,"_gspb_post_css":""},"book-author":[],"product_brand":[],"product_cat":[104,105,106,108],"product_tag":[],"class_list":{"0":"post-1309","1":"product","2":"type-product","3":"status-publish","4":"has-post-thumbnail","6":"product_cat-noi-that-phong-ngu","7":"product_cat-tu-ao-canh-kinh-cua-lua","8":"product_cat-tu-ao-canh-kinh-cua-mo","9":"product_cat-tu-quan-ao-nhom-hop-kim","11":"first","12":"instock","13":"shipping-taxable","14":"product-type-simple"},"acf":[],"_links":{"self":[{"href":"https:\/\/nhatnam.libion.me\/index.php\/wp-json\/wp\/v2\/product\/1309","targetHints":{"allow":["GET"]}}],"collection":[{"href":"https:\/\/nhatnam.libion.me\/index.php\/wp-json\/wp\/v2\/product"}],"about":[{"href":"https:\/\/nhatnam.libion.me\/index.php\/wp-json\/wp\/v2\/types\/product"}],"replies":[{"embeddable":true,"href":"https:\/\/nhatnam.libion.me\/index.php\/wp-json\/wp\/v2\/comments?post=1309"}],"wp:featuredmedia":[{"embeddable":true,"href":"https:\/\/nhatnam.libion.me\/index.php\/wp-json\/wp\/v2\/media\/1171"}],"wp:attachment":[{"href":"https:\/\/nhatnam.libion.me\/index.php\/wp-json\/wp\/v2\/media?parent=1309"}],"wp:term":[{"taxonomy":"book-author","embeddable":true,"href":"https:\/\/nhatnam.libion.me\/index.php\/wp-json\/wp\/v2\/book-author?post=1309"},{"taxonomy":"product_brand","embeddable":true,"href":"https:\/\/nhatnam.libion.me\/index.php\/wp-json\/wp\/v2\/product_brand?post=1309"},{"taxonomy":"product_cat","embeddable":true,"href":"https:\/\/nhatnam.libion.me\/index.php\/wp-json\/wp\/v2\/product_cat?post=1309"},{"taxonomy":"product_tag","embeddable":true,"href":"https:\/\/nhatnam.libion.me\/index.php\/wp-json\/wp\/v2\/product_tag?post=1309"}],"curies":[{"name":"wp","href":"https:\/\/api.w.org\/{rel}","templated":true}]}}